{"id":50774,"date":"2023-12-11T15:07:42","date_gmt":"2023-12-11T14:07:42","guid":{"rendered":"https:\/\/monumentiaperti.org\/it\/edizioni\/Array"},"modified":"2025-05-27T11:31:09","modified_gmt":"2025-05-27T09:31:09","slug":"xxvii-edizione","status":"publish","type":"edizione","link":"https:\/\/monumentiaperti.com\/it\/edizioni\/xxvii-edizione\/","title":{"rendered":"XXVII Edizione"},"content":{"rendered":"\n<p><strong>Monumenti Aperti \u2013 Pratiche di Meraviglia<\/strong><\/p>\n\n\n\n<p>La meraviglia, quindi, come una condizione emozionale complessa, che unisce timore e sorpresa, ammirazione e reverenza, incantamento e benessere. In questo senso (ri)aprirsi alle meraviglie che ci circondano sottolinea da un lato la missione di una manifestazione che pu\u00f2 ancora lavorare su spazi vitali di scoperta e conoscenza aiutando, oggi pi\u00f9 che mai, il pubblico di visitatori a riscoprire, a meravigliarsi di nuovo e a reinvestire sulla memoria. E dall\u2019altro valorizza il rapporto dell\u2019individuo con il patrimonio culturale e che si riappropria della \u201cmeraviglia\u201d.<\/p>\n\n\n\n<p>Quest\u2019anno abbiamo voluto fondere insieme in un\u2019immagine la pratica della meraviglia di MA nel rapporto tra volontari, pubblico e patrimonio. \u00c8 una dichiarazione di responsabilit\u00e0 verso il ruolo del presente nel ricordare il passato per costruire il futuro gi\u00e0 oggi. Uno stimolo a guardare da vicino ci\u00f2 che guardiamo sempre come se fosse distante ma che non lo \u00e8 realmente, \u00e8 solo poco conosciuto o approfondito.<\/p>\n","protected":false},"author":14,"featured_media":87449,"template":"","meta":{"anno":[],"note":[],"program":[],"sponsors":[],"partners":[],"images":[],"supporters":[],"adesioni":[],"footnotes":""},"class_list":["post-50774","edizione","type-edizione","status-publish","has-post-thumbnail","hentry"],"_links":{"self":[{"href":"https:\/\/monumentiaperti.com\/it\/wp-json\/wp\/v2\/edizioni\/50774","targetHints":{"allow":["GET"]}}],"collection":[{"href":"https:\/\/monumentiaperti.com\/it\/wp-json\/wp\/v2\/edizioni"}],"about":[{"href":"https:\/\/monumentiaperti.com\/it\/wp-json\/wp\/v2\/types\/edizione"}],"author":[{"embeddable":true,"href":"https:\/\/monumentiaperti.com\/it\/wp-json\/wp\/v2\/users\/14"}],"version-history":[{"count":2,"href":"https:\/\/monumentiaperti.com\/it\/wp-json\/wp\/v2\/edizioni\/50774\/revisions"}],"predecessor-version":[{"id":87645,"href":"https:\/\/monumentiaperti.com\/it\/wp-json\/wp\/v2\/edizioni\/50774\/revisions\/87645"}],"wp:featuredmedia":[{"embeddable":true,"href":"https:\/\/monumentiaperti.com\/it\/wp-json\/wp\/v2\/media\/87449"}],"wp:attachment":[{"href":"https:\/\/monumentiaperti.com\/it\/wp-json\/wp\/v2\/media?parent=50774"}],"curies":[{"name":"wp","href":"https:\/\/api.w.org\/{rel}","templated":true}]}}

<p><strong>Monumenti Aperti – Pratiche di Meraviglia</strong></p>



<p>La meraviglia, quindi, come una condizione emozionale complessa, che unisce timore e sorpresa, ammirazione e reverenza, incantamento e benessere. In questo senso (ri)aprirsi alle meraviglie che ci circondano sottolinea da un lato la missione di una manifestazione che può ancora lavorare su spazi vitali di scoperta e conoscenza aiutando, oggi più che mai, il pubblico di visitatori a riscoprire, a meravigliarsi di nuovo e a reinvestire sulla memoria. E dall’altro valorizza il rapporto dell’individuo con il patrimonio culturale e che si riappropria della “meraviglia”.</p>



<p>Quest’anno abbiamo voluto fondere insieme in un’immagine la pratica della meraviglia di MA nel rapporto tra volontari, pubblico e patrimonio. È una dichiarazione di responsabilità verso il ruolo del presente nel ricordare il passato per costruire il futuro già oggi. Uno stimolo a guardare da vicino ciò che guardiamo sempre come se fosse distante ma che non lo è realmente, è solo poco conosciuto o approfondito.</p>
