{"id":101075,"date":"2024-08-28T12:52:35","date_gmt":"2024-08-28T10:52:35","guid":{"rendered":"https:\/\/monumentiaperti.com\/it\/?post_type=monumento&#038;p=101075"},"modified":"2024-08-28T12:53:01","modified_gmt":"2024-08-28T10:53:01","slug":"casa-su-idanu","status":"publish","type":"monumento","link":"https:\/\/monumentiaperti.com\/it\/monumenti\/casa-su-idanu\/","title":{"rendered":"Casa &#8220;Su Idanu&#8221;"},"content":{"rendered":"\n<p>L&#8217;abitazione risale alla met\u00e0 del 1800 e nel corso della sua storia sub\u00ec una radicale ristrutturazione dovuta alla storica alluvione del 1889. Il corpo residenziale \u00e8 coperto con un tetto a due falde su arcarecci; la falda interna si prolunga a coprire un loggiato ricostruito nel 1914, con archi a sesto acuto rivestiti di formelle cementizie. Le grandi capriate in legno sovrastavano pavimenti realizzati con mattonelle con decorazione geometrica e floreale. La casa \u00e8 un esempio significativo dell&#8217;evoluzione delle principali strutture della corte tradizionale e dell&#8217;innovazione costruttiva dei corpi di fabbrica. Oggi \u00e8 sede delle attivit\u00e0 storico-folcloriche del Gruppo omonimo.<\/p>\n","protected":false},"author":17,"featured_media":0,"template":"","meta":{"COMUNE":[],"note":[],"indirizzo":[],"accessibilita_mezzi":[],"coordinates":[],"images":[],"adesioni":[],"footnotes":""},"monumento_tipologia":[558,704],"accessibilita":[],"accessibilita_mezzi":[],"class_list":["post-101075","monumento","type-monumento","status-publish","hentry","monumento_tipologia-bene-architettonico","monumento_tipologia-cultura-spettacolo-tradizione"],"_links":{"self":[{"href":"https:\/\/monumentiaperti.com\/it\/wp-json\/wp\/v2\/monumenti\/101075","targetHints":{"allow":["GET"]}}],"collection":[{"href":"https:\/\/monumentiaperti.com\/it\/wp-json\/wp\/v2\/monumenti"}],"about":[{"href":"https:\/\/monumentiaperti.com\/it\/wp-json\/wp\/v2\/types\/monumento"}],"author":[{"embeddable":true,"href":"https:\/\/monumentiaperti.com\/it\/wp-json\/wp\/v2\/users\/17"}],"version-history":[{"count":1,"href":"https:\/\/monumentiaperti.com\/it\/wp-json\/wp\/v2\/monumenti\/101075\/revisions"}],"predecessor-version":[{"id":101086,"href":"https:\/\/monumentiaperti.com\/it\/wp-json\/wp\/v2\/monumenti\/101075\/revisions\/101086"}],"wp:attachment":[{"href":"https:\/\/monumentiaperti.com\/it\/wp-json\/wp\/v2\/media?parent=101075"}],"wp:term":[{"taxonomy":"monumento_tipologia","embeddable":true,"href":"https:\/\/monumentiaperti.com\/it\/wp-json\/wp\/v2\/monumento_tipologia?post=101075"},{"taxonomy":"accessibilita","embeddable":true,"href":"https:\/\/monumentiaperti.com\/it\/wp-json\/wp\/v2\/accessibilita?post=101075"},{"taxonomy":"accessibilita_mezzi","embeddable":true,"href":"https:\/\/monumentiaperti.com\/it\/wp-json\/wp\/v2\/accessibilita_mezzi?post=101075"}],"curies":[{"name":"wp","href":"https:\/\/api.w.org\/{rel}","templated":true}]}}

<p>L&#8217;abitazione risale alla metà del 1800 e nel corso della sua storia subì una radicale ristrutturazione dovuta alla storica alluvione del 1889. Il corpo residenziale è coperto con un tetto a due falde su arcarecci; la falda interna si prolunga a coprire un loggiato ricostruito nel 1914, con archi a sesto acuto rivestiti di formelle cementizie. Le grandi capriate in legno sovrastavano pavimenti realizzati con mattonelle con decorazione geometrica e floreale. La casa è un esempio significativo dell&#8217;evoluzione delle principali strutture della corte tradizionale e dell&#8217;innovazione costruttiva dei corpi di fabbrica. Oggi è sede delle attività storico-folcloriche del Gruppo omonimo.</p>
