{"id":101097,"date":"2024-08-29T09:32:03","date_gmt":"2024-08-29T07:32:03","guid":{"rendered":"https:\/\/monumentiaperti.com\/it\/?post_type=monumento&#038;p=101097"},"modified":"2024-09-10T14:28:29","modified_gmt":"2024-09-10T12:28:29","slug":"convento-dei-frati-minori-osservanti","status":"publish","type":"monumento","link":"https:\/\/monumentiaperti.com\/it\/monumenti\/convento-dei-frati-minori-osservanti\/","title":{"rendered":"Convento dei Frati Minori Osservanti"},"content":{"rendered":"\n<p>Il convento dei Francescani rappresenta la pi\u00f9 antica struttura architettonica della citt\u00e0. La prima parte dell&#8217;edificio, prospiciente la vallata di Mughina, \u00e8 precedente al VII secolo. \u00c8 rimasta anche la pianta originale, ad unica navata, con archi a tutto sesto sui quali si aprono lucernai laterali. <\/p>\n\n\n\n<p>Nell&#8217;Ottocento la soppressione degli ordini religiosi port\u00f2 l&#8217;edificio ad una lenta decadenza che lo vide pi\u00f9 volte cambiare destinazione d&#8217;uso: carcere, ospedale, teatro, seggio elettorale, caserma e scuola. La fama dell&#8217;edificio resta legata soprattutto alla storia letteraria: in questa struttura furono avviati all&#8217;istruzione diversi personaggi della cultura sarda e italiana: Grazia Deledda, Sebastiano Satta, Salvatore Satta, Indro Montanelli e, in qualit\u00e0 di insegnante, il critico letterario Attilio Momigliano.<\/p>\n","protected":false},"author":17,"featured_media":0,"template":"","meta":{"COMUNE":[],"note":[],"indirizzo":[],"accessibilita_mezzi":[],"coordinates":[],"images":[],"adesioni":[],"footnotes":""},"monumento_tipologia":[557],"accessibilita":[],"accessibilita_mezzi":[],"class_list":["post-101097","monumento","type-monumento","status-publish","hentry","monumento_tipologia-architettura-religiosa"],"_links":{"self":[{"href":"https:\/\/monumentiaperti.com\/it\/wp-json\/wp\/v2\/monumenti\/101097","targetHints":{"allow":["GET"]}}],"collection":[{"href":"https:\/\/monumentiaperti.com\/it\/wp-json\/wp\/v2\/monumenti"}],"about":[{"href":"https:\/\/monumentiaperti.com\/it\/wp-json\/wp\/v2\/types\/monumento"}],"author":[{"embeddable":true,"href":"https:\/\/monumentiaperti.com\/it\/wp-json\/wp\/v2\/users\/17"}],"version-history":[{"count":1,"href":"https:\/\/monumentiaperti.com\/it\/wp-json\/wp\/v2\/monumenti\/101097\/revisions"}],"predecessor-version":[{"id":101107,"href":"https:\/\/monumentiaperti.com\/it\/wp-json\/wp\/v2\/monumenti\/101097\/revisions\/101107"}],"wp:attachment":[{"href":"https:\/\/monumentiaperti.com\/it\/wp-json\/wp\/v2\/media?parent=101097"}],"wp:term":[{"taxonomy":"monumento_tipologia","embeddable":true,"href":"https:\/\/monumentiaperti.com\/it\/wp-json\/wp\/v2\/monumento_tipologia?post=101097"},{"taxonomy":"accessibilita","embeddable":true,"href":"https:\/\/monumentiaperti.com\/it\/wp-json\/wp\/v2\/accessibilita?post=101097"},{"taxonomy":"accessibilita_mezzi","embeddable":true,"href":"https:\/\/monumentiaperti.com\/it\/wp-json\/wp\/v2\/accessibilita_mezzi?post=101097"}],"curies":[{"name":"wp","href":"https:\/\/api.w.org\/{rel}","templated":true}]}}

<p>Il convento dei Francescani rappresenta la più antica struttura architettonica della città. La prima parte dell&#8217;edificio, prospiciente la vallata di Mughina, è precedente al VII secolo. È rimasta anche la pianta originale, ad unica navata, con archi a tutto sesto sui quali si aprono lucernai laterali. </p>



<p>Nell&#8217;Ottocento la soppressione degli ordini religiosi portò l&#8217;edificio ad una lenta decadenza che lo vide più volte cambiare destinazione d&#8217;uso: carcere, ospedale, teatro, seggio elettorale, caserma e scuola. La fama dell&#8217;edificio resta legata soprattutto alla storia letteraria: in questa struttura furono avviati all&#8217;istruzione diversi personaggi della cultura sarda e italiana: Grazia Deledda, Sebastiano Satta, Salvatore Satta, Indro Montanelli e, in qualità di insegnante, il critico letterario Attilio Momigliano.</p>
