{"id":101111,"date":"2024-08-29T09:36:41","date_gmt":"2024-08-29T07:36:41","guid":{"rendered":"https:\/\/monumentiaperti.com\/it\/?post_type=monumento&#038;p=101111"},"modified":"2024-08-29T09:36:41","modified_gmt":"2024-08-29T07:36:41","slug":"casa-angioni-picci","status":"publish","type":"monumento","link":"https:\/\/monumentiaperti.com\/it\/monumenti\/casa-angioni-picci\/","title":{"rendered":"Casa Angioni Picci"},"content":{"rendered":"\n<p>La casa Angioni Picci, sita in localit\u00e0 Pirastu, venne edificata tra la fine dell&#8221;800 e l&#8217;inizio del &#8216;900 da Raffaele Angioni, importante produttore quartese, commerciante ed esportatore di vini. L&#8217;edificio \u00e8 un tipico esempio di casa campidanese a corte che riflette, negli apparati decorativi e negli infissi, il gusto dec\u00f2. Gli ambienti destinati all&#8217;uso abitativo, e alle attivit\u00e0 del lavoro, affacciano su un curato e vasto giardino con agrumi, arbusti fioriti ed erbe aromatiche. La parte della casa destinata ad abitazione si sviluppa su due piani: al piano terra una luminosa <em>lolla<\/em> finemente decorata con pitture al soffitto  alle pareti, sulla quale affacciano gli ambienti della zona giorno. Al piano superiore le camere da letto. Tra gli ambienti destinati al lavoro spicca la cantina costruita in ladiri e con tetto a capriate che conserva le voluminose botti di legno. La casa \u00e8 stata oggetto di un recente intervento di restauro, che ne ha preservato le caratteristiche architettoniche originarie.<\/p>\n","protected":false},"author":17,"featured_media":0,"template":"","meta":{"COMUNE":[],"note":[],"indirizzo":[],"accessibilita_mezzi":[],"coordinates":[],"images":[],"adesioni":[],"footnotes":""},"monumento_tipologia":[558],"accessibilita":[],"accessibilita_mezzi":[],"class_list":["post-101111","monumento","type-monumento","status-publish","hentry","monumento_tipologia-bene-architettonico"],"_links":{"self":[{"href":"https:\/\/monumentiaperti.com\/it\/wp-json\/wp\/v2\/monumenti\/101111","targetHints":{"allow":["GET"]}}],"collection":[{"href":"https:\/\/monumentiaperti.com\/it\/wp-json\/wp\/v2\/monumenti"}],"about":[{"href":"https:\/\/monumentiaperti.com\/it\/wp-json\/wp\/v2\/types\/monumento"}],"author":[{"embeddable":true,"href":"https:\/\/monumentiaperti.com\/it\/wp-json\/wp\/v2\/users\/17"}],"version-history":[{"count":1,"href":"https:\/\/monumentiaperti.com\/it\/wp-json\/wp\/v2\/monumenti\/101111\/revisions"}],"predecessor-version":[{"id":101116,"href":"https:\/\/monumentiaperti.com\/it\/wp-json\/wp\/v2\/monumenti\/101111\/revisions\/101116"}],"wp:attachment":[{"href":"https:\/\/monumentiaperti.com\/it\/wp-json\/wp\/v2\/media?parent=101111"}],"wp:term":[{"taxonomy":"monumento_tipologia","embeddable":true,"href":"https:\/\/monumentiaperti.com\/it\/wp-json\/wp\/v2\/monumento_tipologia?post=101111"},{"taxonomy":"accessibilita","embeddable":true,"href":"https:\/\/monumentiaperti.com\/it\/wp-json\/wp\/v2\/accessibilita?post=101111"},{"taxonomy":"accessibilita_mezzi","embeddable":true,"href":"https:\/\/monumentiaperti.com\/it\/wp-json\/wp\/v2\/accessibilita_mezzi?post=101111"}],"curies":[{"name":"wp","href":"https:\/\/api.w.org\/{rel}","templated":true}]}}

<p>La casa Angioni Picci, sita in località Pirastu, venne edificata tra la fine dell&#8221;800 e l&#8217;inizio del &#8216;900 da Raffaele Angioni, importante produttore quartese, commerciante ed esportatore di vini. L&#8217;edificio è un tipico esempio di casa campidanese a corte che riflette, negli apparati decorativi e negli infissi, il gusto decò. Gli ambienti destinati all&#8217;uso abitativo, e alle attività del lavoro, affacciano su un curato e vasto giardino con agrumi, arbusti fioriti ed erbe aromatiche. La parte della casa destinata ad abitazione si sviluppa su due piani: al piano terra una luminosa <em>lolla</em> finemente decorata con pitture al soffitto  alle pareti, sulla quale affacciano gli ambienti della zona giorno. Al piano superiore le camere da letto. Tra gli ambienti destinati al lavoro spicca la cantina costruita in ladiri e con tetto a capriate che conserva le voluminose botti di legno. La casa è stata oggetto di un recente intervento di restauro, che ne ha preservato le caratteristiche architettoniche originarie.</p>
