{"id":101139,"date":"2024-08-29T09:55:42","date_gmt":"2024-08-29T07:55:42","guid":{"rendered":"https:\/\/monumentiaperti.com\/it\/?post_type=monumento&#038;p=101139"},"modified":"2024-08-29T09:55:42","modified_gmt":"2024-08-29T07:55:42","slug":"man-museo-darte-della-provincia-di-nuoro","status":"publish","type":"monumento","link":"https:\/\/monumentiaperti.com\/it\/monumenti\/man-museo-darte-della-provincia-di-nuoro\/","title":{"rendered":"MAN, Museo d&#8217;Arte della Provincia di Nuoro"},"content":{"rendered":"\n<p>Il MAn-Museo d&#8217;Arte della Provincia di Nuoro, nato il 6 febbraio 1999, \u00e8 ospitato in un palazzo risalente al XIX secolo, gi\u00e0 sede della Provincia di Nuoro nella via Sebastiano Satta. L&#8217;esterno del MAN presenta lucenti prospetti bianchi, memoria della tradizione mediterranea che imbiancava con calce gli edifici. <\/p>\n\n\n\n<p>Risale ai primi anni novanta un primo intervento volto a destinare gli spazi a sede espositiva, anche se il definitivo attuale adeguamento \u00e8 della seconda met\u00e0 dello stesso decennio. Il MAN \u00e8 impostato su quattro livelli: il primo e l&#8217;ultimo ospitano esposizioni temporanee mentre il secondo e il terzo una selezione, compensata da una rotazione dei pezzi delle collezioni permanenti. <\/p>\n\n\n\n<p>Le sale sono costituite da una serie di ambienti, voltati a botte, nell&#8217;ala pi\u00f9 vecchia dell&#8217;edificio, dove \u00e8 il bianco a dominare, in sintonia al discreto e uniforme pavimento in granito grigio.<\/p>\n","protected":false},"author":17,"featured_media":0,"template":"","meta":{"COMUNE":[],"note":[],"indirizzo":[],"accessibilita_mezzi":[],"coordinates":[],"images":[],"adesioni":[],"footnotes":""},"monumento_tipologia":[554,558],"accessibilita":[],"accessibilita_mezzi":[],"class_list":["post-101139","monumento","type-monumento","status-publish","hentry","monumento_tipologia-arte-mostre-musei","monumento_tipologia-bene-architettonico"],"_links":{"self":[{"href":"https:\/\/monumentiaperti.com\/it\/wp-json\/wp\/v2\/monumenti\/101139","targetHints":{"allow":["GET"]}}],"collection":[{"href":"https:\/\/monumentiaperti.com\/it\/wp-json\/wp\/v2\/monumenti"}],"about":[{"href":"https:\/\/monumentiaperti.com\/it\/wp-json\/wp\/v2\/types\/monumento"}],"author":[{"embeddable":true,"href":"https:\/\/monumentiaperti.com\/it\/wp-json\/wp\/v2\/users\/17"}],"version-history":[{"count":1,"href":"https:\/\/monumentiaperti.com\/it\/wp-json\/wp\/v2\/monumenti\/101139\/revisions"}],"predecessor-version":[{"id":101151,"href":"https:\/\/monumentiaperti.com\/it\/wp-json\/wp\/v2\/monumenti\/101139\/revisions\/101151"}],"wp:attachment":[{"href":"https:\/\/monumentiaperti.com\/it\/wp-json\/wp\/v2\/media?parent=101139"}],"wp:term":[{"taxonomy":"monumento_tipologia","embeddable":true,"href":"https:\/\/monumentiaperti.com\/it\/wp-json\/wp\/v2\/monumento_tipologia?post=101139"},{"taxonomy":"accessibilita","embeddable":true,"href":"https:\/\/monumentiaperti.com\/it\/wp-json\/wp\/v2\/accessibilita?post=101139"},{"taxonomy":"accessibilita_mezzi","embeddable":true,"href":"https:\/\/monumentiaperti.com\/it\/wp-json\/wp\/v2\/accessibilita_mezzi?post=101139"}],"curies":[{"name":"wp","href":"https:\/\/api.w.org\/{rel}","templated":true}]}}

<p>Il MAn-Museo d&#8217;Arte della Provincia di Nuoro, nato il 6 febbraio 1999, è ospitato in un palazzo risalente al XIX secolo, già sede della Provincia di Nuoro nella via Sebastiano Satta. L&#8217;esterno del MAN presenta lucenti prospetti bianchi, memoria della tradizione mediterranea che imbiancava con calce gli edifici. </p>



<p>Risale ai primi anni novanta un primo intervento volto a destinare gli spazi a sede espositiva, anche se il definitivo attuale adeguamento è della seconda metà dello stesso decennio. Il MAN è impostato su quattro livelli: il primo e l&#8217;ultimo ospitano esposizioni temporanee mentre il secondo e il terzo una selezione, compensata da una rotazione dei pezzi delle collezioni permanenti. </p>



<p>Le sale sono costituite da una serie di ambienti, voltati a botte, nell&#8217;ala più vecchia dell&#8217;edificio, dove è il bianco a dominare, in sintonia al discreto e uniforme pavimento in granito grigio.</p>
