{"id":101916,"date":"2024-09-05T10:05:42","date_gmt":"2024-09-05T08:05:42","guid":{"rendered":"https:\/\/monumentiaperti.com\/it\/?post_type=monumento&#038;p=101916"},"modified":"2024-09-06T09:15:27","modified_gmt":"2024-09-06T07:15:27","slug":"chiesa-di-santantonio-7","status":"publish","type":"monumento","link":"https:\/\/monumentiaperti.com\/it\/monumenti\/chiesa-di-santantonio-7\/","title":{"rendered":"Chiesa di Sant&#8217;Antonio"},"content":{"rendered":"\n<p>La chiesa e il convento di Sant&#8217;Antonio sono situati in un&#8217;area dove un tempo esisteva una chiesa dedicata prima a Santa Lucia e poi a San Gregorio Nazianzeno e alla Vergine delle Grazie. <\/p>\n\n\n\n<p>Costruiti tra il 1898 e il 1904, rappresentano il frutto dell&#8217;impegno di Padre Ferdinando Diotallevi il quale, insieme al suo confratello Padre Giuseppe Gasparini, si fece promotore del rifiorimento francescano in Sardegna dopo la soppressione degli ordini religiosi e il forzato esodo dall&#8217;Isola, avvenuto a met\u00e0 Ottocento. La chiesa consacrata il 27 dicembre 1904, \u00e8 la tipica espressione dell&#8217;eclettismo artistico di fine &#8216;800 nella quale convivono nostalgie classiciste ed elementi goticheggianti. La facciata alta e stretta si conclude con un timpano triangolare portato su con due ali ricurve. Nell&#8217;unico specchio si apre al centro il portale rettangolare circoscritto da una cornice modanata e coronato da una lunetta semicircolare. Lo sovrasta una bifora archiacuta compresa tra due luci egualmente a sesto acuto. Di recente la facciata \u00e8 stata completata con le due statue raffiguranti S. Francesco e S. Chiara, mentre nella lunetta \u00e8 rappresentato S. Antonio. Il breve campanile a copertura piramidale \u00e8 a pianta quadrata. Nella cella campanaria si aprono ampie luci ogivali. <\/p>\n\n\n\n<p>L&#8217;interno presenta una pianta cruciforme e l&#8217;incrocio dei bracci \u00e8 sovrastato da una cupola ottagonale, raccordata da lisci pennacchi triangolari ai quattro pilastri che circoscrivono il quadrato centrale. Su quest&#8217;ultimo si affacciano due grandi cappelle semipoligonali. Il presbiterio, sostanzialmente modificato dai lavori di ristrutturazione effettuati negli anni &#8217;70 e &#8217;80 del Novecento, \u00e8 a pianta quadrangolare, concluso da un&#8217;abside semicircolare. <\/p>\n\n\n\n<p>La copertura \u00e8 a botte, scandita da archi a tutto sesto impostati su una cornice modanata sovrastante piatte lesene che ritmano le pareti laterali. Tra i bracci della croce si aprono quattro piccoli ambienti che comunicano con la navata tramite archi a tutto sesto e con le cappelle centrali mediante archi a sesto acuto. Il 19 dicembre 1954 con decreto di monsignor Paolo Botto, arcivescovo di Cagliari, la chiesa si Sant&#8217;Antonio \u00e8 stata eretta parrocchia.<\/p>\n","protected":false},"author":17,"featured_media":0,"template":"","meta":{"COMUNE":[],"note":[],"indirizzo":[],"accessibilita_mezzi":[],"coordinates":[],"images":[],"adesioni":[],"footnotes":""},"monumento_tipologia":[557,569],"accessibilita":[],"accessibilita_mezzi":[],"class_list":["post-101916","monumento","type-monumento","status-publish","hentry","monumento_tipologia-architettura-religiosa","monumento_tipologia-luoghi-di-culto"],"_links":{"self":[{"href":"https:\/\/monumentiaperti.com\/it\/wp-json\/wp\/v2\/monumenti\/101916","targetHints":{"allow":["GET"]}}],"collection":[{"href":"https:\/\/monumentiaperti.com\/it\/wp-json\/wp\/v2\/monumenti"}],"about":[{"href":"https:\/\/monumentiaperti.com\/it\/wp-json\/wp\/v2\/types\/monumento"}],"author":[{"embeddable":true,"href":"https:\/\/monumentiaperti.com\/it\/wp-json\/wp\/v2\/users\/17"}],"version-history":[{"count":1,"href":"https:\/\/monumentiaperti.com\/it\/wp-json\/wp\/v2\/monumenti\/101916\/revisions"}],"predecessor-version":[{"id":101951,"href":"https:\/\/monumentiaperti.com\/it\/wp-json\/wp\/v2\/monumenti\/101916\/revisions\/101951"}],"wp:attachment":[{"href":"https:\/\/monumentiaperti.com\/it\/wp-json\/wp\/v2\/media?parent=101916"}],"wp:term":[{"taxonomy":"monumento_tipologia","embeddable":true,"href":"https:\/\/monumentiaperti.com\/it\/wp-json\/wp\/v2\/monumento_tipologia?post=101916"},{"taxonomy":"accessibilita","embeddable":true,"href":"https:\/\/monumentiaperti.com\/it\/wp-json\/wp\/v2\/accessibilita?post=101916"},{"taxonomy":"accessibilita_mezzi","embeddable":true,"href":"https:\/\/monumentiaperti.com\/it\/wp-json\/wp\/v2\/accessibilita_mezzi?post=101916"}],"curies":[{"name":"wp","href":"https:\/\/api.w.org\/{rel}","templated":true}]}}

<p>La chiesa e il convento di Sant&#8217;Antonio sono situati in un&#8217;area dove un tempo esisteva una chiesa dedicata prima a Santa Lucia e poi a San Gregorio Nazianzeno e alla Vergine delle Grazie. </p>



<p>Costruiti tra il 1898 e il 1904, rappresentano il frutto dell&#8217;impegno di Padre Ferdinando Diotallevi il quale, insieme al suo confratello Padre Giuseppe Gasparini, si fece promotore del rifiorimento francescano in Sardegna dopo la soppressione degli ordini religiosi e il forzato esodo dall&#8217;Isola, avvenuto a metà Ottocento. La chiesa consacrata il 27 dicembre 1904, è la tipica espressione dell&#8217;eclettismo artistico di fine &#8216;800 nella quale convivono nostalgie classiciste ed elementi goticheggianti. La facciata alta e stretta si conclude con un timpano triangolare portato su con due ali ricurve. Nell&#8217;unico specchio si apre al centro il portale rettangolare circoscritto da una cornice modanata e coronato da una lunetta semicircolare. Lo sovrasta una bifora archiacuta compresa tra due luci egualmente a sesto acuto. Di recente la facciata è stata completata con le due statue raffiguranti S. Francesco e S. Chiara, mentre nella lunetta è rappresentato S. Antonio. Il breve campanile a copertura piramidale è a pianta quadrata. Nella cella campanaria si aprono ampie luci ogivali. </p>



<p>L&#8217;interno presenta una pianta cruciforme e l&#8217;incrocio dei bracci è sovrastato da una cupola ottagonale, raccordata da lisci pennacchi triangolari ai quattro pilastri che circoscrivono il quadrato centrale. Su quest&#8217;ultimo si affacciano due grandi cappelle semipoligonali. Il presbiterio, sostanzialmente modificato dai lavori di ristrutturazione effettuati negli anni &#8217;70 e &#8217;80 del Novecento, è a pianta quadrangolare, concluso da un&#8217;abside semicircolare. </p>



<p>La copertura è a botte, scandita da archi a tutto sesto impostati su una cornice modanata sovrastante piatte lesene che ritmano le pareti laterali. Tra i bracci della croce si aprono quattro piccoli ambienti che comunicano con la navata tramite archi a tutto sesto e con le cappelle centrali mediante archi a sesto acuto. Il 19 dicembre 1954 con decreto di monsignor Paolo Botto, arcivescovo di Cagliari, la chiesa si Sant&#8217;Antonio è stata eretta parrocchia.</p>
