{"id":109595,"date":"2025-09-05T09:31:22","date_gmt":"2025-09-05T07:31:22","guid":{"rendered":"https:\/\/monumentiaperti.com\/it\/?post_type=monumento&#038;p=109595"},"modified":"2025-10-06T12:49:20","modified_gmt":"2025-10-06T10:49:20","slug":"consorzio-di-bonifica-pianura-di-ferrara","status":"publish","type":"monumento","link":"https:\/\/monumentiaperti.com\/it\/monumenti\/consorzio-di-bonifica-pianura-di-ferrara\/","title":{"rendered":"Consorzio di Bonifica Pianura di Ferrara"},"content":{"rendered":"\n<p>L\u2019edificio del Consorzio della Bonifica di via Mentana si trova nell\u2019Addizione Erculea. La prima immagine storica dell\u2019edificio \u00e8 la Pianta e Alzato della Citt\u00e0 di Ferrara di Andrea Bolzoni (1747). Nel 1880 i documenti catastali lo descrivono come \u201ccasa con bottega\u201d. Nel 1913 il Consorzio acquist\u00f2 la casa e un magazzino adiacente che vennero demoliti tra il 1917 e ricostruiti. Il risultato dei lavori fu l\u2019attuale palazzina a tre piani in stile eclettico.<br>I principali compiti del Consorzio di Bonifica Pianura di Ferrara sono l\u2019attivit\u00e0 idraulica di irrigazione e scolo delle acque. Oggi il Consorzio di Bonifica Pianura di Ferrara \u00e8 il pi\u00f9 grande d\u2019Italia, sia per consistenza di contribuenza, che per entit\u00e0 delle opere di bonifica.<\/p>\n","protected":false},"author":18,"featured_media":109841,"template":"","meta":{"COMUNE":[],"note":[],"indirizzo":[],"accessibilita_mezzi":[],"coordinates":[],"images":[],"adesioni":[],"footnotes":""},"monumento_tipologia":[558],"accessibilita":[706],"accessibilita_mezzi":[],"class_list":["post-109595","monumento","type-monumento","status-publish","has-post-thumbnail","hentry","monumento_tipologia-bene-architettonico","accessibilita-accesibilita-al-monumento"],"_links":{"self":[{"href":"https:\/\/monumentiaperti.com\/it\/wp-json\/wp\/v2\/monumenti\/109595","targetHints":{"allow":["GET"]}}],"collection":[{"href":"https:\/\/monumentiaperti.com\/it\/wp-json\/wp\/v2\/monumenti"}],"about":[{"href":"https:\/\/monumentiaperti.com\/it\/wp-json\/wp\/v2\/types\/monumento"}],"author":[{"embeddable":true,"href":"https:\/\/monumentiaperti.com\/it\/wp-json\/wp\/v2\/users\/18"}],"version-history":[{"count":1,"href":"https:\/\/monumentiaperti.com\/it\/wp-json\/wp\/v2\/monumenti\/109595\/revisions"}],"predecessor-version":[{"id":109596,"href":"https:\/\/monumentiaperti.com\/it\/wp-json\/wp\/v2\/monumenti\/109595\/revisions\/109596"}],"wp:featuredmedia":[{"embeddable":true,"href":"https:\/\/monumentiaperti.com\/it\/wp-json\/wp\/v2\/media\/109841"}],"wp:attachment":[{"href":"https:\/\/monumentiaperti.com\/it\/wp-json\/wp\/v2\/media?parent=109595"}],"wp:term":[{"taxonomy":"monumento_tipologia","embeddable":true,"href":"https:\/\/monumentiaperti.com\/it\/wp-json\/wp\/v2\/monumento_tipologia?post=109595"},{"taxonomy":"accessibilita","embeddable":true,"href":"https:\/\/monumentiaperti.com\/it\/wp-json\/wp\/v2\/accessibilita?post=109595"},{"taxonomy":"accessibilita_mezzi","embeddable":true,"href":"https:\/\/monumentiaperti.com\/it\/wp-json\/wp\/v2\/accessibilita_mezzi?post=109595"}],"curies":[{"name":"wp","href":"https:\/\/api.w.org\/{rel}","templated":true}]}}

<p>L’edificio del Consorzio della Bonifica di via Mentana si trova nell’Addizione Erculea. La prima immagine storica dell’edificio è la Pianta e Alzato della Città di Ferrara di Andrea Bolzoni (1747). Nel 1880 i documenti catastali lo descrivono come “casa con bottega”. Nel 1913 il Consorzio acquistò la casa e un magazzino adiacente che vennero demoliti tra il 1917 e ricostruiti. Il risultato dei lavori fu l’attuale palazzina a tre piani in stile eclettico.<br>I principali compiti del Consorzio di Bonifica Pianura di Ferrara sono l’attività idraulica di irrigazione e scolo delle acque. Oggi il Consorzio di Bonifica Pianura di Ferrara è il più grande d’Italia, sia per consistenza di contribuenza, che per entità delle opere di bonifica.</p>
