{"id":51560,"date":"2023-12-19T11:49:32","date_gmt":"2023-12-19T10:49:32","guid":{"rendered":"https:\/\/monumentiaperti.org\/it\/monumenti_\/sa-illetta-e-chiesa-di-san-simone\/"},"modified":"2024-09-10T11:27:04","modified_gmt":"2024-09-10T09:27:04","slug":"sa-illetta-e-chiesa-di-san-simone","status":"publish","type":"monumento","link":"https:\/\/monumentiaperti.com\/it\/monumenti\/sa-illetta-e-chiesa-di-san-simone\/","title":{"rendered":"Sa Illetta e Chiesa di San Simone"},"content":{"rendered":"<p>La chiesa di San Simone sorge sull\u2019isolotto denominato Sa Illetta, che presentava in origine una superficie di circa 160 ettari, ora ridotti a 40 a seguito della realizzazione del porto canale. L\u2019isola fu probabilmente uno scalo marittimo fenicio, cartaginese e poi romano. \u00c8 certamente ipotizzabile anche una fase medievale, ricostruibile quasi esclusivamente dai documenti della fine del XVII secolo, che descrivono emergenze architettoniche di un certo rilievo, pertinenti alla Villa di Santa Gilla che si estendeva tra il borgo di Sant\u2019Avendrace, il Fangario, la sponda dello stagno di Santa Gilla e la collina di San Michele. In questo territorio, la cui esistenza \u00e8 documentata in una carta databile tra il 1066 e il 1071-1073, fu fondata la capitale del giudicato di Cagliari, distrutta nel 1258 per mano pisana e soppiantata da Castel di Castro. Dell\u2019epoca romana restano alcune cisterne, mentre un vasto ambiente con volta a crociera sorretta da una colonna in posizione centrale testimonia la frequentazione del sito in epoca altomedievale. Bench\u00e9 non siano state trovate tracce concrete della capitale giudicale a Sa Illetta, \u00e8 tuttavia possibile rilevare testimonianze del periodo nella chiesa di San Simone. La fase pi\u00f9 antica dell\u2019edificio, potrebbe essere individuata nell\u2019abside ascritta all\u2019XI-XII secolo. Entro la lunetta \u00e8 dipinta la figura di San Simone, realizzata su bozzetto del pittore cagliaritano Felice Melis Marini (1871-1953). La mancanza di attestazioni scritte non consente di datare precisamente la chiesa, che viene tuttavia menzionata in un documento del 14 ottobre 1406. In questa data l\u2019edifico e l\u2019isolotto di San Simone vengono ceduti al priorato di San Saturnino dall\u2019arcivescovo di Cagliari, che in cambio ottiene la chiesa di Santa Lucia di Lapola e l\u2019annesso monastero, oggi riconoscibili solo dai resti archeologici nel quartiere cagliaritano della Marina. La chiesa di San Simone e l\u2019annessa fattoria sono attualmente di propriet\u00e0 privata. Il primo impianto della fattoria risale al 1567, periodo in cui il facoltoso notaio cagliaritano Sabater la fece costruire. Nel 1716, dopo diversi passaggi ereditari, la propriet\u00e0 giunse nelle mani di Michele Cervellon che ampli\u00f2 l\u2019estensione dei fabbricati e costru\u00ec il secondo piano. La casa raggiunse la sua dimensione definitiva ai primi dell\u2019ottocento, quando divenne proprietario il barone di Sorso Vincenzo Amat. Il 24 marzo 1915 la propriet\u00e0 fu acquistata da Giovanni Balletto.<\/p>\n","protected":false},"author":12,"featured_media":439,"template":"","meta":{"COMUNE":[],"note":[],"indirizzo":[],"accessibilita_mezzi":[],"coordinates":[],"images":[],"adesioni":[],"footnotes":""},"monumento_tipologia":[557,569],"accessibilita":[],"accessibilita_mezzi":[],"class_list":["post-51560","monumento","type-monumento","status-publish","has-post-thumbnail","hentry","monumento_tipologia-architettura-religiosa","monumento_tipologia-luoghi-di-culto"],"_links":{"self":[{"href":"https:\/\/monumentiaperti.com\/it\/wp-json\/wp\/v2\/monumenti\/51560","targetHints":{"allow":["GET"]}}],"collection":[{"href":"https:\/\/monumentiaperti.com\/it\/wp-json\/wp\/v2\/monumenti"}],"about":[{"href":"https:\/\/monumentiaperti.com\/it\/wp-json\/wp\/v2\/types\/monumento"}],"author":[{"embeddable":true,"href":"https:\/\/monumentiaperti.com\/it\/wp-json\/wp\/v2\/users\/12"}],"version-history":[{"count":1,"href":"https:\/\/monumentiaperti.com\/it\/wp-json\/wp\/v2\/monumenti\/51560\/revisions"}],"predecessor-version":[{"id":87146,"href":"https:\/\/monumentiaperti.com\/it\/wp-json\/wp\/v2\/monumenti\/51560\/revisions\/87146"}],"wp:featuredmedia":[{"embeddable":true,"href":"https:\/\/monumentiaperti.com\/it\/wp-json\/wp\/v2\/media\/439"}],"wp:attachment":[{"href":"https:\/\/monumentiaperti.com\/it\/wp-json\/wp\/v2\/media?parent=51560"}],"wp:term":[{"taxonomy":"monumento_tipologia","embeddable":true,"href":"https:\/\/monumentiaperti.com\/it\/wp-json\/wp\/v2\/monumento_tipologia?post=51560"},{"taxonomy":"accessibilita","embeddable":true,"href":"https:\/\/monumentiaperti.com\/it\/wp-json\/wp\/v2\/accessibilita?post=51560"},{"taxonomy":"accessibilita_mezzi","embeddable":true,"href":"https:\/\/monumentiaperti.com\/it\/wp-json\/wp\/v2\/accessibilita_mezzi?post=51560"}],"curies":[{"name":"wp","href":"https:\/\/api.w.org\/{rel}","templated":true}]}}

<p>La chiesa di San Simone sorge sull’isolotto denominato Sa Illetta, che presentava in origine una superficie di circa 160 ettari, ora ridotti a 40 a seguito della realizzazione del porto canale. L’isola fu probabilmente uno scalo marittimo fenicio, cartaginese e poi romano. È certamente ipotizzabile anche una fase medievale, ricostruibile quasi esclusivamente dai documenti della fine del XVII secolo, che descrivono emergenze architettoniche di un certo rilievo, pertinenti alla Villa di Santa Gilla che si estendeva tra il borgo di Sant’Avendrace, il Fangario, la sponda dello stagno di Santa Gilla e la collina di San Michele. In questo territorio, la cui esistenza è documentata in una carta databile tra il 1066 e il 1071-1073, fu fondata la capitale del giudicato di Cagliari, distrutta nel 1258 per mano pisana e soppiantata da Castel di Castro. Dell’epoca romana restano alcune cisterne, mentre un vasto ambiente con volta a crociera sorretta da una colonna in posizione centrale testimonia la frequentazione del sito in epoca altomedievale. Benché non siano state trovate tracce concrete della capitale giudicale a Sa Illetta, è tuttavia possibile rilevare testimonianze del periodo nella chiesa di San Simone. La fase più antica dell’edificio, potrebbe essere individuata nell’abside ascritta all’XI-XII secolo. Entro la lunetta è dipinta la figura di San Simone, realizzata su bozzetto del pittore cagliaritano Felice Melis Marini (1871-1953). La mancanza di attestazioni scritte non consente di datare precisamente la chiesa, che viene tuttavia menzionata in un documento del 14 ottobre 1406. In questa data l’edifico e l’isolotto di San Simone vengono ceduti al priorato di San Saturnino dall’arcivescovo di Cagliari, che in cambio ottiene la chiesa di Santa Lucia di Lapola e l’annesso monastero, oggi riconoscibili solo dai resti archeologici nel quartiere cagliaritano della Marina. La chiesa di San Simone e l’annessa fattoria sono attualmente di proprietà privata. Il primo impianto della fattoria risale al 1567, periodo in cui il facoltoso notaio cagliaritano Sabater la fece costruire. Nel 1716, dopo diversi passaggi ereditari, la proprietà giunse nelle mani di Michele Cervellon che ampliò l’estensione dei fabbricati e costruì il secondo piano. La casa raggiunse la sua dimensione definitiva ai primi dell’ottocento, quando divenne proprietario il barone di Sorso Vincenzo Amat. Il 24 marzo 1915 la proprietà fu acquistata da Giovanni Balletto.</p>
