{"id":51753,"date":"2023-12-19T11:49:51","date_gmt":"2023-12-19T10:49:51","guid":{"rendered":"https:\/\/monumentiaperti.org\/it\/monumenti_\/chiesa-di-s-maria-la-palma\/"},"modified":"2024-09-10T14:03:49","modified_gmt":"2024-09-10T12:03:49","slug":"chiesa-di-s-maria-la-palma","status":"publish","type":"monumento","link":"https:\/\/monumentiaperti.com\/it\/monumenti\/chiesa-di-s-maria-la-palma\/","title":{"rendered":"Chiesa di S. Maria La Palma"},"content":{"rendered":"<p>[fusion_builder_container hundred_percent=&#8221;yes&#8221; overflow=&#8221;visible&#8221; type=&#8221;flex&#8221;][fusion_builder_row][fusion_builder_column type=&#8221;1_1&#8243; layout=&#8221;1_1&#8243; last=&#8221;true&#8221; spacing=&#8221;yes&#8221; center_content=&#8221;no&#8221; hide_on_mobile=&#8221;no&#8221; background_color=&#8221;&#8221; background_image=&#8221;&#8221; background_repeat=&#8221;no-repeat&#8221; background_position=&#8221;left top&#8221; hover_type=&#8221;none&#8221; link=&#8221;&#8221; border_position=&#8221;all&#8221; border_color=&#8221;&#8221; border_style=&#8221;&#8221; padding_top=&#8221;&#8221; padding_right=&#8221;&#8221; padding_bottom=&#8221;&#8221; padding_left=&#8221;&#8221; margin_top=&#8221;&#8221; margin_bottom=&#8221;&#8221; animation_type=&#8221;&#8221; animation_direction=&#8221;&#8221; animation_speed=&#8221;0.1&#8243; animation_offset=&#8221;&#8221; class=&#8221;&#8221; id=&#8221;&#8221; border_sizes_top=&#8221;0px&#8221; border_sizes_bottom=&#8221;0px&#8221; border_sizes_left=&#8221;0px&#8221; border_sizes_right=&#8221;0px&#8221; first=&#8221;true&#8221; min_height=&#8221;&#8221;][fusion_text]<a href=\"http:\/\/monumentiaperti.org\/it\/monumenti\/parish-church-of-santa-maria-la-palma\/\" target=\"_blank\" rel=\"noopener noreferrer\"><img decoding=\"async\" class=\"alignleft wp-image-5054 size-full\" src=\"https:\/\/monumentiaperti.org\/it\/wp-content\/uploads\/2015\/12\/bandiera-inglese-e1464602023580.jpeg\" width=\"50\" height=\"30\" \/><\/a>[\/fusion_text][\/fusion_builder_column][fusion_builder_column type=&#8221;3_5&#8243; layout=&#8221;1_2&#8243; last=&#8221;false&#8221; spacing=&#8221;yes&#8221; center_content=&#8221;no&#8221; hide_on_mobile=&#8221;no&#8221; background_color=&#8221;&#8221; background_image=&#8221;&#8221; background_repeat=&#8221;no-repeat&#8221; background_position=&#8221;left top&#8221; hover_type=&#8221;none&#8221; link=&#8221;&#8221; border_position=&#8221;all&#8221; border_color=&#8221;&#8221; border_style=&#8221;&#8221; padding_top=&#8221;&#8221; padding_right=&#8221;&#8221; padding_bottom=&#8221;&#8221; padding_left=&#8221;&#8221; margin_top=&#8221;&#8221; margin_bottom=&#8221;&#8221; animation_type=&#8221;&#8221; animation_direction=&#8221;&#8221; animation_speed=&#8221;0.1&#8243; animation_offset=&#8221;&#8221; class=&#8221;&#8221; id=&#8221;&#8221; border_sizes_top=&#8221;0px&#8221; border_sizes_bottom=&#8221;0px&#8221; border_sizes_left=&#8221;0px&#8221; border_sizes_right=&#8221;0px&#8221; first=&#8221;true&#8221; spacing_right=&#8221;2%&#8221; min_height=&#8221;&#8221;][fusion_text columns=&#8221;&#8221; column_min_width=&#8221;&#8221; column_spacing=&#8221;&#8221; rule_style=&#8221;default&#8221; rule_size=&#8221;&#8221; rule_color=&#8221;&#8221; content_alignment_medium=&#8221;&#8221; content_alignment_small=&#8221;&#8221; content_alignment=&#8221;&#8221; hide_on_mobile=&#8221;small-visibility,medium-visibility,large-visibility&#8221; sticky_display=&#8221;normal,sticky&#8221; class=&#8221;&#8221; id=&#8221;&#8221; margin_top=&#8221;&#8221; margin_right=&#8221;&#8221; margin_bottom=&#8221;&#8221; margin_left=&#8221;&#8221; font_size=&#8221;&#8221; fusion_font_family_text_font=&#8221;&#8221; fusion_font_variant_text_font=&#8221;&#8221; line_height=&#8221;&#8221; letter_spacing=&#8221;&#8221; text_color=&#8221;&#8221; animation_type=&#8221;&#8221; animation_direction=&#8221;left&#8221; animation_speed=&#8221;0.3&#8243; animation_offset=&#8221;&#8221;]<\/p>\n<p>La Chiesa parrocchiale di S. Maria La Palma, da cui il nome dell\u2019intera borgata, trae origine dal titolo mariano che si e voluto dare a tutti gli edifici di culto al centro degli agglomerati rurali sorti con la riforma agraria della Nurra intorno agli anni \u201950. Inaugurata nel 1953, fu realizzata dall\u2019ETFAS, Ente per la trasformazione fondiaria e agraria in Sardegna. La facciata della Chiesa e stata volutamente costruita in pietra, dando cosi seguito allo stile monumentale portato avanti dall\u2019ETFAS. Il campanile e stato recentemente restaurato e dall\u2019alto si puo godere di una visuale panoramica della Nurra. Intorno alla chiesa e all\u2019immagine della Vergine attorniata da palme, piante molto diffuse nel territorio ma anche simbolo di vittoria e di oasi protettiva, sono sorti, come punto di riferimento per tutta la zona, realt\u00e0 produttive e centri di commercializzazione, nonch\u00e9 i servizi necessari per i cittadini da quelli della sicurezza pubblica a quelli della sanit\u00e0.<\/p>\n<p>[\/fusion_text][fusion_content_boxes layout=&#8221;icon-boxed&#8221; columns=&#8221;3&#8243; link_type=&#8221;&#8221; button_span=&#8221;&#8221; link_area=&#8221;&#8221; link_target=&#8221;&#8221; icon_align=&#8221;left&#8221; animation_type=&#8221;&#8221; animation_direction=&#8221;left&#8221; animation_speed=&#8221;0.1&#8243; animation_delay=&#8221;&#8221; animation_offset=&#8221;&#8221; hide_on_mobile=&#8221;small-visibility,medium-visibility,large-visibility&#8221; class=&#8221;&#8221; id=&#8221;&#8221; title_size=&#8221;&#8221; heading_size=&#8221;2&#8243; title_color=&#8221;&#8221; body_color=&#8221;&#8221; backgroundcolor=&#8221;#f6f6f6&#8243; icon=&#8221;&#8221; iconflip=&#8221;&#8221; iconrotate=&#8221;&#8221; iconspin=&#8221;no&#8221; iconcolor=&#8221;#ffffff&#8221; icon_circle=&#8221;yes&#8221; icon_circle_radius=&#8221;&#8221; circlecolor=&#8221;#01416d&#8221; circlebordersize=&#8221;&#8221; circlebordercolor=&#8221;#ffffff&#8221; outercirclebordersize=&#8221;2px&#8221; outercirclebordercolor=&#8221;#ffffff&#8221; icon_size=&#8221;&#8221; icon_hover_type=&#8221;none&#8221; hover_accent_color=&#8221;&#8221; image=&#8221;&#8221; image_id=&#8221;&#8221; image_max_width=&#8221;&#8221; margin_top=&#8221;20px&#8221; margin_bottom=&#8221;20px&#8221;][fusion_content_box title=&#8221;Indirizzo: &#8221; backgroundcolor=&#8221;&#8221; icon=&#8221;fa-compass fas&#8221; iconflip=&#8221;&#8221; iconrotate=&#8221;&#8221; iconspin=&#8221;no&#8221; iconcolor=&#8221;&#8221; circlecolor=&#8221;&#8221; circlebordersize=&#8221;&#8221; circlebordercolor=&#8221;&#8221; outercirclebordersize=&#8221;&#8221; outercirclebordercolor=&#8221;&#8221; image=&#8221;&#8221; image_id=&#8221;&#8221; image_max_width=&#8221;35&#8243; link=&#8221;&#8221; linktext=&#8221;&#8221; link_target=&#8221;&#8221; animation_type=&#8221;&#8221; animation_direction=&#8221;left&#8221; animation_speed=&#8221;0.1&#8243; animation_offset=&#8221;&#8221;]<\/p>\n<p>Piazza Olbia 2<br \/>\n07041 Santa Maria La Palma SS<\/p>\n<p>[\/fusion_content_box][fusion_content_box title=&#8221;Informazioni: &#8221; backgroundcolor=&#8221;&#8221; icon=&#8221;fa-bullhorn fas&#8221; iconflip=&#8221;&#8221; iconrotate=&#8221;&#8221; iconspin=&#8221;no&#8221; iconcolor=&#8221;&#8221; circlecolor=&#8221;&#8221; circlebordersize=&#8221;&#8221; circlebordercolor=&#8221;&#8221; outercirclebordersize=&#8221;&#8221; outercirclebordercolor=&#8221;&#8221; image=&#8221;&#8221; image_id=&#8221;&#8221; image_max_width=&#8221;35&#8243; link=&#8221;&#8221; linktext=&#8221;&#8221; link_target=&#8221;&#8221; animation_type=&#8221;&#8221; animation_direction=&#8221;left&#8221; animation_speed=&#8221;0.1&#8243; animation_offset=&#8221;&#8221;]<\/p>\n<p><span style=\"font-weight: 400;\">Visite guidate:<\/span><\/p>\n<ul>\n<li style=\"text-align: left;\"><span style=\"font-weight: 400;\">Sabato dalle 16.00 alle 19.00<\/span><\/li>\n<li style=\"text-align: left;\"><span style=\"font-weight: 400;\">domenica dalle 10.00 alle 13.00 e dalle 16.00 alle 19.00<\/span><\/li>\n<\/ul>\n<p>[\/fusion_content_box][fusion_content_box title=&#8221;Visite a cura di:&#8221; backgroundcolor=&#8221;&#8221; icon=&#8221;fa-bullhorn fas&#8221; iconflip=&#8221;&#8221; iconrotate=&#8221;&#8221; iconspin=&#8221;no&#8221; iconcolor=&#8221;&#8221; circlecolor=&#8221;&#8221; circlebordersize=&#8221;&#8221; circlebordercolor=&#8221;&#8221; outercirclebordersize=&#8221;&#8221; outercirclebordercolor=&#8221;&#8221; image=&#8221;&#8221; image_id=&#8221;&#8221; image_max_width=&#8221;35&#8243; link=&#8221;&#8221; linktext=&#8221;&#8221; link_target=&#8221;&#8221; animation_type=&#8221;&#8221; animation_direction=&#8221;left&#8221; animation_speed=&#8221;0.1&#8243; animation_offset=&#8221;&#8221;]<\/p>\n<div class=\"page\" title=\"Page 2\">\n<div class=\"layoutArea\">\n<div class=\"column\">\n<p>Associazione Impegno Rurale<\/p>\n<\/div>\n<\/div>\n<\/div>\n<p>[\/fusion_content_box][\/fusion_content_boxes][\/fusion_builder_column][fusion_builder_column type=&#8221;2_5&#8243; layout=&#8221;1_2&#8243; last=&#8221;true&#8221; spacing=&#8221;yes&#8221; center_content=&#8221;no&#8221; hide_on_mobile=&#8221;no&#8221; background_color=&#8221;&#8221; background_image=&#8221;&#8221; background_repeat=&#8221;no-repeat&#8221; background_position=&#8221;left top&#8221; hover_type=&#8221;none&#8221; link=&#8221;&#8221; border_position=&#8221;all&#8221; border_color=&#8221;&#8221; border_style=&#8221;&#8221; padding_top=&#8221;&#8221; padding_right=&#8221;&#8221; padding_bottom=&#8221;&#8221; padding_left=&#8221;&#8221; margin_top=&#8221;&#8221; margin_bottom=&#8221;&#8221; animation_type=&#8221;&#8221; animation_direction=&#8221;&#8221; animation_speed=&#8221;0.1&#8243; animation_offset=&#8221;&#8221; class=&#8221;&#8221; id=&#8221;&#8221; border_sizes_top=&#8221;0px&#8221; border_sizes_bottom=&#8221;0px&#8221; border_sizes_left=&#8221;0px&#8221; border_sizes_right=&#8221;0px&#8221; first=&#8221;false&#8221; spacing_left=&#8221;2%&#8221; min_height=&#8221;&#8221;][fusion_imageframe lightbox=&#8221;yes&#8221; gallery_id=&#8221;&#8221; lightbox_image=&#8221;&#8221; style_type=&#8221;glow&#8221; hover_type=&#8221;none&#8221; bordercolor=&#8221;&#8221; bordersize=&#8221;0px&#8221; borderradius=&#8221;0&#8243; stylecolor=&#8221;&#8221; align=&#8221;right&#8221; link=&#8221;&#8221; linktarget=&#8221;_self&#8221; animation_type=&#8221;0&#8243; animation_direction=&#8221;down&#8221; animation_speed=&#8221;0.1&#8243; animation_offset=&#8221;&#8221; hide_on_mobile=&#8221;no&#8221; class=&#8221;&#8221; id=&#8221;&#8221;] <img decoding=\"async\" src=\"https:\/\/monumentiaperti.org\/it\/wp-content\/uploads\/2016\/03\/map10-santamarialapalma_cv0660.jpg\" alt=\"\" \/>[\/fusion_imageframe][\/fusion_builder_column][\/fusion_builder_row][\/fusion_builder_container]<\/p>\n","protected":false},"author":12,"featured_media":2450,"template":"","meta":{"COMUNE":[],"note":[],"indirizzo":[],"accessibilita_mezzi":[],"coordinates":[],"images":[],"adesioni":[],"footnotes":""},"monumento_tipologia":[557,569],"accessibilita":[],"accessibilita_mezzi":[],"class_list":["post-51753","monumento","type-monumento","status-publish","has-post-thumbnail","hentry","monumento_tipologia-architettura-religiosa","monumento_tipologia-luoghi-di-culto"],"_links":{"self":[{"href":"https:\/\/monumentiaperti.com\/it\/wp-json\/wp\/v2\/monumenti\/51753","targetHints":{"allow":["GET"]}}],"collection":[{"href":"https:\/\/monumentiaperti.com\/it\/wp-json\/wp\/v2\/monumenti"}],"about":[{"href":"https:\/\/monumentiaperti.com\/it\/wp-json\/wp\/v2\/types\/monumento"}],"author":[{"embeddable":true,"href":"https:\/\/monumentiaperti.com\/it\/wp-json\/wp\/v2\/users\/12"}],"version-history":[{"count":1,"href":"https:\/\/monumentiaperti.com\/it\/wp-json\/wp\/v2\/monumenti\/51753\/revisions"}],"predecessor-version":[{"id":57282,"href":"https:\/\/monumentiaperti.com\/it\/wp-json\/wp\/v2\/monumenti\/51753\/revisions\/57282"}],"wp:featuredmedia":[{"embeddable":true,"href":"https:\/\/monumentiaperti.com\/it\/wp-json\/wp\/v2\/media\/2450"}],"wp:attachment":[{"href":"https:\/\/monumentiaperti.com\/it\/wp-json\/wp\/v2\/media?parent=51753"}],"wp:term":[{"taxonomy":"monumento_tipologia","embeddable":true,"href":"https:\/\/monumentiaperti.com\/it\/wp-json\/wp\/v2\/monumento_tipologia?post=51753"},{"taxonomy":"accessibilita","embeddable":true,"href":"https:\/\/monumentiaperti.com\/it\/wp-json\/wp\/v2\/accessibilita?post=51753"},{"taxonomy":"accessibilita_mezzi","embeddable":true,"href":"https:\/\/monumentiaperti.com\/it\/wp-json\/wp\/v2\/accessibilita_mezzi?post=51753"}],"curies":[{"name":"wp","href":"https:\/\/api.w.org\/{rel}","templated":true}]}}

<p>[fusion_builder_container hundred_percent=&#8221;yes&#8221; overflow=&#8221;visible&#8221; type=&#8221;flex&#8221;][fusion_builder_row][fusion_builder_column type=&#8221;1_1&#8243; layout=&#8221;1_1&#8243; last=&#8221;true&#8221; spacing=&#8221;yes&#8221; center_content=&#8221;no&#8221; hide_on_mobile=&#8221;no&#8221; background_color=&#8221;&#8221; background_image=&#8221;&#8221; background_repeat=&#8221;no-repeat&#8221; background_position=&#8221;left top&#8221; hover_type=&#8221;none&#8221; link=&#8221;&#8221; border_position=&#8221;all&#8221; border_color=&#8221;&#8221; border_style=&#8221;&#8221; padding_top=&#8221;&#8221; padding_right=&#8221;&#8221; padding_bottom=&#8221;&#8221; padding_left=&#8221;&#8221; margin_top=&#8221;&#8221; margin_bottom=&#8221;&#8221; animation_type=&#8221;&#8221; animation_direction=&#8221;&#8221; animation_speed=&#8221;0.1&#8243; animation_offset=&#8221;&#8221; class=&#8221;&#8221; id=&#8221;&#8221; border_sizes_top=&#8221;0px&#8221; border_sizes_bottom=&#8221;0px&#8221; border_sizes_left=&#8221;0px&#8221; border_sizes_right=&#8221;0px&#8221; first=&#8221;true&#8221; min_height=&#8221;&#8221;][fusion_text]<a href="http://monumentiaperti.org/it/monumenti/parish-church-of-santa-maria-la-palma/" target="_blank" rel="noopener noreferrer"><img decoding="async" class="alignleft wp-image-5054 size-full" src="https://monumentiaperti.org/it/wp-content/uploads/2015/12/bandiera-inglese-e1464602023580.jpeg" width="50" height="30" /></a>[/fusion_text][/fusion_builder_column][fusion_builder_column type=&#8221;3_5&#8243; layout=&#8221;1_2&#8243; last=&#8221;false&#8221; spacing=&#8221;yes&#8221; center_content=&#8221;no&#8221; hide_on_mobile=&#8221;no&#8221; background_color=&#8221;&#8221; background_image=&#8221;&#8221; background_repeat=&#8221;no-repeat&#8221; background_position=&#8221;left top&#8221; hover_type=&#8221;none&#8221; link=&#8221;&#8221; border_position=&#8221;all&#8221; border_color=&#8221;&#8221; border_style=&#8221;&#8221; padding_top=&#8221;&#8221; padding_right=&#8221;&#8221; padding_bottom=&#8221;&#8221; padding_left=&#8221;&#8221; margin_top=&#8221;&#8221; margin_bottom=&#8221;&#8221; animation_type=&#8221;&#8221; animation_direction=&#8221;&#8221; animation_speed=&#8221;0.1&#8243; animation_offset=&#8221;&#8221; class=&#8221;&#8221; id=&#8221;&#8221; border_sizes_top=&#8221;0px&#8221; border_sizes_bottom=&#8221;0px&#8221; border_sizes_left=&#8221;0px&#8221; border_sizes_right=&#8221;0px&#8221; first=&#8221;true&#8221; spacing_right=&#8221;2%&#8221; min_height=&#8221;&#8221;][fusion_text columns=&#8221;&#8221; column_min_width=&#8221;&#8221; column_spacing=&#8221;&#8221; rule_style=&#8221;default&#8221; rule_size=&#8221;&#8221; rule_color=&#8221;&#8221; content_alignment_medium=&#8221;&#8221; content_alignment_small=&#8221;&#8221; content_alignment=&#8221;&#8221; hide_on_mobile=&#8221;small-visibility,medium-visibility,large-visibility&#8221; sticky_display=&#8221;normal,sticky&#8221; class=&#8221;&#8221; id=&#8221;&#8221; margin_top=&#8221;&#8221; margin_right=&#8221;&#8221; margin_bottom=&#8221;&#8221; margin_left=&#8221;&#8221; font_size=&#8221;&#8221; fusion_font_family_text_font=&#8221;&#8221; fusion_font_variant_text_font=&#8221;&#8221; line_height=&#8221;&#8221; letter_spacing=&#8221;&#8221; text_color=&#8221;&#8221; animation_type=&#8221;&#8221; animation_direction=&#8221;left&#8221; animation_speed=&#8221;0.3&#8243; animation_offset=&#8221;&#8221;]</p>
<p>La Chiesa parrocchiale di S. Maria La Palma, da cui il nome dell’intera borgata, trae origine dal titolo mariano che si e voluto dare a tutti gli edifici di culto al centro degli agglomerati rurali sorti con la riforma agraria della Nurra intorno agli anni ’50. Inaugurata nel 1953, fu realizzata dall’ETFAS, Ente per la trasformazione fondiaria e agraria in Sardegna. La facciata della Chiesa e stata volutamente costruita in pietra, dando cosi seguito allo stile monumentale portato avanti dall’ETFAS. Il campanile e stato recentemente restaurato e dall’alto si puo godere di una visuale panoramica della Nurra. Intorno alla chiesa e all’immagine della Vergine attorniata da palme, piante molto diffuse nel territorio ma anche simbolo di vittoria e di oasi protettiva, sono sorti, come punto di riferimento per tutta la zona, realtà produttive e centri di commercializzazione, nonché i servizi necessari per i cittadini da quelli della sicurezza pubblica a quelli della sanità.</p>
<p>[/fusion_text][fusion_content_boxes layout=&#8221;icon-boxed&#8221; columns=&#8221;3&#8243; link_type=&#8221;&#8221; button_span=&#8221;&#8221; link_area=&#8221;&#8221; link_target=&#8221;&#8221; icon_align=&#8221;left&#8221; animation_type=&#8221;&#8221; animation_direction=&#8221;left&#8221; animation_speed=&#8221;0.1&#8243; animation_delay=&#8221;&#8221; animation_offset=&#8221;&#8221; hide_on_mobile=&#8221;small-visibility,medium-visibility,large-visibility&#8221; class=&#8221;&#8221; id=&#8221;&#8221; title_size=&#8221;&#8221; heading_size=&#8221;2&#8243; title_color=&#8221;&#8221; body_color=&#8221;&#8221; backgroundcolor=&#8221;#f6f6f6&#8243; icon=&#8221;&#8221; iconflip=&#8221;&#8221; iconrotate=&#8221;&#8221; iconspin=&#8221;no&#8221; iconcolor=&#8221;#ffffff&#8221; icon_circle=&#8221;yes&#8221; icon_circle_radius=&#8221;&#8221; circlecolor=&#8221;#01416d&#8221; circlebordersize=&#8221;&#8221; circlebordercolor=&#8221;#ffffff&#8221; outercirclebordersize=&#8221;2px&#8221; outercirclebordercolor=&#8221;#ffffff&#8221; icon_size=&#8221;&#8221; icon_hover_type=&#8221;none&#8221; hover_accent_color=&#8221;&#8221; image=&#8221;&#8221; image_id=&#8221;&#8221; image_max_width=&#8221;&#8221; margin_top=&#8221;20px&#8221; margin_bottom=&#8221;20px&#8221;][fusion_content_box title=&#8221;Indirizzo: &#8221; backgroundcolor=&#8221;&#8221; icon=&#8221;fa-compass fas&#8221; iconflip=&#8221;&#8221; iconrotate=&#8221;&#8221; iconspin=&#8221;no&#8221; iconcolor=&#8221;&#8221; circlecolor=&#8221;&#8221; circlebordersize=&#8221;&#8221; circlebordercolor=&#8221;&#8221; outercirclebordersize=&#8221;&#8221; outercirclebordercolor=&#8221;&#8221; image=&#8221;&#8221; image_id=&#8221;&#8221; image_max_width=&#8221;35&#8243; link=&#8221;&#8221; linktext=&#8221;&#8221; link_target=&#8221;&#8221; animation_type=&#8221;&#8221; animation_direction=&#8221;left&#8221; animation_speed=&#8221;0.1&#8243; animation_offset=&#8221;&#8221;]</p>
<p>Piazza Olbia 2<br />
07041 Santa Maria La Palma SS</p>
<p>[/fusion_content_box][fusion_content_box title=&#8221;Informazioni: &#8221; backgroundcolor=&#8221;&#8221; icon=&#8221;fa-bullhorn fas&#8221; iconflip=&#8221;&#8221; iconrotate=&#8221;&#8221; iconspin=&#8221;no&#8221; iconcolor=&#8221;&#8221; circlecolor=&#8221;&#8221; circlebordersize=&#8221;&#8221; circlebordercolor=&#8221;&#8221; outercirclebordersize=&#8221;&#8221; outercirclebordercolor=&#8221;&#8221; image=&#8221;&#8221; image_id=&#8221;&#8221; image_max_width=&#8221;35&#8243; link=&#8221;&#8221; linktext=&#8221;&#8221; link_target=&#8221;&#8221; animation_type=&#8221;&#8221; animation_direction=&#8221;left&#8221; animation_speed=&#8221;0.1&#8243; animation_offset=&#8221;&#8221;]</p>
<p><span style="font-weight: 400;">Visite guidate:</span></p>
<ul>
<li style="text-align: left;"><span style="font-weight: 400;">Sabato dalle 16.00 alle 19.00</span></li>
<li style="text-align: left;"><span style="font-weight: 400;">domenica dalle 10.00 alle 13.00 e dalle 16.00 alle 19.00</span></li>
</ul>
<p>[/fusion_content_box][fusion_content_box title=&#8221;Visite a cura di:&#8221; backgroundcolor=&#8221;&#8221; icon=&#8221;fa-bullhorn fas&#8221; iconflip=&#8221;&#8221; iconrotate=&#8221;&#8221; iconspin=&#8221;no&#8221; iconcolor=&#8221;&#8221; circlecolor=&#8221;&#8221; circlebordersize=&#8221;&#8221; circlebordercolor=&#8221;&#8221; outercirclebordersize=&#8221;&#8221; outercirclebordercolor=&#8221;&#8221; image=&#8221;&#8221; image_id=&#8221;&#8221; image_max_width=&#8221;35&#8243; link=&#8221;&#8221; linktext=&#8221;&#8221; link_target=&#8221;&#8221; animation_type=&#8221;&#8221; animation_direction=&#8221;left&#8221; animation_speed=&#8221;0.1&#8243; animation_offset=&#8221;&#8221;]</p>
<div class="page" title="Page 2">
<div class="layoutArea">
<div class="column">
<p>Associazione Impegno Rurale</p>
</div>
</div>
</div>
<p>[/fusion_content_box][/fusion_content_boxes][/fusion_builder_column][fusion_builder_column type=&#8221;2_5&#8243; layout=&#8221;1_2&#8243; last=&#8221;true&#8221; spacing=&#8221;yes&#8221; center_content=&#8221;no&#8221; hide_on_mobile=&#8221;no&#8221; background_color=&#8221;&#8221; background_image=&#8221;&#8221; background_repeat=&#8221;no-repeat&#8221; background_position=&#8221;left top&#8221; hover_type=&#8221;none&#8221; link=&#8221;&#8221; border_position=&#8221;all&#8221; border_color=&#8221;&#8221; border_style=&#8221;&#8221; padding_top=&#8221;&#8221; padding_right=&#8221;&#8221; padding_bottom=&#8221;&#8221; padding_left=&#8221;&#8221; margin_top=&#8221;&#8221; margin_bottom=&#8221;&#8221; animation_type=&#8221;&#8221; animation_direction=&#8221;&#8221; animation_speed=&#8221;0.1&#8243; animation_offset=&#8221;&#8221; class=&#8221;&#8221; id=&#8221;&#8221; border_sizes_top=&#8221;0px&#8221; border_sizes_bottom=&#8221;0px&#8221; border_sizes_left=&#8221;0px&#8221; border_sizes_right=&#8221;0px&#8221; first=&#8221;false&#8221; spacing_left=&#8221;2%&#8221; min_height=&#8221;&#8221;][fusion_imageframe lightbox=&#8221;yes&#8221; gallery_id=&#8221;&#8221; lightbox_image=&#8221;&#8221; style_type=&#8221;glow&#8221; hover_type=&#8221;none&#8221; bordercolor=&#8221;&#8221; bordersize=&#8221;0px&#8221; borderradius=&#8221;0&#8243; stylecolor=&#8221;&#8221; align=&#8221;right&#8221; link=&#8221;&#8221; linktarget=&#8221;_self&#8221; animation_type=&#8221;0&#8243; animation_direction=&#8221;down&#8221; animation_speed=&#8221;0.1&#8243; animation_offset=&#8221;&#8221; hide_on_mobile=&#8221;no&#8221; class=&#8221;&#8221; id=&#8221;&#8221;] <img decoding="async" src="https://monumentiaperti.org/it/wp-content/uploads/2016/03/map10-santamarialapalma_cv0660.jpg" alt="" />[/fusion_imageframe][/fusion_builder_column][/fusion_builder_row][/fusion_builder_container]</p>
