{"id":51894,"date":"2023-12-19T11:50:03","date_gmt":"2023-12-19T10:50:03","guid":{"rendered":"https:\/\/monumentiaperti.org\/it\/monumenti_\/chiesa-madonna-delle-grazie-convento-dei-frati-serviti\/"},"modified":"2025-05-22T11:26:31","modified_gmt":"2025-05-22T09:26:31","slug":"chiesa-madonna-delle-grazie-convento-dei-frati-serviti","status":"publish","type":"monumento","link":"https:\/\/monumentiaperti.com\/it\/monumenti\/chiesa-madonna-delle-grazie-convento-dei-frati-serviti\/","title":{"rendered":"Chiesa Madonna delle Grazie (Convento dei Frati Serviti)"},"content":{"rendered":"\n<p>Tra le chiese che sono coinvolte durante la Settimana Santa a Cuglieri, riveste una grande importanza la chiesa della Madonna delle Grazie, edificata a partire dal 1540, per iniziativa dei frati Servi di Maria, che costruirono anche l\u2019annesso convento. La chiesa, costituita da un\u2019unica navata, presenta due cappelle per lato. La famiglia Zatrillas, nel periodo in cui possedette il feudo di Cuglieri, contribu\u00ec alla fondazione della chiesa e del convento. Durante un recente restauro sono state rinvenute all\u2019interno dell\u2019edificio numerose sepolture, fra le quali non si pu\u00f2 escludere vi sia quella di Lucia Zatrillas, morta in fama sanctitatis come conversa dell\u2019Ordine Servita e che fu la principale benefattrice della comunit\u00e0 cuglieritana, primo convento dell\u2019Ordine ad essere stato fondato in Sardegna. Anche la chiesa della Madonna delle Grazie sorge nella zona pi\u00f9 antica del paese di Cuglieri, ai margini del rione denominato Crabola. Il Venerd\u00ec Santo questa chiusa assume un particolare rilievo perch\u00e9 custodisce i simulacri dal Crocifisso e della Vergine Addolorata. L&#8217;arciconfraternita della Madonna delle Grazie ha il suo oratorio in un ambiente attiguo all\u2019edificio, cura -assieme con le altre quattro confraternite presenti a Cuglieri- i riti che preludono alla Pasqua, mantenendone immutati nel tempo i significati di fede e di tradizione.<\/p>\n","protected":false},"author":12,"featured_media":3098,"template":"","meta":{"COMUNE":[],"note":[],"indirizzo":[],"accessibilita_mezzi":[],"coordinates":[],"images":[],"adesioni":[],"footnotes":""},"monumento_tipologia":[557,569],"accessibilita":[707],"accessibilita_mezzi":[],"class_list":["post-51894","monumento","type-monumento","status-publish","has-post-thumbnail","hentry","monumento_tipologia-architettura-religiosa","monumento_tipologia-luoghi-di-culto","accessibilita-accessibilita-con-accompagnatore"],"_links":{"self":[{"href":"https:\/\/monumentiaperti.com\/it\/wp-json\/wp\/v2\/monumenti\/51894","targetHints":{"allow":["GET"]}}],"collection":[{"href":"https:\/\/monumentiaperti.com\/it\/wp-json\/wp\/v2\/monumenti"}],"about":[{"href":"https:\/\/monumentiaperti.com\/it\/wp-json\/wp\/v2\/types\/monumento"}],"author":[{"embeddable":true,"href":"https:\/\/monumentiaperti.com\/it\/wp-json\/wp\/v2\/users\/12"}],"version-history":[{"count":4,"href":"https:\/\/monumentiaperti.com\/it\/wp-json\/wp\/v2\/monumenti\/51894\/revisions"}],"predecessor-version":[{"id":109100,"href":"https:\/\/monumentiaperti.com\/it\/wp-json\/wp\/v2\/monumenti\/51894\/revisions\/109100"}],"wp:featuredmedia":[{"embeddable":true,"href":"https:\/\/monumentiaperti.com\/it\/wp-json\/wp\/v2\/media\/3098"}],"wp:attachment":[{"href":"https:\/\/monumentiaperti.com\/it\/wp-json\/wp\/v2\/media?parent=51894"}],"wp:term":[{"taxonomy":"monumento_tipologia","embeddable":true,"href":"https:\/\/monumentiaperti.com\/it\/wp-json\/wp\/v2\/monumento_tipologia?post=51894"},{"taxonomy":"accessibilita","embeddable":true,"href":"https:\/\/monumentiaperti.com\/it\/wp-json\/wp\/v2\/accessibilita?post=51894"},{"taxonomy":"accessibilita_mezzi","embeddable":true,"href":"https:\/\/monumentiaperti.com\/it\/wp-json\/wp\/v2\/accessibilita_mezzi?post=51894"}],"curies":[{"name":"wp","href":"https:\/\/api.w.org\/{rel}","templated":true}]}}

<p>Tra le chiese che sono coinvolte durante la Settimana Santa a Cuglieri, riveste una grande importanza la chiesa della Madonna delle Grazie, edificata a partire dal 1540, per iniziativa dei frati Servi di Maria, che costruirono anche l’annesso convento. La chiesa, costituita da un’unica navata, presenta due cappelle per lato. La famiglia Zatrillas, nel periodo in cui possedette il feudo di Cuglieri, contribuì alla fondazione della chiesa e del convento. Durante un recente restauro sono state rinvenute all’interno dell’edificio numerose sepolture, fra le quali non si può escludere vi sia quella di Lucia Zatrillas, morta in fama sanctitatis come conversa dell’Ordine Servita e che fu la principale benefattrice della comunità cuglieritana, primo convento dell’Ordine ad essere stato fondato in Sardegna. Anche la chiesa della Madonna delle Grazie sorge nella zona più antica del paese di Cuglieri, ai margini del rione denominato Crabola. Il Venerdì Santo questa chiusa assume un particolare rilievo perché custodisce i simulacri dal Crocifisso e della Vergine Addolorata. L&#8217;arciconfraternita della Madonna delle Grazie ha il suo oratorio in un ambiente attiguo all’edificio, cura -assieme con le altre quattro confraternite presenti a Cuglieri- i riti che preludono alla Pasqua, mantenendone immutati nel tempo i significati di fede e di tradizione.</p>
