{"id":52137,"date":"2023-12-19T11:50:33","date_gmt":"2023-12-19T10:50:33","guid":{"rendered":"https:\/\/monumentiaperti.org\/it\/monumenti_\/forn-d-narcis\/"},"modified":"2024-08-23T12:08:52","modified_gmt":"2024-08-23T10:08:52","slug":"forn-d-narcis","status":"publish","type":"monumento","link":"https:\/\/monumentiaperti.com\/it\/monumenti\/forn-d-narcis\/","title":{"rendered":"Forn \u2018d Narcis"},"content":{"rendered":"<p>Uno dei due antichi forni del paese che ha offerto un servizio pubblico agli abitanti per tanti anni, rivestendo un ruolo fondamentale nella storia del luogo. Situato nel cuore del centro storico, risale agli inizi del diciannovesimo secolo; il locale che lo ospita risulta piuttosto ampio e, soprattutto, la camera di cottura \u00e8 molto capiente e ancora ben conservata: si pu\u00f2 quindi comprendere la quantit\u00e0 di pane che veniva quotidianamente sfornato. Il luogo rappresentava un importante punto di incontro e di aggregazione per la comunit\u00e0 che qui si ritrovava ogni giorno per cuocere la pasta che veniva gi\u00e0 preparata nelle case.<\/p>\n","protected":false},"author":12,"featured_media":5801,"template":"","meta":{"COMUNE":[],"note":[],"indirizzo":[],"accessibilita_mezzi":[],"coordinates":[],"images":[],"adesioni":[],"footnotes":""},"monumento_tipologia":[558,704],"accessibilita":[],"accessibilita_mezzi":[],"class_list":["post-52137","monumento","type-monumento","status-publish","has-post-thumbnail","hentry","monumento_tipologia-bene-architettonico","monumento_tipologia-cultura-spettacolo-tradizione"],"_links":{"self":[{"href":"https:\/\/monumentiaperti.com\/it\/wp-json\/wp\/v2\/monumenti\/52137","targetHints":{"allow":["GET"]}}],"collection":[{"href":"https:\/\/monumentiaperti.com\/it\/wp-json\/wp\/v2\/monumenti"}],"about":[{"href":"https:\/\/monumentiaperti.com\/it\/wp-json\/wp\/v2\/types\/monumento"}],"author":[{"embeddable":true,"href":"https:\/\/monumentiaperti.com\/it\/wp-json\/wp\/v2\/users\/12"}],"version-history":[{"count":1,"href":"https:\/\/monumentiaperti.com\/it\/wp-json\/wp\/v2\/monumenti\/52137\/revisions"}],"predecessor-version":[{"id":99300,"href":"https:\/\/monumentiaperti.com\/it\/wp-json\/wp\/v2\/monumenti\/52137\/revisions\/99300"}],"wp:featuredmedia":[{"embeddable":true,"href":"https:\/\/monumentiaperti.com\/it\/wp-json\/wp\/v2\/media\/5801"}],"wp:attachment":[{"href":"https:\/\/monumentiaperti.com\/it\/wp-json\/wp\/v2\/media?parent=52137"}],"wp:term":[{"taxonomy":"monumento_tipologia","embeddable":true,"href":"https:\/\/monumentiaperti.com\/it\/wp-json\/wp\/v2\/monumento_tipologia?post=52137"},{"taxonomy":"accessibilita","embeddable":true,"href":"https:\/\/monumentiaperti.com\/it\/wp-json\/wp\/v2\/accessibilita?post=52137"},{"taxonomy":"accessibilita_mezzi","embeddable":true,"href":"https:\/\/monumentiaperti.com\/it\/wp-json\/wp\/v2\/accessibilita_mezzi?post=52137"}],"curies":[{"name":"wp","href":"https:\/\/api.w.org\/{rel}","templated":true}]}}

<p>Uno dei due antichi forni del paese che ha offerto un servizio pubblico agli abitanti per tanti anni, rivestendo un ruolo fondamentale nella storia del luogo. Situato nel cuore del centro storico, risale agli inizi del diciannovesimo secolo; il locale che lo ospita risulta piuttosto ampio e, soprattutto, la camera di cottura è molto capiente e ancora ben conservata: si può quindi comprendere la quantità di pane che veniva quotidianamente sfornato. Il luogo rappresentava un importante punto di incontro e di aggregazione per la comunità che qui si ritrovava ogni giorno per cuocere la pasta che veniva già preparata nelle case.</p>
