{"id":52168,"date":"2024-04-10T15:24:46","date_gmt":"2024-04-10T14:24:46","guid":{"rendered":"https:\/\/monumentiaperti.org\/it\/monumenti_\/chiesa-di-san-benedetto\/"},"modified":"2024-09-06T09:13:52","modified_gmt":"2024-09-06T07:13:52","slug":"chiesa-di-san-benedetto","status":"publish","type":"monumento","link":"https:\/\/monumentiaperti.com\/it\/monumenti\/chiesa-di-san-benedetto\/","title":{"rendered":"Chiesa di San Benedetto"},"content":{"rendered":"<p>La chiesa di San Benedetto fu costruita alla fine del 1300, in stile gotico catalano. Durante i secoli \u00e8 stata oggetto di donazioni e nel 1872 \u00e8 stata arredata per le celebrazioni quotidiane dei frati. Nel Novecento \u00e8 stata sconsacrata e utilizzata per scopi militari, per poi tornare sotto l&#8217;amministrazione della parrocchia di Sant&#8217;Elena. Ha una navata unica con abside semicircolare e arredi risalenti all&#8217;Ottocento, come le statue di San Benedetto e Santa Scolastica, il pulpito e la balaustra. La facciata \u00e8 a capanna con un campanile a vela. La chiesa viene aperta per il culto l&#8217;11 luglio, in occasione della festa di San Benedetto, e durante i mesi di maggio e ottobre per il rosario in onore di Maria Vergine.<\/p>\n","protected":false},"author":12,"featured_media":5949,"template":"","meta":{"COMUNE":[],"note":[],"indirizzo":[],"accessibilita_mezzi":[],"coordinates":[],"images":[],"adesioni":[],"footnotes":""},"monumento_tipologia":[557,569],"accessibilita":[],"accessibilita_mezzi":[],"class_list":["post-52168","monumento","type-monumento","status-publish","has-post-thumbnail","hentry","monumento_tipologia-architettura-religiosa","monumento_tipologia-luoghi-di-culto"],"_links":{"self":[{"href":"https:\/\/monumentiaperti.com\/it\/wp-json\/wp\/v2\/monumenti\/52168","targetHints":{"allow":["GET"]}}],"collection":[{"href":"https:\/\/monumentiaperti.com\/it\/wp-json\/wp\/v2\/monumenti"}],"about":[{"href":"https:\/\/monumentiaperti.com\/it\/wp-json\/wp\/v2\/types\/monumento"}],"author":[{"embeddable":true,"href":"https:\/\/monumentiaperti.com\/it\/wp-json\/wp\/v2\/users\/12"}],"version-history":[{"count":1,"href":"https:\/\/monumentiaperti.com\/it\/wp-json\/wp\/v2\/monumenti\/52168\/revisions"}],"predecessor-version":[{"id":55286,"href":"https:\/\/monumentiaperti.com\/it\/wp-json\/wp\/v2\/monumenti\/52168\/revisions\/55286"}],"wp:featuredmedia":[{"embeddable":true,"href":"https:\/\/monumentiaperti.com\/it\/wp-json\/wp\/v2\/media\/5949"}],"wp:attachment":[{"href":"https:\/\/monumentiaperti.com\/it\/wp-json\/wp\/v2\/media?parent=52168"}],"wp:term":[{"taxonomy":"monumento_tipologia","embeddable":true,"href":"https:\/\/monumentiaperti.com\/it\/wp-json\/wp\/v2\/monumento_tipologia?post=52168"},{"taxonomy":"accessibilita","embeddable":true,"href":"https:\/\/monumentiaperti.com\/it\/wp-json\/wp\/v2\/accessibilita?post=52168"},{"taxonomy":"accessibilita_mezzi","embeddable":true,"href":"https:\/\/monumentiaperti.com\/it\/wp-json\/wp\/v2\/accessibilita_mezzi?post=52168"}],"curies":[{"name":"wp","href":"https:\/\/api.w.org\/{rel}","templated":true}]}}

<p>La chiesa di San Benedetto fu costruita alla fine del 1300, in stile gotico catalano. Durante i secoli è stata oggetto di donazioni e nel 1872 è stata arredata per le celebrazioni quotidiane dei frati. Nel Novecento è stata sconsacrata e utilizzata per scopi militari, per poi tornare sotto l&#8217;amministrazione della parrocchia di Sant&#8217;Elena. Ha una navata unica con abside semicircolare e arredi risalenti all&#8217;Ottocento, come le statue di San Benedetto e Santa Scolastica, il pulpito e la balaustra. La facciata è a capanna con un campanile a vela. La chiesa viene aperta per il culto l&#8217;11 luglio, in occasione della festa di San Benedetto, e durante i mesi di maggio e ottobre per il rosario in onore di Maria Vergine.</p>
