{"id":52196,"date":"2023-12-19T11:50:39","date_gmt":"2023-12-19T10:50:39","guid":{"rendered":"https:\/\/monumentiaperti.org\/it\/monumenti_\/palazzo-orru\/"},"modified":"2024-09-05T11:06:53","modified_gmt":"2024-09-05T09:06:53","slug":"palazzo-orru","status":"publish","type":"monumento","link":"https:\/\/monumentiaperti.com\/it\/monumenti\/palazzo-orru\/","title":{"rendered":"Palazzo Orr\u00f9"},"content":{"rendered":"<p>Il palazzo, in stile <em>liberty<\/em>, fu edificato su due piani nei primi decenni del 1900 e destinato ad abitazione privata. La casa si erge dal robusto basamento realizzato in pietrame misto, calce e malta. La facciata \u00e8 contraddistinta da lesene decorative addossate alle pareti che insieme al marcapiano e al cornicione, inquadrano le aperture. Lo spesso strato di intonaco giallo senape nasconde il materiale di costruzione costituito nel pianoterra e nel piano rialzato da mattoni in terra cruda (ladiri). Rimangono a vista gli elementi decorativi in cemento dipinto che, profilando le aperture, si differenziano cromaticamente dalla facciata. Gli stipiti del portalino con arco a tutto sesto e delle finestre con arco a sesto ribassato sono decorati a fogliette e rosette. Il portone in legno \u00e8 intagliato con sinuosi motivi floreali entro riquadri mistilinei. Notevole \u00e8 la balaustra del balconcino centrale, sostenuto da mensoline, mentre i parapetti delle finestre laterali sono caratterizzati da motivi traforati. Il pianoterra ed il piano superiore sono composti da ampi locali ornati da decorazioni in stile <em>liberty<\/em>. Sul cortile interno si affacciano tre porte ad arco a sesto acuto. In origine il palazzo apparteneva a Juanni Scalas e pass\u00f2 in seguito alla famiglia Orr\u00f9 da cui ha preso il nome. Il palazzo Orr\u00f9 \u00e8 stato sede della Pretura Comunale nel 1963. Attualmente \u00e8 in parte utilizzato come sede di ARCOIRIS onlus, associazione multietnica femminile.<\/p>\n","protected":false},"author":12,"featured_media":6095,"template":"","meta":{"COMUNE":[],"note":[],"indirizzo":[],"accessibilita_mezzi":[],"coordinates":[],"images":[],"adesioni":[],"footnotes":""},"monumento_tipologia":[558],"accessibilita":[],"accessibilita_mezzi":[],"class_list":["post-52196","monumento","type-monumento","status-publish","has-post-thumbnail","hentry","monumento_tipologia-bene-architettonico"],"_links":{"self":[{"href":"https:\/\/monumentiaperti.com\/it\/wp-json\/wp\/v2\/monumenti\/52196","targetHints":{"allow":["GET"]}}],"collection":[{"href":"https:\/\/monumentiaperti.com\/it\/wp-json\/wp\/v2\/monumenti"}],"about":[{"href":"https:\/\/monumentiaperti.com\/it\/wp-json\/wp\/v2\/types\/monumento"}],"author":[{"embeddable":true,"href":"https:\/\/monumentiaperti.com\/it\/wp-json\/wp\/v2\/users\/12"}],"version-history":[{"count":2,"href":"https:\/\/monumentiaperti.com\/it\/wp-json\/wp\/v2\/monumenti\/52196\/revisions"}],"predecessor-version":[{"id":99272,"href":"https:\/\/monumentiaperti.com\/it\/wp-json\/wp\/v2\/monumenti\/52196\/revisions\/99272"}],"wp:featuredmedia":[{"embeddable":true,"href":"https:\/\/monumentiaperti.com\/it\/wp-json\/wp\/v2\/media\/6095"}],"wp:attachment":[{"href":"https:\/\/monumentiaperti.com\/it\/wp-json\/wp\/v2\/media?parent=52196"}],"wp:term":[{"taxonomy":"monumento_tipologia","embeddable":true,"href":"https:\/\/monumentiaperti.com\/it\/wp-json\/wp\/v2\/monumento_tipologia?post=52196"},{"taxonomy":"accessibilita","embeddable":true,"href":"https:\/\/monumentiaperti.com\/it\/wp-json\/wp\/v2\/accessibilita?post=52196"},{"taxonomy":"accessibilita_mezzi","embeddable":true,"href":"https:\/\/monumentiaperti.com\/it\/wp-json\/wp\/v2\/accessibilita_mezzi?post=52196"}],"curies":[{"name":"wp","href":"https:\/\/api.w.org\/{rel}","templated":true}]}}

Palazzo Orrù

<p>Il palazzo, in stile <em>liberty</em>, fu edificato su due piani nei primi decenni del 1900 e destinato ad abitazione privata. La casa si erge dal robusto basamento realizzato in pietrame misto, calce e malta. La facciata è contraddistinta da lesene decorative addossate alle pareti che insieme al marcapiano e al cornicione, inquadrano le aperture. Lo spesso strato di intonaco giallo senape nasconde il materiale di costruzione costituito nel pianoterra e nel piano rialzato da mattoni in terra cruda (ladiri). Rimangono a vista gli elementi decorativi in cemento dipinto che, profilando le aperture, si differenziano cromaticamente dalla facciata. Gli stipiti del portalino con arco a tutto sesto e delle finestre con arco a sesto ribassato sono decorati a fogliette e rosette. Il portone in legno è intagliato con sinuosi motivi floreali entro riquadri mistilinei. Notevole è la balaustra del balconcino centrale, sostenuto da mensoline, mentre i parapetti delle finestre laterali sono caratterizzati da motivi traforati. Il pianoterra ed il piano superiore sono composti da ampi locali ornati da decorazioni in stile <em>liberty</em>. Sul cortile interno si affacciano tre porte ad arco a sesto acuto. In origine il palazzo apparteneva a Juanni Scalas e passò in seguito alla famiglia Orrù da cui ha preso il nome. Il palazzo Orrù è stato sede della Pretura Comunale nel 1963. Attualmente è in parte utilizzato come sede di ARCOIRIS onlus, associazione multietnica femminile.</p>
