{"id":52240,"date":"2023-12-19T11:50:43","date_gmt":"2023-12-19T10:50:43","guid":{"rendered":"https:\/\/monumentiaperti.org\/it\/monumenti_\/chiesa-parrocchiale-di-san-giorgio\/"},"modified":"2024-09-10T12:38:52","modified_gmt":"2024-09-10T10:38:52","slug":"chiesa-parrocchiale-di-san-giorgio","status":"publish","type":"monumento","link":"https:\/\/monumentiaperti.com\/it\/monumenti\/chiesa-parrocchiale-di-san-giorgio\/","title":{"rendered":"Chiesa parrocchiale di San Giorgio"},"content":{"rendered":"<p>L\u2019impianto attuale della chiesa, con il suo alto campanile gugliato, risalente al 1623\/1633, \u00e8 riconducibile, secondo alcune teorie, ad un intervento di riedificazione, su un primissimo impianto del XII secolo.<\/p>\n<p>Nel corso dei secoli furono numerosi i restauri e i rimaneggiamenti che interessarono la chiesa, fino alle ultime ristrutturazioni effettuate, nella seconda met\u00e0 del XX secolo, in cui venne notevolmente modificato, sia l\u2019interno della chiesa sia lo slargo antistante.<\/p>\n<p>L\u2019edificio, a navata unica, \u00e8 corredato da arcate e cappelle laterali.<\/p>\n<p>La facciata presenta diversi elementi architettonici di stile Tardo rinascimentale e un disegno semplice ma originale, al cui centro spicca il portale sormontato da finestra.<\/p>\n<p>L\u2019interno presenta un\u2019aula mono navata suddivisa in quattro campate, tre delle quali con volta a botte e una a crociera. Completa la navata un\u2019abside a pianta rettangolare con volta a botte lunettata. Sul lato destro si aprono quattro cappelle e sul sinistro tre.<\/p>\n<p>SA CHEJA PARROCHIALE DE SANTU JORZI<\/p>\n<p>Sa cheja, comente la bidimus como, umpare cun sa turre alta, a punta, est istada fata tra su 1623 e su 1633 e tzertos istudiosos narant chi l\u2019epant fata subra de unu fr\u00e0igu antigu de su de 12 s\u00e8culos.<\/p>\n<p>In su passare de sos s\u00e8culos sa cheja est istada leada in manu e acontzada paritzas bortas, fintzas a sos ultimos arr\u00e0ngios, fatos in sa segundha medade de su de 20 s\u00e8culos, sa cheja est istada cambiada meda, siat a parte de intro, in muros, altare mazore e capellas, che a parte de fora, e sa piata est istada fata a nou.<\/p>\n<p>In s\u2019edifitziu, fatu a\u00a0 sala longa, chi serrat a mesa luna, inue est s\u2019altare mazore, b\u2019at arcos e capellas a totas duas alas.<\/p>\n<p>Sa fatzada at div\u00e8scios particulares de s\u2019architetura de istile \u201cTardo rinascimentale\u201d e unu disegnu s\u00e9mplitze ma originale,\u00a0 in mesu a sa fatzada ispicat su poltale, e subra\u00a0 de custu b\u2019at unu balcone.<\/p>\n<p>Intro, sa cheja est a navada unica, partida in bator camp\u00e0das, tres de issas giughent sa b\u00f2veda a fromma de mesaluna e una a rughera. Serrat sa navada un\u2019abside a pianta retangulare e sa b\u00f2veda, in cussa puru, est a fromma de mesaluna. A s\u2019ala dresta b\u2019at bator capellas e a s\u2019ala manca bi ndh\u2019at tres.<\/p>\n","protected":false},"author":12,"featured_media":7640,"template":"","meta":{"COMUNE":[],"note":[],"indirizzo":[],"accessibilita_mezzi":[],"coordinates":[],"images":[],"adesioni":[],"footnotes":""},"monumento_tipologia":[557,569],"accessibilita":[],"accessibilita_mezzi":[],"class_list":["post-52240","monumento","type-monumento","status-publish","has-post-thumbnail","hentry","monumento_tipologia-architettura-religiosa","monumento_tipologia-luoghi-di-culto"],"_links":{"self":[{"href":"https:\/\/monumentiaperti.com\/it\/wp-json\/wp\/v2\/monumenti\/52240","targetHints":{"allow":["GET"]}}],"collection":[{"href":"https:\/\/monumentiaperti.com\/it\/wp-json\/wp\/v2\/monumenti"}],"about":[{"href":"https:\/\/monumentiaperti.com\/it\/wp-json\/wp\/v2\/types\/monumento"}],"author":[{"embeddable":true,"href":"https:\/\/monumentiaperti.com\/it\/wp-json\/wp\/v2\/users\/12"}],"version-history":[{"count":3,"href":"https:\/\/monumentiaperti.com\/it\/wp-json\/wp\/v2\/monumenti\/52240\/revisions"}],"predecessor-version":[{"id":102399,"href":"https:\/\/monumentiaperti.com\/it\/wp-json\/wp\/v2\/monumenti\/52240\/revisions\/102399"}],"wp:featuredmedia":[{"embeddable":true,"href":"https:\/\/monumentiaperti.com\/it\/wp-json\/wp\/v2\/media\/7640"}],"wp:attachment":[{"href":"https:\/\/monumentiaperti.com\/it\/wp-json\/wp\/v2\/media?parent=52240"}],"wp:term":[{"taxonomy":"monumento_tipologia","embeddable":true,"href":"https:\/\/monumentiaperti.com\/it\/wp-json\/wp\/v2\/monumento_tipologia?post=52240"},{"taxonomy":"accessibilita","embeddable":true,"href":"https:\/\/monumentiaperti.com\/it\/wp-json\/wp\/v2\/accessibilita?post=52240"},{"taxonomy":"accessibilita_mezzi","embeddable":true,"href":"https:\/\/monumentiaperti.com\/it\/wp-json\/wp\/v2\/accessibilita_mezzi?post=52240"}],"curies":[{"name":"wp","href":"https:\/\/api.w.org\/{rel}","templated":true}]}}

<p>L’impianto attuale della chiesa, con il suo alto campanile gugliato, risalente al 1623/1633, è riconducibile, secondo alcune teorie, ad un intervento di riedificazione, su un primissimo impianto del XII secolo.</p>
<p>Nel corso dei secoli furono numerosi i restauri e i rimaneggiamenti che interessarono la chiesa, fino alle ultime ristrutturazioni effettuate, nella seconda metà del XX secolo, in cui venne notevolmente modificato, sia l’interno della chiesa sia lo slargo antistante.</p>
<p>L’edificio, a navata unica, è corredato da arcate e cappelle laterali.</p>
<p>La facciata presenta diversi elementi architettonici di stile Tardo rinascimentale e un disegno semplice ma originale, al cui centro spicca il portale sormontato da finestra.</p>
<p>L’interno presenta un’aula mono navata suddivisa in quattro campate, tre delle quali con volta a botte e una a crociera. Completa la navata un’abside a pianta rettangolare con volta a botte lunettata. Sul lato destro si aprono quattro cappelle e sul sinistro tre.</p>
<p>SA CHEJA PARROCHIALE DE SANTU JORZI</p>
<p>Sa cheja, comente la bidimus como, umpare cun sa turre alta, a punta, est istada fata tra su 1623 e su 1633 e tzertos istudiosos narant chi l’epant fata subra de unu fràigu antigu de su de 12 sèculos.</p>
<p>In su passare de sos sèculos sa cheja est istada leada in manu e acontzada paritzas bortas, fintzas a sos ultimos arràngios, fatos in sa segundha medade de su de 20 sèculos, sa cheja est istada cambiada meda, siat a parte de intro, in muros, altare mazore e capellas, che a parte de fora, e sa piata est istada fata a nou.</p>
<p>In s’edifitziu, fatu a  sala longa, chi serrat a mesa luna, inue est s’altare mazore, b’at arcos e capellas a totas duas alas.</p>
<p>Sa fatzada at divèscios particulares de s’architetura de istile “Tardo rinascimentale” e unu disegnu sémplitze ma originale,  in mesu a sa fatzada ispicat su poltale, e subra  de custu b’at unu balcone.</p>
<p>Intro, sa cheja est a navada unica, partida in bator campàdas, tres de issas giughent sa bòveda a fromma de mesaluna e una a rughera. Serrat sa navada un’abside a pianta retangulare e sa bòveda, in cussa puru, est a fromma de mesaluna. A s’ala dresta b’at bator capellas e a s’ala manca bi ndh’at tres.</p>
