{"id":52908,"date":"2023-12-19T11:53:40","date_gmt":"2023-12-19T10:53:40","guid":{"rendered":"https:\/\/monumentiaperti.org\/it\/monumenti_\/la-torre-normanna\/"},"modified":"2024-08-22T11:04:18","modified_gmt":"2024-08-22T09:04:18","slug":"la-torre-normanna","status":"publish","type":"monumento","link":"https:\/\/monumentiaperti.com\/it\/monumenti\/la-torre-normanna\/","title":{"rendered":"La torre normanna"},"content":{"rendered":"<p>Grande e maestosa, si eleva la Torre Normanna o Torre dell\u2019Orologio come \u00e8 stata ribattezzata dopo la sua ristrutturazione degli inizi dell\u2019800 e dagli stessi abitanti della cittadina terlizzese, di cui ne \u00e8 fedele compagna di vita. Con i suoi rintocchi scandisce la vita dei suoi cittadini, ne ricorda appuntamenti e ne accompagna il sorgere e il tramontare del sole. Ma i suoi 38 m ricordano la sua origine, nata come Torre principale dell\u2019Antico <em>Castrum<\/em> medievale eretto tra l\u2019XI e il XII secolo dal conte Normanno Amico, signore di Terlizzi o <em>Terlicium<\/em>. La sua maestosit\u00e0 e la sua immensit\u00e0, arricchita dal quadrante dell\u2019orologio nel centro e l\u2019edicola campanaria in alto decorata da maioliche gialle e blu raffiguranti i segni zodiacali. La Torre dell\u2019Orologio \u00e8 l\u00ec con il suo occhio attento a vegliare sulla citt\u00e0, unica superstite di una storia antica.<\/p>\n","protected":false},"author":12,"featured_media":30286,"template":"","meta":{"COMUNE":[],"note":[],"indirizzo":[],"accessibilita_mezzi":[],"coordinates":[],"images":[],"adesioni":[],"footnotes":""},"monumento_tipologia":[558],"accessibilita":[],"accessibilita_mezzi":[],"class_list":["post-52908","monumento","type-monumento","status-publish","has-post-thumbnail","hentry","monumento_tipologia-bene-architettonico"],"_links":{"self":[{"href":"https:\/\/monumentiaperti.com\/it\/wp-json\/wp\/v2\/monumenti\/52908","targetHints":{"allow":["GET"]}}],"collection":[{"href":"https:\/\/monumentiaperti.com\/it\/wp-json\/wp\/v2\/monumenti"}],"about":[{"href":"https:\/\/monumentiaperti.com\/it\/wp-json\/wp\/v2\/types\/monumento"}],"author":[{"embeddable":true,"href":"https:\/\/monumentiaperti.com\/it\/wp-json\/wp\/v2\/users\/12"}],"version-history":[{"count":3,"href":"https:\/\/monumentiaperti.com\/it\/wp-json\/wp\/v2\/monumenti\/52908\/revisions"}],"predecessor-version":[{"id":100092,"href":"https:\/\/monumentiaperti.com\/it\/wp-json\/wp\/v2\/monumenti\/52908\/revisions\/100092"}],"wp:featuredmedia":[{"embeddable":true,"href":"https:\/\/monumentiaperti.com\/it\/wp-json\/wp\/v2\/media\/30286"}],"wp:attachment":[{"href":"https:\/\/monumentiaperti.com\/it\/wp-json\/wp\/v2\/media?parent=52908"}],"wp:term":[{"taxonomy":"monumento_tipologia","embeddable":true,"href":"https:\/\/monumentiaperti.com\/it\/wp-json\/wp\/v2\/monumento_tipologia?post=52908"},{"taxonomy":"accessibilita","embeddable":true,"href":"https:\/\/monumentiaperti.com\/it\/wp-json\/wp\/v2\/accessibilita?post=52908"},{"taxonomy":"accessibilita_mezzi","embeddable":true,"href":"https:\/\/monumentiaperti.com\/it\/wp-json\/wp\/v2\/accessibilita_mezzi?post=52908"}],"curies":[{"name":"wp","href":"https:\/\/api.w.org\/{rel}","templated":true}]}}

<p>Grande e maestosa, si eleva la Torre Normanna o Torre dell’Orologio come è stata ribattezzata dopo la sua ristrutturazione degli inizi dell’800 e dagli stessi abitanti della cittadina terlizzese, di cui ne è fedele compagna di vita. Con i suoi rintocchi scandisce la vita dei suoi cittadini, ne ricorda appuntamenti e ne accompagna il sorgere e il tramontare del sole. Ma i suoi 38 m ricordano la sua origine, nata come Torre principale dell’Antico <em>Castrum</em> medievale eretto tra l’XI e il XII secolo dal conte Normanno Amico, signore di Terlizzi o <em>Terlicium</em>. La sua maestosità e la sua immensità, arricchita dal quadrante dell’orologio nel centro e l’edicola campanaria in alto decorata da maioliche gialle e blu raffiguranti i segni zodiacali. La Torre dell’Orologio è lì con il suo occhio attento a vegliare sulla città, unica superstite di una storia antica.</p>
