{"id":52913,"date":"2023-12-19T11:53:44","date_gmt":"2023-12-19T10:53:44","guid":{"rendered":"https:\/\/monumentiaperti.org\/it\/monumenti_\/scuola-elementare-statale-don-pietro-papagallo\/"},"modified":"2024-08-23T11:59:31","modified_gmt":"2024-08-23T09:59:31","slug":"scuola-elementare-statale-don-pietro-papagallo","status":"publish","type":"monumento","link":"https:\/\/monumentiaperti.com\/it\/monumenti\/scuola-elementare-statale-don-pietro-papagallo\/","title":{"rendered":"Scuola elementare statale &#8220;Don Pietro Papagallo&#8221;"},"content":{"rendered":"<p>Primo edificio scolastico nato dopo il primo dopoguerra, nel 1932. L&#8217;edificio \u00e8 molto semplice e lineare nella sua architettura, a due entrate l\u2019una sul lato destro e l\u2019altra sul lato sinistro. Avere un\u2019istituzione scolastica fu molto importante per la comunit\u00e0 terlizzese. All\u2019interno vi era la possibilit\u00e0 di poter imparare a far da conto, leggere e scrivere. L\u2019edificio, e la sua vita dovettero affrontare il Secondo conflitto mondiale, al termine del quale ne usc\u00ec danneggiato ma venne poi ristrutturato agli inizi degli anni &#8217;50. Fu proprio in quel momento che l\u2019intera comunit\u00e0 avvert\u00ec il bisogno, attraverso la scuola di riconoscersi in personaggio caro alla comunit\u00e0 come Don Pietro Pappagallo, sacerdote e vittima dell\u2019Eccidio delle Fosse Ardeatine. Cos\u00ec in seduta comune il 21 Marzo 1951 la scuola venne intitolata a Don Pietro Pappagallo.<\/p>\n","protected":false},"author":12,"featured_media":30390,"template":"","meta":{"COMUNE":[],"note":[],"indirizzo":[],"accessibilita_mezzi":[],"coordinates":[],"images":[],"adesioni":[],"footnotes":""},"monumento_tipologia":[558,556],"accessibilita":[],"accessibilita_mezzi":[],"class_list":["post-52913","monumento","type-monumento","status-publish","has-post-thumbnail","hentry","monumento_tipologia-bene-architettonico","monumento_tipologia-istituzione"],"_links":{"self":[{"href":"https:\/\/monumentiaperti.com\/it\/wp-json\/wp\/v2\/monumenti\/52913","targetHints":{"allow":["GET"]}}],"collection":[{"href":"https:\/\/monumentiaperti.com\/it\/wp-json\/wp\/v2\/monumenti"}],"about":[{"href":"https:\/\/monumentiaperti.com\/it\/wp-json\/wp\/v2\/types\/monumento"}],"author":[{"embeddable":true,"href":"https:\/\/monumentiaperti.com\/it\/wp-json\/wp\/v2\/users\/12"}],"version-history":[{"count":2,"href":"https:\/\/monumentiaperti.com\/it\/wp-json\/wp\/v2\/monumenti\/52913\/revisions"}],"predecessor-version":[{"id":100111,"href":"https:\/\/monumentiaperti.com\/it\/wp-json\/wp\/v2\/monumenti\/52913\/revisions\/100111"}],"wp:featuredmedia":[{"embeddable":true,"href":"https:\/\/monumentiaperti.com\/it\/wp-json\/wp\/v2\/media\/30390"}],"wp:attachment":[{"href":"https:\/\/monumentiaperti.com\/it\/wp-json\/wp\/v2\/media?parent=52913"}],"wp:term":[{"taxonomy":"monumento_tipologia","embeddable":true,"href":"https:\/\/monumentiaperti.com\/it\/wp-json\/wp\/v2\/monumento_tipologia?post=52913"},{"taxonomy":"accessibilita","embeddable":true,"href":"https:\/\/monumentiaperti.com\/it\/wp-json\/wp\/v2\/accessibilita?post=52913"},{"taxonomy":"accessibilita_mezzi","embeddable":true,"href":"https:\/\/monumentiaperti.com\/it\/wp-json\/wp\/v2\/accessibilita_mezzi?post=52913"}],"curies":[{"name":"wp","href":"https:\/\/api.w.org\/{rel}","templated":true}]}}

<p>Primo edificio scolastico nato dopo il primo dopoguerra, nel 1932. L&#8217;edificio è molto semplice e lineare nella sua architettura, a due entrate l’una sul lato destro e l’altra sul lato sinistro. Avere un’istituzione scolastica fu molto importante per la comunità terlizzese. All’interno vi era la possibilità di poter imparare a far da conto, leggere e scrivere. L’edificio, e la sua vita dovettero affrontare il Secondo conflitto mondiale, al termine del quale ne uscì danneggiato ma venne poi ristrutturato agli inizi degli anni &#8217;50. Fu proprio in quel momento che l’intera comunità avvertì il bisogno, attraverso la scuola di riconoscersi in personaggio caro alla comunità come Don Pietro Pappagallo, sacerdote e vittima dell’Eccidio delle Fosse Ardeatine. Così in seduta comune il 21 Marzo 1951 la scuola venne intitolata a Don Pietro Pappagallo.</p>
