{"id":53277,"date":"2023-12-19T11:56:13","date_gmt":"2023-12-19T10:56:13","guid":{"rendered":"https:\/\/monumentiaperti.org\/it\/monumenti_\/villa-ticca\/"},"modified":"2024-08-22T10:30:12","modified_gmt":"2024-08-22T08:30:12","slug":"villa-ticca","status":"publish","type":"monumento","link":"https:\/\/monumentiaperti.com\/it\/monumenti\/villa-ticca\/","title":{"rendered":"Villa Ticca"},"content":{"rendered":"<p>Costruzione in stile liberty di inizio Novecento, circondata da un parco alberato, \u00e8 stata per diversi anni location del famoso festival Cala Gonone Jazz. La Villa, appartenente al Conte Ticca, risale agli anni &#8217;20; fu proprio il Duce a dare questo titolo al proprietario. L&#8217;architettura rispecchia i motivi decorativi dell&#8217;epoca, sia all&#8217;interno che all&#8217;esterno. Dotata di tre piani, sar\u00e0 visitabile il pian terreno, il giardino e uno studio accessibile dal cortile. Per abbellire la villa il Conte si avvalse di artisti della fama di Nivola. Gli interni, ormai poveri di oggetti, contengono alcuni mobili dell&#8217;epoca, ma soprattutto sfoggiano i pavimenti a mosaico, le pareti con foto storiche che ritraggono la Villa al tempo in cui \u00e8 nata, una sala contenente degli affreschi di Nivola. Il giardino \u00e8 ampio, le decorazioni originali ancora sono ben tenute, una scultura di Nivola \u00e8 coperta a causa della restaurazione a cui \u00e8 affidata, ma verr\u00e0 presentata attraverso foto e descrizione da parte delle guide. Tra le antiche stanze, la storia scorre e diventa realt\u00e0 e ci si emoziona ascoltando un fiume di memorie e aneddoti.<\/p>\n","protected":false},"author":12,"featured_media":56398,"template":"","meta":{"COMUNE":[],"note":[],"indirizzo":[],"accessibilita_mezzi":[],"coordinates":[],"images":[],"adesioni":[],"footnotes":""},"monumento_tipologia":[558],"accessibilita":[],"accessibilita_mezzi":[],"class_list":["post-53277","monumento","type-monumento","status-publish","has-post-thumbnail","hentry","monumento_tipologia-bene-architettonico"],"_links":{"self":[{"href":"https:\/\/monumentiaperti.com\/it\/wp-json\/wp\/v2\/monumenti\/53277","targetHints":{"allow":["GET"]}}],"collection":[{"href":"https:\/\/monumentiaperti.com\/it\/wp-json\/wp\/v2\/monumenti"}],"about":[{"href":"https:\/\/monumentiaperti.com\/it\/wp-json\/wp\/v2\/types\/monumento"}],"author":[{"embeddable":true,"href":"https:\/\/monumentiaperti.com\/it\/wp-json\/wp\/v2\/users\/12"}],"version-history":[{"count":1,"href":"https:\/\/monumentiaperti.com\/it\/wp-json\/wp\/v2\/monumenti\/53277\/revisions"}],"predecessor-version":[{"id":54992,"href":"https:\/\/monumentiaperti.com\/it\/wp-json\/wp\/v2\/monumenti\/53277\/revisions\/54992"}],"wp:featuredmedia":[{"embeddable":true,"href":"https:\/\/monumentiaperti.com\/it\/wp-json\/wp\/v2\/media\/56398"}],"wp:attachment":[{"href":"https:\/\/monumentiaperti.com\/it\/wp-json\/wp\/v2\/media?parent=53277"}],"wp:term":[{"taxonomy":"monumento_tipologia","embeddable":true,"href":"https:\/\/monumentiaperti.com\/it\/wp-json\/wp\/v2\/monumento_tipologia?post=53277"},{"taxonomy":"accessibilita","embeddable":true,"href":"https:\/\/monumentiaperti.com\/it\/wp-json\/wp\/v2\/accessibilita?post=53277"},{"taxonomy":"accessibilita_mezzi","embeddable":true,"href":"https:\/\/monumentiaperti.com\/it\/wp-json\/wp\/v2\/accessibilita_mezzi?post=53277"}],"curies":[{"name":"wp","href":"https:\/\/api.w.org\/{rel}","templated":true}]}}

<p>Costruzione in stile liberty di inizio Novecento, circondata da un parco alberato, è stata per diversi anni location del famoso festival Cala Gonone Jazz. La Villa, appartenente al Conte Ticca, risale agli anni &#8217;20; fu proprio il Duce a dare questo titolo al proprietario. L&#8217;architettura rispecchia i motivi decorativi dell&#8217;epoca, sia all&#8217;interno che all&#8217;esterno. Dotata di tre piani, sarà visitabile il pian terreno, il giardino e uno studio accessibile dal cortile. Per abbellire la villa il Conte si avvalse di artisti della fama di Nivola. Gli interni, ormai poveri di oggetti, contengono alcuni mobili dell&#8217;epoca, ma soprattutto sfoggiano i pavimenti a mosaico, le pareti con foto storiche che ritraggono la Villa al tempo in cui è nata, una sala contenente degli affreschi di Nivola. Il giardino è ampio, le decorazioni originali ancora sono ben tenute, una scultura di Nivola è coperta a causa della restaurazione a cui è affidata, ma verrà presentata attraverso foto e descrizione da parte delle guide. Tra le antiche stanze, la storia scorre e diventa realtà e ci si emoziona ascoltando un fiume di memorie e aneddoti.</p>
