{"id":54488,"date":"2024-03-20T16:49:46","date_gmt":"2024-03-20T15:49:46","guid":{"rendered":"https:\/\/monumentiaperti.com\/it\/monumenti_\/chiesa-di-santa-lucia\/"},"modified":"2025-05-26T10:38:19","modified_gmt":"2025-05-26T08:38:19","slug":"chiesa-di-santa-lucia","status":"publish","type":"monumento","link":"https:\/\/monumentiaperti.com\/it\/monumenti\/chiesa-di-santa-lucia\/","title":{"rendered":"Chiesa di Santa Lucia"},"content":{"rendered":"<p><span style=\"font-weight: 400;\">La Chiesa di Santa Lucia risale alla fine del Cinquecento, come risulta nei documenti dell\u2019archivio Arcivescovile: la prima menzione \u00e8 del 1599 nel decreto dell\u2019arcivescovo Monsignor Sedano.<\/span><\/p>\n<p><span style=\"font-weight: 400;\">Da originario santuario campestre, che probabilmente insisteva su precedenti luoghi di culto, divenne cappella e cimitero, come attestano le numerose sepolture rinvenute sotto il pavimento.<\/span><\/p>\n<p><span style=\"font-weight: 400;\">La struttura della Chiesa presenta un\u2019unica aula rettangolare senza abside n\u00e9 cappelle, con un bel portale d\u2019ingresso, finestra ovale e campaniletto a vela frutto di rimaneggiamenti settecenteschi in stile barocco maturo, forse gi\u00e0 piemontese. \u00c8 realizzata in tufo di cava. Le parti architettoniche pi\u00f9 antiche sono in stile romanico &#8211; a indizio di un precedente edificio bizantino, come il culto per Santa Lucia-; i maggiori rifacimenti risalgono all\u2019epoca seicentesca e settecentesca, come sembra rivelare la copertura lignea e la facciata.<\/span><\/p>\n<p><span style=\"font-weight: 400;\">Il fregio dell\u2019altare tardo-seicentesco \u00e8 caratterizzato dai simboli della palma, del libro, dell\u2019occhio, del pugnale e del crescente lunare. Quest\u2019ultimo farebbe pensare all\u2019esistenza di un precedente culto ad una divinit\u00e0 femminile nuragica, lunare, venerata anche nel periodo punico e romano. All\u2019interno della Chiesa \u00e8 custodita la statua lignea della Santa, restaurata alla fine degli anni novanta: alta circa 85 cm, raffigura la martire abbigliata con una veste dal ricco drappeggio, cinta decorata e con la mano destra protesa a reggere un piattino, sul quale dovevano essere posizionati i due occhi simbolo della Santa, a cui ci si affida ancor oggi per chiedere protezione per la vista.<\/span><\/p>\n<p><span style=\"font-weight: 400;\">A ridosso dell\u2019ingresso \u00e8 conservato un pozzo nuragico che mostra segni di tre diverse fasi costruttive: la prima con tecnica muraria che prevede utilizzo di grossi conci; la seconda che interessa una porzione della canna cilindrica realizzata in ciottoli; infine la parte sommitale a ghiera quadrata con pedarole, verosimilmente di epoca romana.<\/span><\/p>\n<p><span style=\"font-weight: 400;\">Sulla facciata esterna \u00e8 conservato un pannello della santa, opera dell\u2019artista Angelo Pilloni, mentre nella piazza omonima vi \u00e8 il murale raffigurante <\/span><i><span style=\"font-weight: 400;\">su fogadoni <\/span><\/i><span style=\"font-weight: 400;\">che oggi anno, il 13 dicembre, viene acceso in onore della Santa<\/span><i><span style=\"font-weight: 400;\">.<\/span><\/i><\/p>\n","protected":false},"author":12,"featured_media":84184,"template":"","meta":{"COMUNE":[],"note":[],"indirizzo":[],"accessibilita_mezzi":[],"coordinates":[],"images":[],"adesioni":[],"footnotes":""},"monumento_tipologia":[557,569],"accessibilita":[707],"accessibilita_mezzi":[],"class_list":["post-54488","monumento","type-monumento","status-publish","has-post-thumbnail","hentry","monumento_tipologia-architettura-religiosa","monumento_tipologia-luoghi-di-culto","accessibilita-accessibilita-con-accompagnatore"],"_links":{"self":[{"href":"https:\/\/monumentiaperti.com\/it\/wp-json\/wp\/v2\/monumenti\/54488","targetHints":{"allow":["GET"]}}],"collection":[{"href":"https:\/\/monumentiaperti.com\/it\/wp-json\/wp\/v2\/monumenti"}],"about":[{"href":"https:\/\/monumentiaperti.com\/it\/wp-json\/wp\/v2\/types\/monumento"}],"author":[{"embeddable":true,"href":"https:\/\/monumentiaperti.com\/it\/wp-json\/wp\/v2\/users\/12"}],"version-history":[{"count":4,"href":"https:\/\/monumentiaperti.com\/it\/wp-json\/wp\/v2\/monumenti\/54488\/revisions"}],"predecessor-version":[{"id":102440,"href":"https:\/\/monumentiaperti.com\/it\/wp-json\/wp\/v2\/monumenti\/54488\/revisions\/102440"}],"wp:featuredmedia":[{"embeddable":true,"href":"https:\/\/monumentiaperti.com\/it\/wp-json\/wp\/v2\/media\/84184"}],"wp:attachment":[{"href":"https:\/\/monumentiaperti.com\/it\/wp-json\/wp\/v2\/media?parent=54488"}],"wp:term":[{"taxonomy":"monumento_tipologia","embeddable":true,"href":"https:\/\/monumentiaperti.com\/it\/wp-json\/wp\/v2\/monumento_tipologia?post=54488"},{"taxonomy":"accessibilita","embeddable":true,"href":"https:\/\/monumentiaperti.com\/it\/wp-json\/wp\/v2\/accessibilita?post=54488"},{"taxonomy":"accessibilita_mezzi","embeddable":true,"href":"https:\/\/monumentiaperti.com\/it\/wp-json\/wp\/v2\/accessibilita_mezzi?post=54488"}],"curies":[{"name":"wp","href":"https:\/\/api.w.org\/{rel}","templated":true}]}}

<p><span style="font-weight: 400;">La Chiesa di Santa Lucia risale alla fine del Cinquecento, come risulta nei documenti dell’archivio Arcivescovile: la prima menzione è del 1599 nel decreto dell’arcivescovo Monsignor Sedano.</span></p>
<p><span style="font-weight: 400;">Da originario santuario campestre, che probabilmente insisteva su precedenti luoghi di culto, divenne cappella e cimitero, come attestano le numerose sepolture rinvenute sotto il pavimento.</span></p>
<p><span style="font-weight: 400;">La struttura della Chiesa presenta un’unica aula rettangolare senza abside né cappelle, con un bel portale d’ingresso, finestra ovale e campaniletto a vela frutto di rimaneggiamenti settecenteschi in stile barocco maturo, forse già piemontese. È realizzata in tufo di cava. Le parti architettoniche più antiche sono in stile romanico &#8211; a indizio di un precedente edificio bizantino, come il culto per Santa Lucia-; i maggiori rifacimenti risalgono all’epoca seicentesca e settecentesca, come sembra rivelare la copertura lignea e la facciata.</span></p>
<p><span style="font-weight: 400;">Il fregio dell’altare tardo-seicentesco è caratterizzato dai simboli della palma, del libro, dell’occhio, del pugnale e del crescente lunare. Quest’ultimo farebbe pensare all’esistenza di un precedente culto ad una divinità femminile nuragica, lunare, venerata anche nel periodo punico e romano. All’interno della Chiesa è custodita la statua lignea della Santa, restaurata alla fine degli anni novanta: alta circa 85 cm, raffigura la martire abbigliata con una veste dal ricco drappeggio, cinta decorata e con la mano destra protesa a reggere un piattino, sul quale dovevano essere posizionati i due occhi simbolo della Santa, a cui ci si affida ancor oggi per chiedere protezione per la vista.</span></p>
<p><span style="font-weight: 400;">A ridosso dell’ingresso è conservato un pozzo nuragico che mostra segni di tre diverse fasi costruttive: la prima con tecnica muraria che prevede utilizzo di grossi conci; la seconda che interessa una porzione della canna cilindrica realizzata in ciottoli; infine la parte sommitale a ghiera quadrata con pedarole, verosimilmente di epoca romana.</span></p>
<p><span style="font-weight: 400;">Sulla facciata esterna è conservato un pannello della santa, opera dell’artista Angelo Pilloni, mentre nella piazza omonima vi è il murale raffigurante </span><i><span style="font-weight: 400;">su fogadoni </span></i><span style="font-weight: 400;">che oggi anno, il 13 dicembre, viene acceso in onore della Santa</span><i><span style="font-weight: 400;">.</span></i></p>
