{"id":58203,"date":"2024-04-11T10:37:52","date_gmt":"2024-04-11T09:37:52","guid":{"rendered":"https:\/\/monumentiaperti.com\/it\/?post_type=monumento&#038;p=58203"},"modified":"2024-09-10T10:50:27","modified_gmt":"2024-09-10T08:50:27","slug":"parrocchia-di-san-luca","status":"publish","type":"monumento","link":"https:\/\/monumentiaperti.com\/it\/monumenti\/parrocchia-di-san-luca\/","title":{"rendered":"Parrocchia di San Luca"},"content":{"rendered":"\n<p>La parrocchia di San Luca nacque contestualmente all\u2019aumento della popolazione nella localit\u00e0 del Margine Rosso di Quartu Sant\u2019Elena. Il Fortino, prima sede della comunit\u00e0 parrocchiale, si rivel\u00f2 infatti ormai insufficiente per accogliere i sempre pi\u00f9 numerosi parrocchiani. Finalmente il 30 luglio 1986 il Consiglio Comunale, sotto la presidenza del sindaco Gianni Corrias, deliber\u00f2 all&#8217;unanimit\u00e0 di destinare un&#8217;area di mq 7781 alla realizzazione della nuova Chiesa. La posa della prima pietra avvenne alla presenza di mons. Ottorino Pietro Alberti il 10 dicembre 1989.&nbsp;Sar\u00e0 lo stesso mons. Alberti a presiedere la suggestiva celebrazione della dedicazione della chiesa il 9 giugno 2001.&nbsp;<br>Il moderno edificio, progettato dall\u2019ingegnere Antonio Tramontin, si affaccia su un piazzale di sampietrini, nel quale trova posto la statua della Vergine Maria, precedentemente conservata presso la chiesa di Su Forti. L&#8217;edificio si articola infatti perlopi\u00f9 su tre lati, in quanto il quarto \u00e8 addossato ai locali parrocchiali. La parrocchia \u00e8 preceduta da una breve scalinata: l\u2019accesso principale \u00e8 consentito da due portali lignei situati su due lati della chiesa. L&#8217;interno, preceduto da una bussola in vetro e da un portico di sei colonne con funzione di nartece, presenta una caratteristica pianta a ventaglio, che focalizza l&#8217;attenzione sull&#8217;area presbiteriale. Le linee strutturali di tutto l\u2019edificio convergono verso l&#8217;area presbiteriale con una concezione dello spazio a semi cavea, il cui ruolo importante \u00e8 dato alla luce che penetra grazie ai vetri della struttura a cupola, che presenta una base ottagonale.<br>La parrocchia \u00e8 progettata con un linguaggio catechetico: la base ottagonale della struttura a cupola rappresenta infatti la domenica, l\u2019ottavo giorno secondo la tradizione cristiana, mentre le sei colonne che reggono il nartece rappresentano invece i giorni della settimana che vanno dal luned\u00ec al sabato. I fedeli, lasciandosi alle spalle i sei giorni della settimana, dirigono cos\u00ec tutta la loro attenzione verso il giorno della domenica, Pasqua della Settimana, nel quale avviene la celebrazione eucaristica. Si noti poi come, nel pavimento, delle linee spigolose partano dal presbiterio e lo uniscano alle sei colonne, passando tra le bancate: anche questa \u00e8 una raffigurazione simbolica, che trova la sua interpretazione nel salmo 46: \u201cUn fiume e i suoi canali rallegrano la citt\u00e0 di Dio, la pi\u00f9 santa delle dimore dell&#8217;Altissimo\u201d. Questi fiumi rappresentano la grazia divina, che dall\u2019ottavo giorno, la domenica, va a bagnare e ravvivare i sei giorni feriali della settimana.<br>La parrocchia inoltre, sia nelle sue pareti sia in alcuni monumenti ospitati al suo interno, riporta la struttura esagonale dell\u2019alveare. Esso sta a significare l\u2019operosit\u00e0 della Chiesa, la vigilanza cristiana e lo zelo nell\u2019acquisire la virt\u00f9. Oltre a questa struttura, ricorre il tema della spiga e della vite.<br>I numerosi arredi liturgici presenti all\u2019interno dell\u2019edificio parrocchiale sono da attribuire a due artisti sardi: Pietro Longu e Paolo Soro. A Pietro Longu, artista di Bortigali (NU), sono riconducibili la maggior parte degli arredi sacri della parrocchia: l\u2019altare, l\u2019ambone, la sede, le credenze del presbiterio, il crocifisso del presbiterio, la Via Crucis, le panche del coro e del tabernacolo, le colonnine del tabernacolo e la porta del tabernacolo sono state realizzate da lui attraverso l\u2019utilizzo di numerosi materiali, quali il legno di tiglio, il marmo di Orosei il bronzo e la pasta ceramica refrattaria. Paolo Soro, artista di Sestu, ha invece realizzato il tabernacolo e il fonte battesimale. Ciascuna di queste opere scultoree \u00e8 costituita da preziosi e importanti rimandi simbolici e iconografici, sia tradizionali sia inerenti il territorio del Margine Rosso.<br>Sono inoltre presenti i simulacri, donati da alcuni parrocchiani, della Vergine Maria e di San Luca. Quest\u2019ultimo in particolare \u00e8 coinvolto nei riti della festa patronale, che tradizionalmente include lo sbarco del simulacro nella spiaggia del Margine Rosso, la Santa Messa e la processione fino alla chiesa parrocchiale.<\/p>\n\n\n\n<p class=\"has-text-align-right\"><em>Descrizione a cura di Antonio Perra<\/em><\/p>\n","protected":false},"author":11,"featured_media":58205,"template":"","meta":{"COMUNE":[],"note":[],"indirizzo":[],"accessibilita_mezzi":[],"coordinates":[],"images":[],"adesioni":[],"footnotes":""},"monumento_tipologia":[557,569],"accessibilita":[],"accessibilita_mezzi":[],"class_list":["post-58203","monumento","type-monumento","status-publish","has-post-thumbnail","hentry","monumento_tipologia-architettura-religiosa","monumento_tipologia-luoghi-di-culto"],"_links":{"self":[{"href":"https:\/\/monumentiaperti.com\/it\/wp-json\/wp\/v2\/monumenti\/58203","targetHints":{"allow":["GET"]}}],"collection":[{"href":"https:\/\/monumentiaperti.com\/it\/wp-json\/wp\/v2\/monumenti"}],"about":[{"href":"https:\/\/monumentiaperti.com\/it\/wp-json\/wp\/v2\/types\/monumento"}],"author":[{"embeddable":true,"href":"https:\/\/monumentiaperti.com\/it\/wp-json\/wp\/v2\/users\/11"}],"version-history":[{"count":3,"href":"https:\/\/monumentiaperti.com\/it\/wp-json\/wp\/v2\/monumenti\/58203\/revisions"}],"predecessor-version":[{"id":99796,"href":"https:\/\/monumentiaperti.com\/it\/wp-json\/wp\/v2\/monumenti\/58203\/revisions\/99796"}],"wp:featuredmedia":[{"embeddable":true,"href":"https:\/\/monumentiaperti.com\/it\/wp-json\/wp\/v2\/media\/58205"}],"wp:attachment":[{"href":"https:\/\/monumentiaperti.com\/it\/wp-json\/wp\/v2\/media?parent=58203"}],"wp:term":[{"taxonomy":"monumento_tipologia","embeddable":true,"href":"https:\/\/monumentiaperti.com\/it\/wp-json\/wp\/v2\/monumento_tipologia?post=58203"},{"taxonomy":"accessibilita","embeddable":true,"href":"https:\/\/monumentiaperti.com\/it\/wp-json\/wp\/v2\/accessibilita?post=58203"},{"taxonomy":"accessibilita_mezzi","embeddable":true,"href":"https:\/\/monumentiaperti.com\/it\/wp-json\/wp\/v2\/accessibilita_mezzi?post=58203"}],"curies":[{"name":"wp","href":"https:\/\/api.w.org\/{rel}","templated":true}]}}

<p>La parrocchia di San Luca nacque contestualmente all’aumento della popolazione nella località del Margine Rosso di Quartu Sant’Elena. Il Fortino, prima sede della comunità parrocchiale, si rivelò infatti ormai insufficiente per accogliere i sempre più numerosi parrocchiani. Finalmente il 30 luglio 1986 il Consiglio Comunale, sotto la presidenza del sindaco Gianni Corrias, deliberò all&#8217;unanimità di destinare un&#8217;area di mq 7781 alla realizzazione della nuova Chiesa. La posa della prima pietra avvenne alla presenza di mons. Ottorino Pietro Alberti il 10 dicembre 1989.&nbsp;Sarà lo stesso mons. Alberti a presiedere la suggestiva celebrazione della dedicazione della chiesa il 9 giugno 2001.&nbsp;<br>Il moderno edificio, progettato dall’ingegnere Antonio Tramontin, si affaccia su un piazzale di sampietrini, nel quale trova posto la statua della Vergine Maria, precedentemente conservata presso la chiesa di Su Forti. L&#8217;edificio si articola infatti perlopiù su tre lati, in quanto il quarto è addossato ai locali parrocchiali. La parrocchia è preceduta da una breve scalinata: l’accesso principale è consentito da due portali lignei situati su due lati della chiesa. L&#8217;interno, preceduto da una bussola in vetro e da un portico di sei colonne con funzione di nartece, presenta una caratteristica pianta a ventaglio, che focalizza l&#8217;attenzione sull&#8217;area presbiteriale. Le linee strutturali di tutto l’edificio convergono verso l&#8217;area presbiteriale con una concezione dello spazio a semi cavea, il cui ruolo importante è dato alla luce che penetra grazie ai vetri della struttura a cupola, che presenta una base ottagonale.<br>La parrocchia è progettata con un linguaggio catechetico: la base ottagonale della struttura a cupola rappresenta infatti la domenica, l’ottavo giorno secondo la tradizione cristiana, mentre le sei colonne che reggono il nartece rappresentano invece i giorni della settimana che vanno dal lunedì al sabato. I fedeli, lasciandosi alle spalle i sei giorni della settimana, dirigono così tutta la loro attenzione verso il giorno della domenica, Pasqua della Settimana, nel quale avviene la celebrazione eucaristica. Si noti poi come, nel pavimento, delle linee spigolose partano dal presbiterio e lo uniscano alle sei colonne, passando tra le bancate: anche questa è una raffigurazione simbolica, che trova la sua interpretazione nel salmo 46: “Un fiume e i suoi canali rallegrano la città di Dio, la più santa delle dimore dell&#8217;Altissimo”. Questi fiumi rappresentano la grazia divina, che dall’ottavo giorno, la domenica, va a bagnare e ravvivare i sei giorni feriali della settimana.<br>La parrocchia inoltre, sia nelle sue pareti sia in alcuni monumenti ospitati al suo interno, riporta la struttura esagonale dell’alveare. Esso sta a significare l’operosità della Chiesa, la vigilanza cristiana e lo zelo nell’acquisire la virtù. Oltre a questa struttura, ricorre il tema della spiga e della vite.<br>I numerosi arredi liturgici presenti all’interno dell’edificio parrocchiale sono da attribuire a due artisti sardi: Pietro Longu e Paolo Soro. A Pietro Longu, artista di Bortigali (NU), sono riconducibili la maggior parte degli arredi sacri della parrocchia: l’altare, l’ambone, la sede, le credenze del presbiterio, il crocifisso del presbiterio, la Via Crucis, le panche del coro e del tabernacolo, le colonnine del tabernacolo e la porta del tabernacolo sono state realizzate da lui attraverso l’utilizzo di numerosi materiali, quali il legno di tiglio, il marmo di Orosei il bronzo e la pasta ceramica refrattaria. Paolo Soro, artista di Sestu, ha invece realizzato il tabernacolo e il fonte battesimale. Ciascuna di queste opere scultoree è costituita da preziosi e importanti rimandi simbolici e iconografici, sia tradizionali sia inerenti il territorio del Margine Rosso.<br>Sono inoltre presenti i simulacri, donati da alcuni parrocchiani, della Vergine Maria e di San Luca. Quest’ultimo in particolare è coinvolto nei riti della festa patronale, che tradizionalmente include lo sbarco del simulacro nella spiaggia del Margine Rosso, la Santa Messa e la processione fino alla chiesa parrocchiale.</p>



<p class="has-text-align-right"><em>Descrizione a cura di Antonio Perra</em></p>
