{"id":58480,"date":"2024-04-15T14:53:37","date_gmt":"2024-04-15T13:53:37","guid":{"rendered":"https:\/\/monumentiaperti.com\/it\/?post_type=monumento&#038;p=58480"},"modified":"2024-08-09T10:01:20","modified_gmt":"2024-08-09T08:01:20","slug":"roccia-monumentale-il-fungo","status":"publish","type":"monumento","link":"https:\/\/monumentiaperti.com\/it\/monumenti\/roccia-monumentale-il-fungo\/","title":{"rendered":"Roccia monumentale Il Fungo"},"content":{"rendered":"\n<p>Chiamata in dialetto gallurese <em>Monti Incappiddhatu<\/em>, la roccia monumentale del Fungo \u00e8 il simbolo della citt\u00e0. \u00c8 l\u2019esempio pi\u00f9 emblematico tra i tafoni. Fin dall\u2019era Terziaria, acqua, sole e vento hanno modellato il granito fino a dargli l\u2019inusuale forma. Le antiche popolazioni del Neolitico (3500 a.C.) videro subito un rifugio ideale in quell\u2019enorme masso col cappello. Con le altre capanne nate a poco a poco nei paraggi, si form\u00f2 un piccolo villaggio abitato anche nell\u2019et\u00e0 del Bronzo (1500 a.C.) e fino all\u2019epoca Romana, tanto da dare all\u2019insediamento il nome di <em>Turibulus Maior <\/em>(fungo grande). Frammenti ceramici, strumenti litici, avanzi di pasti, resti della lavorazione del latte, della filatura della lana e di fibre vegetali, cos\u00ec come segni di rifiuti risalenti a quei periodi sono stati rinvenuti in un vicino crepaccio.<\/p>\n","protected":false},"author":11,"featured_media":58481,"template":"","meta":{"COMUNE":[],"note":[],"indirizzo":[],"accessibilita_mezzi":[],"coordinates":[],"images":[],"adesioni":[],"footnotes":""},"monumento_tipologia":[568],"accessibilita":[],"accessibilita_mezzi":[],"class_list":["post-58480","monumento","type-monumento","status-publish","has-post-thumbnail","hentry","monumento_tipologia-bene-ambientale"],"_links":{"self":[{"href":"https:\/\/monumentiaperti.com\/it\/wp-json\/wp\/v2\/monumenti\/58480","targetHints":{"allow":["GET"]}}],"collection":[{"href":"https:\/\/monumentiaperti.com\/it\/wp-json\/wp\/v2\/monumenti"}],"about":[{"href":"https:\/\/monumentiaperti.com\/it\/wp-json\/wp\/v2\/types\/monumento"}],"author":[{"embeddable":true,"href":"https:\/\/monumentiaperti.com\/it\/wp-json\/wp\/v2\/users\/11"}],"version-history":[{"count":1,"href":"https:\/\/monumentiaperti.com\/it\/wp-json\/wp\/v2\/monumenti\/58480\/revisions"}],"predecessor-version":[{"id":58482,"href":"https:\/\/monumentiaperti.com\/it\/wp-json\/wp\/v2\/monumenti\/58480\/revisions\/58482"}],"wp:featuredmedia":[{"embeddable":true,"href":"https:\/\/monumentiaperti.com\/it\/wp-json\/wp\/v2\/media\/58481"}],"wp:attachment":[{"href":"https:\/\/monumentiaperti.com\/it\/wp-json\/wp\/v2\/media?parent=58480"}],"wp:term":[{"taxonomy":"monumento_tipologia","embeddable":true,"href":"https:\/\/monumentiaperti.com\/it\/wp-json\/wp\/v2\/monumento_tipologia?post=58480"},{"taxonomy":"accessibilita","embeddable":true,"href":"https:\/\/monumentiaperti.com\/it\/wp-json\/wp\/v2\/accessibilita?post=58480"},{"taxonomy":"accessibilita_mezzi","embeddable":true,"href":"https:\/\/monumentiaperti.com\/it\/wp-json\/wp\/v2\/accessibilita_mezzi?post=58480"}],"curies":[{"name":"wp","href":"https:\/\/api.w.org\/{rel}","templated":true}]}}

<p>Chiamata in dialetto gallurese <em>Monti Incappiddhatu</em>, la roccia monumentale del Fungo è il simbolo della città. È l’esempio più emblematico tra i tafoni. Fin dall’era Terziaria, acqua, sole e vento hanno modellato il granito fino a dargli l’inusuale forma. Le antiche popolazioni del Neolitico (3500 a.C.) videro subito un rifugio ideale in quell’enorme masso col cappello. Con le altre capanne nate a poco a poco nei paraggi, si formò un piccolo villaggio abitato anche nell’età del Bronzo (1500 a.C.) e fino all’epoca Romana, tanto da dare all’insediamento il nome di <em>Turibulus Maior </em>(fungo grande). Frammenti ceramici, strumenti litici, avanzi di pasti, resti della lavorazione del latte, della filatura della lana e di fibre vegetali, così come segni di rifiuti risalenti a quei periodi sono stati rinvenuti in un vicino crepaccio.</p>
