{"id":98084,"date":"2024-07-31T12:41:38","date_gmt":"2024-07-31T10:41:38","guid":{"rendered":"https:\/\/monumentiaperti.com\/it\/?post_type=monumento&#038;p=98084"},"modified":"2024-08-22T12:24:15","modified_gmt":"2024-08-22T10:24:15","slug":"ex-montegranatico-3","status":"publish","type":"monumento","link":"https:\/\/monumentiaperti.com\/it\/monumenti\/ex-montegranatico-3\/","title":{"rendered":"Ex Montegranatico"},"content":{"rendered":"\n<p>Di fronte alla chiesa parrocchiale di San Giorgio si trova il Montegranatico la cui costruzione risale al XVIII secolo e, sebbene sia stato pi\u00f9 volte ristrutturato, \u00e8 ancora uno dei pi\u00f9 importanti esempi di architettura civile della Sardegna sud-occidentale. Il monte granatico (o frumentario) ha avuto un ruolo importante nella comunit\u00e0 sino a pochi decenni fa. Era una vera e propria banca che prestava ai contadini le sementi. L\u2019amministrazione locale del monte costituiva un fondo con le roadie (conferimenti e lavoro obbligatorio da parte dei contadini). Con le riforme del Bogino e di Vittorio Amedeo II, a partire dal 1760, furono costituiti i monti di soccorso, che prestavano denaro ai contadini a tassi minimi per l\u2019acquisto di bestiame e attrezzi agricoli, salvandoli dall\u2019usura.<\/p>\n","protected":false},"author":17,"featured_media":26360,"template":"","meta":{"COMUNE":[],"note":[],"indirizzo":[],"accessibilita_mezzi":[],"coordinates":[],"images":[],"adesioni":[],"footnotes":""},"monumento_tipologia":[558],"accessibilita":[],"accessibilita_mezzi":[],"class_list":["post-98084","monumento","type-monumento","status-publish","has-post-thumbnail","hentry","monumento_tipologia-bene-architettonico"],"_links":{"self":[{"href":"https:\/\/monumentiaperti.com\/it\/wp-json\/wp\/v2\/monumenti\/98084","targetHints":{"allow":["GET"]}}],"collection":[{"href":"https:\/\/monumentiaperti.com\/it\/wp-json\/wp\/v2\/monumenti"}],"about":[{"href":"https:\/\/monumentiaperti.com\/it\/wp-json\/wp\/v2\/types\/monumento"}],"author":[{"embeddable":true,"href":"https:\/\/monumentiaperti.com\/it\/wp-json\/wp\/v2\/users\/17"}],"version-history":[{"count":1,"href":"https:\/\/monumentiaperti.com\/it\/wp-json\/wp\/v2\/monumenti\/98084\/revisions"}],"predecessor-version":[{"id":98087,"href":"https:\/\/monumentiaperti.com\/it\/wp-json\/wp\/v2\/monumenti\/98084\/revisions\/98087"}],"wp:featuredmedia":[{"embeddable":true,"href":"https:\/\/monumentiaperti.com\/it\/wp-json\/wp\/v2\/media\/26360"}],"wp:attachment":[{"href":"https:\/\/monumentiaperti.com\/it\/wp-json\/wp\/v2\/media?parent=98084"}],"wp:term":[{"taxonomy":"monumento_tipologia","embeddable":true,"href":"https:\/\/monumentiaperti.com\/it\/wp-json\/wp\/v2\/monumento_tipologia?post=98084"},{"taxonomy":"accessibilita","embeddable":true,"href":"https:\/\/monumentiaperti.com\/it\/wp-json\/wp\/v2\/accessibilita?post=98084"},{"taxonomy":"accessibilita_mezzi","embeddable":true,"href":"https:\/\/monumentiaperti.com\/it\/wp-json\/wp\/v2\/accessibilita_mezzi?post=98084"}],"curies":[{"name":"wp","href":"https:\/\/api.w.org\/{rel}","templated":true}]}}

<p>Di fronte alla chiesa parrocchiale di San Giorgio si trova il Montegranatico la cui costruzione risale al XVIII secolo e, sebbene sia stato più volte ristrutturato, è ancora uno dei più importanti esempi di architettura civile della Sardegna sud-occidentale. Il monte granatico (o frumentario) ha avuto un ruolo importante nella comunità sino a pochi decenni fa. Era una vera e propria banca che prestava ai contadini le sementi. L’amministrazione locale del monte costituiva un fondo con le roadie (conferimenti e lavoro obbligatorio da parte dei contadini). Con le riforme del Bogino e di Vittorio Amedeo II, a partire dal 1760, furono costituiti i monti di soccorso, che prestavano denaro ai contadini a tassi minimi per l’acquisto di bestiame e attrezzi agricoli, salvandoli dall’usura.</p>
