{"id":28328,"date":"2019-06-24T11:37:45","date_gmt":"2019-06-24T10:37:45","guid":{"rendered":"https:\/\/monumentiaperti.org\/it\/?page_id=28328"},"modified":"2020-11-12T21:53:40","modified_gmt":"2020-11-12T20:53:40","slug":"premio-dellunione-europea-per-il-patrimonio-culturale-europa-nostra-award","status":"publish","type":"page","link":"https:\/\/monumentiaperti.com\/it\/premio-dellunione-europea-per-il-patrimonio-culturale-europa-nostra-award\/","title":{"rendered":"Premio dell\u2019Unione europea per il Patrimonio Culturale\/Europa Nostra Award"},"content":{"rendered":"<p>[fusion_builder_container hundred_percent=&#8221;yes&#8221; overflow=&#8221;visible&#8221;][fusion_builder_row][fusion_builder_column type=&#8221;2_3&#8243; last=&#8221;no&#8221; spacing=&#8221;yes&#8221; center_content=&#8221;no&#8221; hide_on_mobile=&#8221;no&#8221; background_color=&#8221;&#8221; background_image=&#8221;&#8221; background_repeat=&#8221;no-repeat&#8221; background_position=&#8221;left top&#8221; hover_type=&#8221;none&#8221; link=&#8221;&#8221; border_position=&#8221;all&#8221; border_size=&#8221;0px&#8221; border_color=&#8221;&#8221; border_style=&#8221;&#8221; padding=&#8221;&#8221; margin_top=&#8221;&#8221; margin_bottom=&#8221;&#8221; animation_type=&#8221;&#8221; animation_direction=&#8221;&#8221; animation_speed=&#8221;0.1&#8243; animation_offset=&#8221;&#8221; class=&#8221;&#8221; id=&#8221;&#8221;][fusion_text]Nel 2018 Monumenti Aperti \u00e8 stata premiata dalla Commissione europea ed Europa Nostra, la principale rete europea per il patrimonio culturale, con il <span style=\"color: #000000;\"><strong>Premio dell\u2019Unione europea per il Patrimonio Culturale \/ Europa Nostra Awards 2018<\/strong>.<br \/>\n<\/span>Giurie\u00a0di esperti indipendenti hanno valutato un totale di 160 candidature presentate da organizzazioni e soggetti individuali provenienti da 31 paesi di tutta Europa.<\/p>\n<blockquote><p><em>Il patrimonio culturale in tutte le sue forme \u00e8 una delle principali ricchezze d\u2019Europa: costruisce ponti tra le persone e le comunit\u00e0 e tra il passato e il futuro. Svolge un ruolo fondamentale per la nostra identit\u00e0 europea e d\u00e0 impulso allo sviluppo sociale ed economico. Mi congratulo con i vincitori del Premio dell\u2019Unione europea per il Patrimonio Culturale \/ Europa Nostra Awards 2018 e con i loro team per il lavoro eccezionale e innovativo che hanno svolto. Grazie al loro talento e al loro impegno molti tesori del patrimonio culturale europeo sono stati salvaguardati e rilanciati e, cosa ancor pi\u00f9 importante, il loro lavoro consente alle persone provenienti dai contesti pi\u00f9 diversi di scoprire, esplorare e conoscere da vicino il nostro ricco patrimonio culturale, nel pieno spirito dell\u2019Anno europeo del patrimonio culturale che celebriamo nel 2018 \u2013<\/em><em>\u00a0ha affermato\u00a0<span style=\"color: #000000;\"><strong>Tibor Navracsics<\/strong><\/span>, Commissario europeo per l\u2019Istruzione, la cultura, i giovani e lo sport.<\/em><\/p>\n<p><em>\u201cMi congratulo vivamente con i \u2018campioni del patrimonio culturale\u2019 che sono stati selezionati come vincitori del Premio dell\u2019Unione europea per il Patrimonio Culturale \/ Europa Nostra Awards di quest\u2019anno. Siamo profondamente colpiti dalle eccezionali competenze, creativit\u00e0 e generosit\u00e0 di cos\u00ec tanti professionisti, volontari e sostenitori di tutta Europa nel campo della conservazione del patrimonio culturale. Meritano tutto il nostro apprezzamento e ulteriore sostegno,\u00a0e sono la prova tangibile del fatto che il patrimonio culturale \u00e8 ben pi\u00f9 di un ricordo del nostro passato: \u00e8 la chiave per comprendere il nostro presente e una risorsa per il nostro futuro. Dobbiamo quindi cogliere l\u2019occasione offerta dall\u2019Anno europeo del Patrimonio Culturale per riconoscere il valore che il nostro patrimonio culturale condiviso riveste per il futuro dell\u2019Europa!<\/em><em>\u201d \u2013 ha affermato\u00a0<span style=\"color: #000000;\"><strong>Pl\u00e1cido Domingo<\/strong><\/span>, il famoso cantante lirico e Presidente di Europa Nostra.<\/em><\/p><\/blockquote>\n<p>Il 22 giugno <em>Monumenti Aperti<\/em>\u00a0e gli altri 28 vincitori,\u00a0provenienti da 17 paesi che hanno preso parte al programma europeo per l\u2019Europa creativa, hanno ritirato il premio\u00a0<strong>Europa Nostra Awards 2018,<\/strong> un riconoscimento per gli eccezionali risultati conseguiti nelle categorie Conservazione, Ricerca, Contributi esemplari e Istruzione, Formazione e Sensibilizzazione.<\/p>\n<p style=\"font-weight: 400;\">La presentazione di\u00a0<em><strong>Monumenti Aperti<\/strong><\/em> da parte di Fabrizio Frongia, presidente di Imago Mundi, durante la cerimonia ufficiale di<em><strong>\u00a0<span style=\"color: #333399;\"><a style=\"color: #333399;\" href=\"http:\/\/european-cultural-heritage-summit.eu\/\" target=\"_blank\" rel=\"noopener noreferrer\">premiazione dell&#8217;Unione Europea per il patrimonio culturale<\/a><\/span>\u00a0<\/strong><\/em>al centro congressi di Berlino, ha suscitato grande curiosit\u00e0 e attenzione tra gli altri premiati.<\/p>\n<blockquote>\n<p class=\"p1\"><span class=\"s1\"><i>Mi congratulo con tutti i vincitori del premio dell&#8217;Unione europea per i beni culturali \/ Europa Nostra 2018 per i loro notevoli risultati.\u00a0Mostrando e promuovendo il patrimonio culturale in tutte le sue diverse forme, saranno fonte di ispirazione per gli altri e contribuiranno a costruire ponti tra persone di diversa provenienza.\u00a0Questo \u00e8 l&#8217;anno europeo dei beni culturali, ed \u00e8 per questo che la cerimonia di quest&#8217;anno \u00e8 particolarmente importante.\u00a0Al termine dell&#8217;Anno europeo, la Commissione presenter\u00e0 un piano d&#8217;azione per i beni culturali per garantire che il nostro impegno comune a preservare il patrimonio culturale rimanga una priorit\u00e0 assoluta nell&#8217;agenda politica dell&#8217;Unione europea. <\/i><span style=\"color: #000000;\"><strong>E&#8217; quanto ha dichiarato il Commissario europeo per l&#8217;istruzione, la cultura, la giovent\u00f9 e lo sport,<i>\u00a0<\/i><\/strong><\/span><\/span><span style=\"color: #000000;\"><strong><span class=\"s1\">Tibor Navracsics, il presentatore della cerimonia<\/span><\/strong><\/span><\/p>\n<\/blockquote>\n<p style=\"font-weight: 400;\">Ecco l&#8217;intervento del commissario europeo Tibor Navracsics sul potere della creativit\u00e0 e la necessit\u00e0 di finanziamenti culturali europei. <a href=\"https:\/\/www.tagesspiegel.de\/kultur\/europaeisches-kulturerbejahr-2018-gezielt-in-die-kultur-investieren\/22697684.html\" target=\"_blank\" rel=\"noopener noreferrer\"><span style=\"color: #333399;\"><strong>LEGGI QUI<\/strong><\/span><\/a><\/p>\n<p class=\"p1\"><span class=\"s1\">I<span style=\"color: #000000;\">\u00a0<b>7 vincitori del Grand Prix<\/b><\/span>, selezionati da una\u00a0<span style=\"color: #333399;\"><a style=\"color: #333399;\" href=\"http:\/\/www.europeanheritageawards.eu\/jury\/\"><span class=\"s2\">giuria<\/span><\/a><\/span>\u00a0di esperti e aventi diritto a ricevere \u20ac 10.000 ciascuno, sono:<\/span><\/p>\n<ul>\n<li class=\"p1\"><span class=\"s1\"><b>Conservazione di categoria\u00a0<\/b><br \/>\n<span style=\"color: #333399;\"><a style=\"color: #333399;\" href=\"http:\/\/www.europeanheritageawards.eu\/winners\/dr-barners-sanatorium\/\"><span class=\"s2\">Sanatorio Dr. Barner, Braunlage \/ Harz, GERMANIA\u00a0<\/span><\/a><\/span><br \/>\n<span style=\"color: #333399;\"> <a style=\"color: #333399;\" href=\"http:\/\/www.europeanheritageawards.eu\/winners\/byzantine-church-hagia-kyriaki\/\"><span class=\"s2\">Chiesa bizantina di Hagia Kyriaki, Naxos, GRECIA\u00a0<\/span><\/a><\/span><br \/>\n<span class=\"s2\" style=\"color: #333399;\"> <a style=\"color: #333399;\" href=\"http:\/\/www.europeanheritageawards.eu\/winners\/the-bac-fortress\/\">La fortezza di Ba\u010d, Ba\u010d, Serbia<\/a><\/span><\/span><\/li>\n<\/ul>\n<ul>\n<li class=\"p1\"><span class=\"s1\"><b>Categoria di ricerca\u00a0<\/b><br \/>\n<span class=\"s2\" style=\"color: #333399;\"><a style=\"color: #333399;\" href=\"http:\/\/www.europeanheritageawards.eu\/winners\/epico-european-protocol-preventive-conservation-coordinated-versailles\/\">EPICO: Protocollo europeo sulla conservazione preventiva, coordinato a Versailles, FRANCIA<\/a><\/span><\/span><\/li>\n<\/ul>\n<ul>\n<li class=\"p1\"><b>Categoria Servizio dedicato<br \/>\n<\/b><span style=\"color: #333399;\"><span class=\"s2\"><a style=\"color: #333399;\" href=\"http:\/\/www.europeanheritageawards.eu\/winners\/mrs-tone-sinding-steinsvik\/\">Sig.ra Tone Sinding Steinsvik, NORVEGIA<br \/>\n<\/a><\/span><span class=\"s2\"><a style=\"color: #333399;\" href=\"http:\/\/www.europeanheritageawards.eu\/winners\/private-water-owners-argual-tazacorte\/\">Proprietari privati \u200b\u200bdi acqua di Argual e Tazacorte, Isole Canarie, SPAGNA<\/a><\/span><\/span><\/li>\n<\/ul>\n<ul>\n<li class=\"p2\"><span class=\"s3\"><b>Categoria: Istruzione, formazione e sensibilizzazione: raccolgono\u00a0<\/b><br \/>\n<span style=\"color: #333399;\"><a style=\"color: #333399;\" href=\"http:\/\/www.europeanheritageawards.eu\/winners\/culture-leap-educational-programme\/\"><span class=\"s2\">cultura: programma educativo, Finlandia<\/span><\/a><\/span><\/span><\/li>\n<\/ul>\n<p class=\"p2\"><span class=\"s3\">Il\u00a0\u00a0<span style=\"color: #000000;\"><b>Public Choice Award <\/b><\/span>\u00e8\u00a0andato al restauro del\u00a0<span style=\"color: #333399;\"><a style=\"color: #333399;\" href=\"http:\/\/www.europeanheritageawards.eu\/winners\/botanical-garden-national-palace-queluz\/\"><span class=\"s2\">Giardino Botanico del Palazzo Nazionale di Queluz, Sintra, in Portogallo<\/span><\/a><\/span>.<\/span><\/p>\n<blockquote><p><img decoding=\"async\" class=\"size-full wp-image-13960 alignleft\" src=\"https:\/\/monumentiaperti.org\/it\/wp-content\/uploads\/2016\/01\/logo-Europa-Nostra-1.png\" alt=\"\" width=\"197\" height=\"220\" \/><\/p>\n<p class=\"p2\"><span class=\"s1\"><i>Il primo vertice europeo del patrimonio culturale di Berlino ha riunito campioni del patrimonio, reti ed esperti;\u00a0artisti e giornalisti;\u00a0responsabili decisionali di alto livello che operano a livello locale, regionale, nazionale ed europeo, nonch\u00e9 numerose organizzazioni della societ\u00e0 civile e cittadini.\u00a0Il nostro Summit \u00e8 stato un&#8217;occasione unica per dimostrare la nostra ferma volont\u00e0 di unire le forze per costruire un&#8217;Europa futura basata e ispirata dalla bellezza e dalla variet\u00e0 del nostro patrimonio condiviso e dei nostri valori condivisi. <\/i><strong>Ha affermato il Presidente di Europa Nostra\u00a0<\/strong><\/span><strong><span class=\"s1\">Pl\u00e1cido Domingo<\/span><\/strong><\/p>\n<\/blockquote>\n<p>[\/fusion_text][\/fusion_builder_column][fusion_builder_column type=&#8221;1_3&#8243; last=&#8221;yes&#8221; spacing=&#8221;yes&#8221; center_content=&#8221;no&#8221; hide_on_mobile=&#8221;no&#8221; background_color=&#8221;&#8221; background_image=&#8221;&#8221; background_repeat=&#8221;no-repeat&#8221; background_position=&#8221;left top&#8221; hover_type=&#8221;none&#8221; link=&#8221;&#8221; border_position=&#8221;all&#8221; border_size=&#8221;0px&#8221; border_color=&#8221;&#8221; border_style=&#8221;&#8221; padding=&#8221;&#8221; margin_top=&#8221;&#8221; margin_bottom=&#8221;&#8221; animation_type=&#8221;&#8221; animation_direction=&#8221;&#8221; animation_speed=&#8221;0.1&#8243; animation_offset=&#8221;&#8221; class=&#8221;&#8221; id=&#8221;&#8221;][fusion_imageframe lightbox=&#8221;no&#8221; gallery_id=&#8221;&#8221; lightbox_image=&#8221;&#8221; style_type=&#8221;none&#8221; hover_type=&#8221;none&#8221; bordercolor=&#8221;&#8221; bordersize=&#8221;0px&#8221; borderradius=&#8221;0&#8243; stylecolor=&#8221;&#8221; align=&#8221;none&#8221; link=&#8221;&#8221; linktarget=&#8221;_self&#8221; animation_type=&#8221;0&#8243; animation_direction=&#8221;down&#8221; animation_speed=&#8221;0.1&#8243; animation_offset=&#8221;&#8221; hide_on_mobile=&#8221;no&#8221; class=&#8221;&#8221; id=&#8221;&#8221;] <img decoding=\"async\" src=\"https:\/\/monumentiaperti.org\/it\/wp-content\/uploads\/2019\/04\/Premio-di-berlino-3-1-1-1-3-2.jpg\" alt=\"\" \/>[\/fusion_imageframe][\/fusion_builder_column][\/fusion_builder_row][\/fusion_builder_container]<\/p>\n","protected":false},"excerpt":{"rendered":"<p>[fusion_builder_container hundred_percent=&#8221;yes&#8221; overflow=&#8221;visible&#8221;][fusion_builder_row][fusion_builder_column type=&#8221;2_3&#8243; last=&#8221;no&#8221; spacing=&#8221;yes&#8221; center_content=&#8221;no&#8221; hide_on_mobile=&#8221;no&#8221; background_color=&#8221;&#8221; background_image=&#8221;&#8221; background_repeat=&#8221;no-repeat&#8221; background_position=&#8221;left top&#8221; hover_type=&#8221;none&#8221; link=&#8221;&#8221; border_position=&#8221;all&#8221; border_size=&#8221;0px&#8221; border_color=&#8221;&#8221; border_style=&#8221;&#8221; padding=&#8221;&#8221; margin_top=&#8221;&#8221; margin_bottom=&#8221;&#8221; animation_type=&#8221;&#8221; animation_direction=&#8221;&#8221; animation_speed=&#8221;0.1&#8243; animation_offset=&#8221;&#8221; class=&#8221;&#8221; id=&#8221;&#8221;][fusion_text]Nel 2018 Monumenti [&hellip;]<\/p>\n","protected":false},"author":2,"featured_media":0,"parent":0,"menu_order":0,"comment_status":"closed","ping_status":"closed","template":"","meta":{"footnotes":""},"class_list":["post-28328","page","type-page","status-publish","hentry"],"_links":{"self":[{"href":"https:\/\/monumentiaperti.com\/it\/wp-json\/wp\/v2\/pages\/28328","targetHints":{"allow":["GET"]}}],"collection":[{"href":"https:\/\/monumentiaperti.com\/it\/wp-json\/wp\/v2\/pages"}],"about":[{"href":"https:\/\/monumentiaperti.com\/it\/wp-json\/wp\/v2\/types\/page"}],"author":[{"embeddable":true,"href":"https:\/\/monumentiaperti.com\/it\/wp-json\/wp\/v2\/users\/2"}],"replies":[{"embeddable":true,"href":"https:\/\/monumentiaperti.com\/it\/wp-json\/wp\/v2\/comments?post=28328"}],"version-history":[{"count":0,"href":"https:\/\/monumentiaperti.com\/it\/wp-json\/wp\/v2\/pages\/28328\/revisions"}],"wp:attachment":[{"href":"https:\/\/monumentiaperti.com\/it\/wp-json\/wp\/v2\/media?parent=28328"}],"curies":[{"name":"wp","href":"https:\/\/api.w.org\/{rel}","templated":true}]}}

<p>[fusion_builder_container hundred_percent=&#8221;yes&#8221; overflow=&#8221;visible&#8221;][fusion_builder_row][fusion_builder_column type=&#8221;2_3&#8243; last=&#8221;no&#8221; spacing=&#8221;yes&#8221; center_content=&#8221;no&#8221; hide_on_mobile=&#8221;no&#8221; background_color=&#8221;&#8221; background_image=&#8221;&#8221; background_repeat=&#8221;no-repeat&#8221; background_position=&#8221;left top&#8221; hover_type=&#8221;none&#8221; link=&#8221;&#8221; border_position=&#8221;all&#8221; border_size=&#8221;0px&#8221; border_color=&#8221;&#8221; border_style=&#8221;&#8221; padding=&#8221;&#8221; margin_top=&#8221;&#8221; margin_bottom=&#8221;&#8221; animation_type=&#8221;&#8221; animation_direction=&#8221;&#8221; animation_speed=&#8221;0.1&#8243; animation_offset=&#8221;&#8221; class=&#8221;&#8221; id=&#8221;&#8221;][fusion_text]Nel 2018 Monumenti Aperti è stata premiata dalla Commissione europea ed Europa Nostra, la principale rete europea per il patrimonio culturale, con il <span style="color: #000000;"><strong>Premio dell’Unione europea per il Patrimonio Culturale / Europa Nostra Awards 2018</strong>.<br />
</span>Giurie di esperti indipendenti hanno valutato un totale di 160 candidature presentate da organizzazioni e soggetti individuali provenienti da 31 paesi di tutta Europa.</p>
<blockquote><p><em>Il patrimonio culturale in tutte le sue forme è una delle principali ricchezze d’Europa: costruisce ponti tra le persone e le comunità e tra il passato e il futuro. Svolge un ruolo fondamentale per la nostra identità europea e dà impulso allo sviluppo sociale ed economico. Mi congratulo con i vincitori del Premio dell’Unione europea per il Patrimonio Culturale / Europa Nostra Awards 2018 e con i loro team per il lavoro eccezionale e innovativo che hanno svolto. Grazie al loro talento e al loro impegno molti tesori del patrimonio culturale europeo sono stati salvaguardati e rilanciati e, cosa ancor più importante, il loro lavoro consente alle persone provenienti dai contesti più diversi di scoprire, esplorare e conoscere da vicino il nostro ricco patrimonio culturale, nel pieno spirito dell’Anno europeo del patrimonio culturale che celebriamo nel 2018 –</em><em> ha affermato <span style="color: #000000;"><strong>Tibor Navracsics</strong></span>, Commissario europeo per l’Istruzione, la cultura, i giovani e lo sport.</em></p>
<p><em>“Mi congratulo vivamente con i ‘campioni del patrimonio culturale’ che sono stati selezionati come vincitori del Premio dell’Unione europea per il Patrimonio Culturale / Europa Nostra Awards di quest’anno. Siamo profondamente colpiti dalle eccezionali competenze, creatività e generosità di così tanti professionisti, volontari e sostenitori di tutta Europa nel campo della conservazione del patrimonio culturale. Meritano tutto il nostro apprezzamento e ulteriore sostegno, e sono la prova tangibile del fatto che il patrimonio culturale è ben più di un ricordo del nostro passato: è la chiave per comprendere il nostro presente e una risorsa per il nostro futuro. Dobbiamo quindi cogliere l’occasione offerta dall’Anno europeo del Patrimonio Culturale per riconoscere il valore che il nostro patrimonio culturale condiviso riveste per il futuro dell’Europa!</em><em>” – ha affermato <span style="color: #000000;"><strong>Plácido Domingo</strong></span>, il famoso cantante lirico e Presidente di Europa Nostra.</em></p></blockquote>
<p>Il 22 giugno <em>Monumenti Aperti</em> e gli altri 28 vincitori, provenienti da 17 paesi che hanno preso parte al programma europeo per l’Europa creativa, hanno ritirato il premio <strong>Europa Nostra Awards 2018,</strong> un riconoscimento per gli eccezionali risultati conseguiti nelle categorie Conservazione, Ricerca, Contributi esemplari e Istruzione, Formazione e Sensibilizzazione.</p>
<p style="font-weight: 400;">La presentazione di <em><strong>Monumenti Aperti</strong></em> da parte di Fabrizio Frongia, presidente di Imago Mundi, durante la cerimonia ufficiale di<em><strong> <span style="color: #333399;"><a style="color: #333399;" href="http://european-cultural-heritage-summit.eu/" target="_blank" rel="noopener noreferrer">premiazione dell&#8217;Unione Europea per il patrimonio culturale</a></span> </strong></em>al centro congressi di Berlino, ha suscitato grande curiosità e attenzione tra gli altri premiati.</p>
<blockquote>
<p class="p1"><span class="s1"><i>Mi congratulo con tutti i vincitori del premio dell&#8217;Unione europea per i beni culturali / Europa Nostra 2018 per i loro notevoli risultati. Mostrando e promuovendo il patrimonio culturale in tutte le sue diverse forme, saranno fonte di ispirazione per gli altri e contribuiranno a costruire ponti tra persone di diversa provenienza. Questo è l&#8217;anno europeo dei beni culturali, ed è per questo che la cerimonia di quest&#8217;anno è particolarmente importante. Al termine dell&#8217;Anno europeo, la Commissione presenterà un piano d&#8217;azione per i beni culturali per garantire che il nostro impegno comune a preservare il patrimonio culturale rimanga una priorità assoluta nell&#8217;agenda politica dell&#8217;Unione europea. </i><span style="color: #000000;"><strong>E&#8217; quanto ha dichiarato il Commissario europeo per l&#8217;istruzione, la cultura, la gioventù e lo sport,<i> </i></strong></span></span><span style="color: #000000;"><strong><span class="s1">Tibor Navracsics, il presentatore della cerimonia</span></strong></span></p>
</blockquote>
<p style="font-weight: 400;">Ecco l&#8217;intervento del commissario europeo Tibor Navracsics sul potere della creatività e la necessità di finanziamenti culturali europei. <a href="https://www.tagesspiegel.de/kultur/europaeisches-kulturerbejahr-2018-gezielt-in-die-kultur-investieren/22697684.html" target="_blank" rel="noopener noreferrer"><span style="color: #333399;"><strong>LEGGI QUI</strong></span></a></p>
<p class="p1"><span class="s1">I<span style="color: #000000;"> <b>7 vincitori del Grand Prix</b></span>, selezionati da una <span style="color: #333399;"><a style="color: #333399;" href="http://www.europeanheritageawards.eu/jury/"><span class="s2">giuria</span></a></span> di esperti e aventi diritto a ricevere € 10.000 ciascuno, sono:</span></p>
<ul>
<li class="p1"><span class="s1"><b>Conservazione di categoria </b><br />
<span style="color: #333399;"><a style="color: #333399;" href="http://www.europeanheritageawards.eu/winners/dr-barners-sanatorium/"><span class="s2">Sanatorio Dr. Barner, Braunlage / Harz, GERMANIA </span></a></span><br />
<span style="color: #333399;"> <a style="color: #333399;" href="http://www.europeanheritageawards.eu/winners/byzantine-church-hagia-kyriaki/"><span class="s2">Chiesa bizantina di Hagia Kyriaki, Naxos, GRECIA </span></a></span><br />
<span class="s2" style="color: #333399;"> <a style="color: #333399;" href="http://www.europeanheritageawards.eu/winners/the-bac-fortress/">La fortezza di Bač, Bač, Serbia</a></span></span></li>
</ul>
<ul>
<li class="p1"><span class="s1"><b>Categoria di ricerca </b><br />
<span class="s2" style="color: #333399;"><a style="color: #333399;" href="http://www.europeanheritageawards.eu/winners/epico-european-protocol-preventive-conservation-coordinated-versailles/">EPICO: Protocollo europeo sulla conservazione preventiva, coordinato a Versailles, FRANCIA</a></span></span></li>
</ul>
<ul>
<li class="p1"><b>Categoria Servizio dedicato<br />
</b><span style="color: #333399;"><span class="s2"><a style="color: #333399;" href="http://www.europeanheritageawards.eu/winners/mrs-tone-sinding-steinsvik/">Sig.ra Tone Sinding Steinsvik, NORVEGIA<br />
</a></span><span class="s2"><a style="color: #333399;" href="http://www.europeanheritageawards.eu/winners/private-water-owners-argual-tazacorte/">Proprietari privati ​​di acqua di Argual e Tazacorte, Isole Canarie, SPAGNA</a></span></span></li>
</ul>
<ul>
<li class="p2"><span class="s3"><b>Categoria: Istruzione, formazione e sensibilizzazione: raccolgono </b><br />
<span style="color: #333399;"><a style="color: #333399;" href="http://www.europeanheritageawards.eu/winners/culture-leap-educational-programme/"><span class="s2">cultura: programma educativo, Finlandia</span></a></span></span></li>
</ul>
<p class="p2"><span class="s3">Il  <span style="color: #000000;"><b>Public Choice Award </b></span>è andato al restauro del <span style="color: #333399;"><a style="color: #333399;" href="http://www.europeanheritageawards.eu/winners/botanical-garden-national-palace-queluz/"><span class="s2">Giardino Botanico del Palazzo Nazionale di Queluz, Sintra, in Portogallo</span></a></span>.</span></p>
<blockquote><p><img decoding="async" class="size-full wp-image-13960 alignleft" src="https://monumentiaperti.org/it/wp-content/uploads/2016/01/logo-Europa-Nostra-1.png" alt="" width="197" height="220" /></p>
<p class="p2"><span class="s1"><i>Il primo vertice europeo del patrimonio culturale di Berlino ha riunito campioni del patrimonio, reti ed esperti; artisti e giornalisti; responsabili decisionali di alto livello che operano a livello locale, regionale, nazionale ed europeo, nonché numerose organizzazioni della società civile e cittadini. Il nostro Summit è stato un&#8217;occasione unica per dimostrare la nostra ferma volontà di unire le forze per costruire un&#8217;Europa futura basata e ispirata dalla bellezza e dalla varietà del nostro patrimonio condiviso e dei nostri valori condivisi. </i><strong>Ha affermato il Presidente di Europa Nostra </strong></span><strong><span class="s1">Plácido Domingo</span></strong></p>
</blockquote>
<p>[/fusion_text][/fusion_builder_column][fusion_builder_column type=&#8221;1_3&#8243; last=&#8221;yes&#8221; spacing=&#8221;yes&#8221; center_content=&#8221;no&#8221; hide_on_mobile=&#8221;no&#8221; background_color=&#8221;&#8221; background_image=&#8221;&#8221; background_repeat=&#8221;no-repeat&#8221; background_position=&#8221;left top&#8221; hover_type=&#8221;none&#8221; link=&#8221;&#8221; border_position=&#8221;all&#8221; border_size=&#8221;0px&#8221; border_color=&#8221;&#8221; border_style=&#8221;&#8221; padding=&#8221;&#8221; margin_top=&#8221;&#8221; margin_bottom=&#8221;&#8221; animation_type=&#8221;&#8221; animation_direction=&#8221;&#8221; animation_speed=&#8221;0.1&#8243; animation_offset=&#8221;&#8221; class=&#8221;&#8221; id=&#8221;&#8221;][fusion_imageframe lightbox=&#8221;no&#8221; gallery_id=&#8221;&#8221; lightbox_image=&#8221;&#8221; style_type=&#8221;none&#8221; hover_type=&#8221;none&#8221; bordercolor=&#8221;&#8221; bordersize=&#8221;0px&#8221; borderradius=&#8221;0&#8243; stylecolor=&#8221;&#8221; align=&#8221;none&#8221; link=&#8221;&#8221; linktarget=&#8221;_self&#8221; animation_type=&#8221;0&#8243; animation_direction=&#8221;down&#8221; animation_speed=&#8221;0.1&#8243; animation_offset=&#8221;&#8221; hide_on_mobile=&#8221;no&#8221; class=&#8221;&#8221; id=&#8221;&#8221;] <img decoding="async" src="https://monumentiaperti.org/it/wp-content/uploads/2019/04/Premio-di-berlino-3-1-1-1-3-2.jpg" alt="" />[/fusion_imageframe][/fusion_builder_column][/fusion_builder_row][/fusion_builder_container]</p>
