{"id":866,"date":"2016-01-25T10:32:35","date_gmt":"2016-01-25T09:32:35","guid":{"rendered":"http:\/\/monumentiaperti.org\/it\/?page_id=866"},"modified":"2025-11-19T12:31:04","modified_gmt":"2025-11-19T10:31:04","slug":"sostieni-monumenti-aperti","status":"publish","type":"page","link":"https:\/\/monumentiaperti.com\/it\/sostieni-monumenti-aperti\/","title":{"rendered":"Sostieni Monumenti Aperti"},"content":{"rendered":"\t\t<div data-elementor-type=\"wp-page\" data-elementor-id=\"866\" class=\"elementor elementor-866\" data-elementor-post-type=\"page\">\n\t\t\t\t<div class=\"elementor-element elementor-element-557e607c elementor-hidden-desktop elementor-hidden-tablet elementor-hidden-mobile e-flex e-con-boxed e-con e-parent\" data-id=\"557e607c\" data-element_type=\"container\" data-e-type=\"container\">\n\t\t\t\t\t<div class=\"e-con-inner\">\n\t\t\t\t<div class=\"elementor-element elementor-element-1c9c4d69 elementor-widget elementor-widget-shortcode\" data-id=\"1c9c4d69\" data-element_type=\"widget\" data-e-type=\"widget\" data-widget_type=\"shortcode.default\">\n\t\t\t\t<div class=\"elementor-widget-container\">\n\t\t\t\t\t\t\t<div class=\"elementor-shortcode\">[fusion_builder_container hundred_percent=\"yes\" overflow=\"visible\"][fusion_builder_row][fusion_builder_column type=\"1_1\" background_position=\"left top\" background_color=\"\" border_size=\"\" border_color=\"\" border_style=\"solid\" spacing=\"yes\" background_image=\"\" background_repeat=\"no-repeat\" padding=\"\" margin_top=\"0px\" margin_bottom=\"0px\" class=\"\" id=\"\" animation_type=\"\" animation_speed=\"0.3\" animation_direction=\"left\" hide_on_mobile=\"no\" center_content=\"no\" min_height=\"none\"][fusion_text]<em><strong>Monumenti Aperti<\/strong><\/em>\u00a0\u00e8 una manifestazione nata nel 1997 grazie all'intuizione geniale di un gruppo di amici che qualche anno prima diedero vita all'associazione Ipogeo. Dal 1999 Monumenti Aperti \u00e8 organizzata dall\u2019Associazione Culturale Onlus Imago Mundi, che coordina la rete nazionale dell'evento e che beneficia di un contributo economico erogato dalle pubbliche amministrazioni. Tra gli stanziamenti periodici spiccano per entit\u00e0 quelli\u00a0degli Assessorati del Turismo e della Cultura della Regione Sardegna e\u00a0degli Assessorati della Cultura e del Turismo del Comune di Cagliari.\r\n\r\nFondamentale \u00e8 soprattutto la collaborazione dei numerosissimi volontari senza i quali la manifestazione non esisterebbe, non avrebbe raggiunto le dimensioni attuali e non sarebbe caratterizzata da quell'entusiasmo che accompagna ormai da 20 anni quest'evento costante, inizialmente realizzato solo nella citt\u00e0 di Cagliari, poi divenuto un appuntamento annuale fisso, atteso e realizzato in molte realt\u00e0 della regione e, da qualche anno, la manifestazione ha attraversato il mare per essere realizzata anche in alcune realt\u00e0 a livello nazionale... e la rete \u00e8 destinata a crescere.\r\n\r\nIdeata per costituire uno stimolo alla tutela e alla valorizzazione dei Beni culturali e ambientali e come occasione di comune impegno tra associazioni, scuole, enti pubblici e privati, istituzioni, e liberi volontari, <em><strong>Monumenti Aperti<\/strong><\/em> si \u00e8 rivelata\u00a0una grande occasione di crescita civile e culturale personale.\r\n\r\nPer lo sviluppo e la crescita di questa manifestazione <span style=\"text-decoration: underline;\"><strong>ABBIAMO BISOGNO ANCHE DI TE!<\/strong><\/span>\r\n\r\n[\/fusion_text][\/fusion_builder_column][fusion_builder_column type=\"1_2\" last=\"no\" spacing=\"yes\" center_content=\"no\" hide_on_mobile=\"no\" background_color=\"\" background_image=\"\" background_repeat=\"no-repeat\" background_position=\"left top\" hover_type=\"none\" link=\"\" border_position=\"all\" border_size=\"0px\" border_color=\"\" border_style=\"\" padding=\"\" margin_top=\"\" margin_bottom=\"\" animation_type=\"\" animation_direction=\"\" animation_speed=\"0.1\" animation_offset=\"\" class=\"\" id=\"\"][fusion_button link=\"http:\/\/monumentiaperti.org\/it\/volontari\/\" color=\"default\" size=\"\" stretch=\"\" type=\"\" shape=\"\" target=\"_self\" title=\"\" gradient_colors=\"#1e73be|#1e73be\" gradient_hover_colors=\"|\" accent_color=\"\" accent_hover_color=\"\" bevel_color=\"\" border_width=\"\" icon=\"fa-renren\" icon_position=\"left\" icon_divider=\"yes\" modal=\"\" animation_type=\"0\" animation_direction=\"left\" animation_speed=\"1\" animation_offset=\"\" alignment=\"\" class=\"\" id=\"\"]COLLABORA[\/fusion_button][\/fusion_builder_column][fusion_builder_column type=\"1_2\" last=\"yes\" spacing=\"yes\" center_content=\"no\" hide_on_mobile=\"no\" background_color=\"\" background_image=\"\" background_repeat=\"no-repeat\" background_position=\"left top\" hover_type=\"none\" link=\"\" border_position=\"all\" border_size=\"0px\" border_color=\"\" border_style=\"\" padding=\"\" margin_top=\"\" margin_bottom=\"\" animation_type=\"\" animation_direction=\"\" animation_speed=\"0.1\" animation_offset=\"\" class=\"\" id=\"\"][fusion_button link=\"http:\/\/monumentiaperti.org\/it\/donazione\/\" color=\"default\" size=\"\" stretch=\"\" type=\"\" shape=\"\" target=\"_self\" title=\"\" gradient_colors=\"#1e73be|#1e73be\" gradient_hover_colors=\"|\" accent_color=\"\" accent_hover_color=\"\" bevel_color=\"\" border_width=\"\" icon=\"fa-credit-card\" icon_position=\"left\" icon_divider=\"yes\" modal=\"\" animation_type=\"0\" animation_direction=\"left\" animation_speed=\"1\" animation_offset=\"\" alignment=\"\" class=\"\" id=\"\"]DONA[\/fusion_button][\/fusion_builder_column][\/fusion_builder_row][\/fusion_builder_container]<\/div>\n\t\t\t\t\t\t<\/div>\n\t\t\t\t<\/div>\n\t\t\t\t\t<\/div>\n\t\t\t\t<\/div>\n\t\t<div class=\"elementor-element elementor-element-b570d4c e-flex e-con-boxed e-con e-parent\" data-id=\"b570d4c\" data-element_type=\"container\" data-e-type=\"container\">\n\t\t\t\t\t<div class=\"e-con-inner\">\n\t\t<div class=\"elementor-element elementor-element-b1a0932 e-con-full e-flex e-con e-child\" data-id=\"b1a0932\" data-element_type=\"container\" data-e-type=\"container\">\n\t\t\t\t<div class=\"elementor-element elementor-element-8368633 elementor-widget elementor-widget-video\" data-id=\"8368633\" data-element_type=\"widget\" data-e-type=\"widget\" data-settings=\"{&quot;video_type&quot;:&quot;hosted&quot;,&quot;controls&quot;:&quot;yes&quot;}\" data-widget_type=\"video.default\">\n\t\t\t\t<div class=\"elementor-widget-container\">\n\t\t\t\t\t\t\t<div class=\"e-hosted-video elementor-wrapper elementor-open-inline\">\n\t\t\t\t\t<video class=\"elementor-video\" src=\"https:\/\/monumentiaperti.org\/it\/wp-content\/uploads\/2023\/11\/Fabrizio-Frongia_Risultati-Ottenuti.mp4\" controls=\"\" preload=\"metadata\" controlsList=\"nodownload\"><\/video>\n\t\t\t\t<\/div>\n\t\t\t\t\t\t<\/div>\n\t\t\t\t<\/div>\n\t\t\t\t<\/div>\n\t\t<div class=\"elementor-element elementor-element-ca5be19 e-con-full e-flex e-con e-child\" data-id=\"ca5be19\" data-element_type=\"container\" data-e-type=\"container\">\n\t\t\t\t<div class=\"elementor-element elementor-element-2f9b5c4 elementor-widget__width-inherit elementor-widget elementor-widget-text-editor\" data-id=\"2f9b5c4\" data-element_type=\"widget\" data-e-type=\"widget\" data-widget_type=\"text-editor.default\">\n\t\t\t\t<div class=\"elementor-widget-container\">\n\t\t\t\t\t\t\t\t\t<p>Fondamentale \u00e8 soprattutto la collaborazione dei numerosissimi volontari senza i quali la manifestazione non esisterebbe, non avrebbe raggiunto le dimensioni attuali e non sarebbe caratterizzata da quell\u2019entusiasmo che accompagna ormai da quasi 30 anni quest\u2019evento costante, inizialmente realizzato solo nella citt\u00e0 di Cagliari, poi divenuto un appuntamento annuale fisso, atteso e realizzato in molte realt\u00e0 della regione e, da qualche anno, la manifestazione ha attraversato il mare per essere realizzata anche in alcune realt\u00e0 a livello nazionale\u2026 e la rete \u00e8 destinata a crescere.<br \/><br \/>Ideata per costituire uno stimolo alla tutela e alla valorizzazione dei Beni culturali e ambientali e come occasione di comune impegno tra associazioni, scuole, enti pubblici e privati, istituzioni, e liberi volontari,\u00a0<em><strong>Monumenti Aperti<\/strong><\/em>\u00a0si \u00e8 rivelata\u00a0una grande occasione di crescita civile e culturale personale.<\/p>\t\t\t\t\t\t\t\t<\/div>\n\t\t\t\t<\/div>\n\t\t\t\t<div class=\"elementor-element elementor-element-0a7a602 elementor-widget elementor-widget-button\" data-id=\"0a7a602\" data-element_type=\"widget\" data-e-type=\"widget\" data-widget_type=\"button.default\">\n\t\t\t\t<div class=\"elementor-widget-container\">\n\t\t\t\t\t\t\t\t\t<div class=\"elementor-button-wrapper\">\n\t\t\t\t\t<a class=\"elementor-button elementor-button-link elementor-size-sm\" href=\"https:\/\/monumentiaperti.org\/it\/come-partecipare\/volontari\/\">\n\t\t\t\t\t\t<span class=\"elementor-button-content-wrapper\">\n\t\t\t\t\t\t\t\t\t<span class=\"elementor-button-text\">Collabora con Monumenti Aperti<\/span>\n\t\t\t\t\t<\/span>\n\t\t\t\t\t<\/a>\n\t\t\t\t<\/div>\n\t\t\t\t\t\t\t\t<\/div>\n\t\t\t\t<\/div>\n\t\t\t\t<\/div>\n\t\t\t\t\t<\/div>\n\t\t\t\t<\/div>\n\t\t<div class=\"elementor-element elementor-element-9ef7b05 e-flex e-con-boxed e-con e-parent\" data-id=\"9ef7b05\" data-element_type=\"container\" data-e-type=\"container\">\n\t\t\t\t\t<div class=\"e-con-inner\">\n\t\t\t\t<div class=\"elementor-element elementor-element-041070a elementor-widget elementor-widget-heading\" data-id=\"041070a\" data-element_type=\"widget\" data-e-type=\"widget\" data-widget_type=\"heading.default\">\n\t\t\t\t<div class=\"elementor-widget-container\">\n\t\t\t\t\t<h2 class=\"elementor-heading-title elementor-size-default\">Fai una donazione<\/h2>\t\t\t\t<\/div>\n\t\t\t\t<\/div>\n\t\t\t\t\t<\/div>\n\t\t\t\t<\/div>\n\t\t<div class=\"elementor-element elementor-element-66a4d42 e-flex e-con-boxed e-con e-parent\" data-id=\"66a4d42\" data-element_type=\"container\" data-e-type=\"container\">\n\t\t\t\t\t<div class=\"e-con-inner\">\n\t\t\t\t<div class=\"elementor-element elementor-element-781e2d5 elementor-widget elementor-widget-eael-adv-tabs\" data-id=\"781e2d5\" data-element_type=\"widget\" data-e-type=\"widget\" data-widget_type=\"eael-adv-tabs.default\">\n\t\t\t\t<div class=\"elementor-widget-container\">\n\t\t\t\t\t        <div data-scroll-on-click=\"no\" data-scroll-speed=\"300\" id=\"eael-advance-tabs-781e2d5\" class=\"eael-advance-tabs eael-tabs-horizontal eael-tab-auto-active \" data-tabid=\"781e2d5\">\n            <div class=\"eael-tabs-nav \">\n                <ul class=\"\" role=\"tablist\">\n                                            <li id=\"5-x-1000\" class=\"inactive eael-tab-item-trigger eael-tab-nav-item\" aria-selected=\"true\" data-tab=\"1\" role=\"tab\" tabindex=\"0\" aria-controls=\"5-x-1000-tab\" aria-expanded=\"false\">\n                            \n                            \n                            \n                                                            <span class=\"eael-tab-title title-after-icon\" >5 x 1000<\/span>                                                    <\/li>\n                    \n                                  <\/ul>\n            <\/div>\n            \n            <div class=\"eael-tabs-content\">\n\t\t        \n                    <div id=\"5-x-1000-tab\" class=\"clearfix eael-tab-content-item inactive\" data-title-link=\"5-x-1000-tab\">\n\t\t\t\t        <p><\/p><p>Imago Mundi \u00e8 soggetto beneficiario del 5X1000 del Ministero della Cultura che prevede il finanziamento delle attivit\u00e0 di tutela, promozione e valorizzazione dei beni culturali e paesaggistici (soggetti di cui all\u2019art. 2, comma 2, del D.P.C.M. 28 luglio 2016), per questo sui moduli della dichiarazione dei redditi (modello integrativo CUD , modello 730 o Modello Unico Redditi Persone Fisiche) ti chiediamo di devolvere il tuo 5 per mille del gettito Irpef all\u2019Organizzazione di Volontariato Imago Mundi come indicato nel modulo <a href=\"https:\/\/www.imagomundiodv.it\/wp-content\/uploads\/2024\/05\/5x1000_MonumentiAperti.pdf\">fac simile<\/a>.<\/p><p> <\/p><p>Con il termine cinque per mille viene definito il meccanismo in virt\u00f9 del quale il cittadino-contribuente pu\u00f2 vincolare il 5 per mille della propria IRPEF al sostegno di enti che svolgono attivit\u00e0 socialmente rilevanti (non profit, ricerca scientifica e sanitaria). Destinare il tuo 5 per mille a Imago Mundi \u00e8 facile: i modelli per la dichiarazione dei redditi CUD, 730 e UNICO contengono uno spazio dedicato in cui puoi firmare ed indicare, nella sezione relativa al finanziamento dei soggetti, il numero di codice fiscale\u00a0<strong>02175490925<\/strong>\u00a0di Imago Mundi.<\/p><p><\/p>                    <\/div>\n\t\t                    <\/div>\n        <\/div>\n\t\t\t\t<\/div>\n\t\t\t\t<\/div>\n\t\t\t\t\t<\/div>\n\t\t\t\t<\/div>\n\t\t\t\t<\/div>\n\t\t","protected":false},"excerpt":{"rendered":"<p>[fusion_builder_container hundred_percent=&#8221;yes&#8221; overflow=&#8221;visible&#8221;][fusion_builder_row][fusion_builder_column type=&#8221;1_1&#8243; background_position=&#8221;left top&#8221; background_color=&#8221;&#8221; border_size=&#8221;&#8221; border_color=&#8221;&#8221; border_style=&#8221;solid&#8221; spacing=&#8221;yes&#8221; background_image=&#8221;&#8221; background_repeat=&#8221;no-repeat&#8221; padding=&#8221;&#8221; margin_top=&#8221;0px&#8221; margin_bottom=&#8221;0px&#8221; id=&#8221;&#8221; animation_type=&#8221;&#8221; animation_speed=&#8221;0.3&#8243; animation_direction=&#8221;left&#8221; hide_on_mobile=&#8221;no&#8221; center_content=&#8221;no&#8221; min_height=&#8221;none&#8221;][fusion_text]Monumenti Aperti\u00a0\u00e8 una manifestazione nata nel 1997 grazie [&hellip;]<\/p>\n","protected":false},"author":2,"featured_media":0,"parent":0,"menu_order":0,"comment_status":"closed","ping_status":"closed","template":"elementor_header_footer","meta":{"footnotes":""},"class_list":["post-866","page","type-page","status-publish","hentry"],"_links":{"self":[{"href":"https:\/\/monumentiaperti.com\/it\/wp-json\/wp\/v2\/pages\/866","targetHints":{"allow":["GET"]}}],"collection":[{"href":"https:\/\/monumentiaperti.com\/it\/wp-json\/wp\/v2\/pages"}],"about":[{"href":"https:\/\/monumentiaperti.com\/it\/wp-json\/wp\/v2\/types\/page"}],"author":[{"embeddable":true,"href":"https:\/\/monumentiaperti.com\/it\/wp-json\/wp\/v2\/users\/2"}],"replies":[{"embeddable":true,"href":"https:\/\/monumentiaperti.com\/it\/wp-json\/wp\/v2\/comments?post=866"}],"version-history":[{"count":15,"href":"https:\/\/monumentiaperti.com\/it\/wp-json\/wp\/v2\/pages\/866\/revisions"}],"predecessor-version":[{"id":110723,"href":"https:\/\/monumentiaperti.com\/it\/wp-json\/wp\/v2\/pages\/866\/revisions\/110723"}],"wp:attachment":[{"href":"https:\/\/monumentiaperti.com\/it\/wp-json\/wp\/v2\/media?parent=866"}],"curies":[{"name":"wp","href":"https:\/\/api.w.org\/{rel}","templated":true}]}}

<div data-elementor-type="wp-page" data-elementor-id="866" class="elementor elementor-866" data-elementor-post-type="page">
				<div class="elementor-element elementor-element-557e607c elementor-hidden-desktop elementor-hidden-tablet elementor-hidden-mobile e-flex e-con-boxed e-con e-parent" data-id="557e607c" data-element_type="container" data-e-type="container">
					<div class="e-con-inner">
				<div class="elementor-element elementor-element-1c9c4d69 elementor-widget elementor-widget-shortcode" data-id="1c9c4d69" data-element_type="widget" data-e-type="widget" data-widget_type="shortcode.default">
				<div class="elementor-widget-container">
							<div class="elementor-shortcode">[fusion_builder_container hundred_percent="yes" overflow="visible"][fusion_builder_row][fusion_builder_column type="1_1" background_position="left top" background_color="" border_size="" border_color="" border_style="solid" spacing="yes" background_image="" background_repeat="no-repeat" padding="" margin_top="0px" margin_bottom="0px" class="" id="" animation_type="" animation_speed="0.3" animation_direction="left" hide_on_mobile="no" center_content="no" min_height="none"][fusion_text]<em><strong>Monumenti Aperti</strong></em> è una manifestazione nata nel 1997 grazie all'intuizione geniale di un gruppo di amici che qualche anno prima diedero vita all'associazione Ipogeo. Dal 1999 Monumenti Aperti è organizzata dall’Associazione Culturale Onlus Imago Mundi, che coordina la rete nazionale dell'evento e che beneficia di un contributo economico erogato dalle pubbliche amministrazioni. Tra gli stanziamenti periodici spiccano per entità quelli degli Assessorati del Turismo e della Cultura della Regione Sardegna e degli Assessorati della Cultura e del Turismo del Comune di Cagliari.

Fondamentale è soprattutto la collaborazione dei numerosissimi volontari senza i quali la manifestazione non esisterebbe, non avrebbe raggiunto le dimensioni attuali e non sarebbe caratterizzata da quell'entusiasmo che accompagna ormai da 20 anni quest'evento costante, inizialmente realizzato solo nella città di Cagliari, poi divenuto un appuntamento annuale fisso, atteso e realizzato in molte realtà della regione e, da qualche anno, la manifestazione ha attraversato il mare per essere realizzata anche in alcune realtà a livello nazionale... e la rete è destinata a crescere.

Ideata per costituire uno stimolo alla tutela e alla valorizzazione dei Beni culturali e ambientali e come occasione di comune impegno tra associazioni, scuole, enti pubblici e privati, istituzioni, e liberi volontari, <em><strong>Monumenti Aperti</strong></em> si è rivelata una grande occasione di crescita civile e culturale personale.

Per lo sviluppo e la crescita di questa manifestazione <span style="text-decoration: underline;"><strong>ABBIAMO BISOGNO ANCHE DI TE!</strong></span>

[/fusion_text][/fusion_builder_column][fusion_builder_column type="1_2" last="no" spacing="yes" center_content="no" hide_on_mobile="no" background_color="" background_image="" background_repeat="no-repeat" background_position="left top" hover_type="none" link="" border_position="all" border_size="0px" border_color="" border_style="" padding="" margin_top="" margin_bottom="" animation_type="" animation_direction="" animation_speed="0.1" animation_offset="" class="" id=""][fusion_button link="http://monumentiaperti.org/it/volontari/" color="default" size="" stretch="" type="" shape="" target="_self" title="" gradient_colors="#1e73be|#1e73be" gradient_hover_colors="|" accent_color="" accent_hover_color="" bevel_color="" border_width="" icon="fa-renren" icon_position="left" icon_divider="yes" modal="" animation_type="0" animation_direction="left" animation_speed="1" animation_offset="" alignment="" class="" id=""]COLLABORA[/fusion_button][/fusion_builder_column][fusion_builder_column type="1_2" last="yes" spacing="yes" center_content="no" hide_on_mobile="no" background_color="" background_image="" background_repeat="no-repeat" background_position="left top" hover_type="none" link="" border_position="all" border_size="0px" border_color="" border_style="" padding="" margin_top="" margin_bottom="" animation_type="" animation_direction="" animation_speed="0.1" animation_offset="" class="" id=""][fusion_button link="http://monumentiaperti.org/it/donazione/" color="default" size="" stretch="" type="" shape="" target="_self" title="" gradient_colors="#1e73be|#1e73be" gradient_hover_colors="|" accent_color="" accent_hover_color="" bevel_color="" border_width="" icon="fa-credit-card" icon_position="left" icon_divider="yes" modal="" animation_type="0" animation_direction="left" animation_speed="1" animation_offset="" alignment="" class="" id=""]DONA[/fusion_button][/fusion_builder_column][/fusion_builder_row][/fusion_builder_container]</div>
						</div>
				</div>
					</div>
				</div>
		<div class="elementor-element elementor-element-b570d4c e-flex e-con-boxed e-con e-parent" data-id="b570d4c" data-element_type="container" data-e-type="container">
					<div class="e-con-inner">
		<div class="elementor-element elementor-element-b1a0932 e-con-full e-flex e-con e-child" data-id="b1a0932" data-element_type="container" data-e-type="container">
				<div class="elementor-element elementor-element-8368633 elementor-widget elementor-widget-video" data-id="8368633" data-element_type="widget" data-e-type="widget" data-settings="{&quot;video_type&quot;:&quot;hosted&quot;,&quot;controls&quot;:&quot;yes&quot;}" data-widget_type="video.default">
				<div class="elementor-widget-container">
							<div class="e-hosted-video elementor-wrapper elementor-open-inline">
					<video class="elementor-video" src="https://monumentiaperti.org/it/wp-content/uploads/2023/11/Fabrizio-Frongia_Risultati-Ottenuti.mp4" controls="" preload="metadata" controlsList="nodownload"></video>
				</div>
						</div>
				</div>
				</div>
		<div class="elementor-element elementor-element-ca5be19 e-con-full e-flex e-con e-child" data-id="ca5be19" data-element_type="container" data-e-type="container">
				<div class="elementor-element elementor-element-2f9b5c4 elementor-widget__width-inherit elementor-widget elementor-widget-text-editor" data-id="2f9b5c4" data-element_type="widget" data-e-type="widget" data-widget_type="text-editor.default">
				<div class="elementor-widget-container">
									<p>Fondamentale è soprattutto la collaborazione dei numerosissimi volontari senza i quali la manifestazione non esisterebbe, non avrebbe raggiunto le dimensioni attuali e non sarebbe caratterizzata da quell’entusiasmo che accompagna ormai da quasi 30 anni quest’evento costante, inizialmente realizzato solo nella città di Cagliari, poi divenuto un appuntamento annuale fisso, atteso e realizzato in molte realtà della regione e, da qualche anno, la manifestazione ha attraversato il mare per essere realizzata anche in alcune realtà a livello nazionale… e la rete è destinata a crescere.<br /><br />Ideata per costituire uno stimolo alla tutela e alla valorizzazione dei Beni culturali e ambientali e come occasione di comune impegno tra associazioni, scuole, enti pubblici e privati, istituzioni, e liberi volontari, <em><strong>Monumenti Aperti</strong></em> si è rivelata una grande occasione di crescita civile e culturale personale.</p>								</div>
				</div>
				<div class="elementor-element elementor-element-0a7a602 elementor-widget elementor-widget-button" data-id="0a7a602" data-element_type="widget" data-e-type="widget" data-widget_type="button.default">
				<div class="elementor-widget-container">
									<div class="elementor-button-wrapper">
					<a class="elementor-button elementor-button-link elementor-size-sm" href="https://monumentiaperti.org/it/come-partecipare/volontari/">
						<span class="elementor-button-content-wrapper">
									<span class="elementor-button-text">Collabora con Monumenti Aperti</span>
					</span>
					</a>
				</div>
								</div>
				</div>
				</div>
					</div>
				</div>
		<div class="elementor-element elementor-element-9ef7b05 e-flex e-con-boxed e-con e-parent" data-id="9ef7b05" data-element_type="container" data-e-type="container">
					<div class="e-con-inner">
				<div class="elementor-element elementor-element-041070a elementor-widget elementor-widget-heading" data-id="041070a" data-element_type="widget" data-e-type="widget" data-widget_type="heading.default">
				<div class="elementor-widget-container">
					<h2 class="elementor-heading-title elementor-size-default">Fai una donazione</h2>				</div>
				</div>
					</div>
				</div>
		<div class="elementor-element elementor-element-66a4d42 e-flex e-con-boxed e-con e-parent" data-id="66a4d42" data-element_type="container" data-e-type="container">
					<div class="e-con-inner">
				<div class="elementor-element elementor-element-781e2d5 elementor-widget elementor-widget-eael-adv-tabs" data-id="781e2d5" data-element_type="widget" data-e-type="widget" data-widget_type="eael-adv-tabs.default">
				<div class="elementor-widget-container">
					        <div data-scroll-on-click="no" data-scroll-speed="300" id="eael-advance-tabs-781e2d5" class="eael-advance-tabs eael-tabs-horizontal eael-tab-auto-active " data-tabid="781e2d5">
            <div class="eael-tabs-nav ">
                <ul class="" role="tablist">
                                            <li id="5-x-1000" class="inactive eael-tab-item-trigger eael-tab-nav-item" aria-selected="true" data-tab="1" role="tab" tabindex="0" aria-controls="5-x-1000-tab" aria-expanded="false">
                            
                            
                            
                                                            <span class="eael-tab-title title-after-icon" >5 x 1000</span>                                                    </li>
                    
                                  </ul>
            </div>
            
            <div class="eael-tabs-content">
		        
                    <div id="5-x-1000-tab" class="clearfix eael-tab-content-item inactive" data-title-link="5-x-1000-tab">
				        <p></p><p>Imago Mundi è soggetto beneficiario del 5X1000 del Ministero della Cultura che prevede il finanziamento delle attività di tutela, promozione e valorizzazione dei beni culturali e paesaggistici (soggetti di cui all’art. 2, comma 2, del D.P.C.M. 28 luglio 2016), per questo sui moduli della dichiarazione dei redditi (modello integrativo CUD , modello 730 o Modello Unico Redditi Persone Fisiche) ti chiediamo di devolvere il tuo 5 per mille del gettito Irpef all’Organizzazione di Volontariato Imago Mundi come indicato nel modulo <a href="https://www.imagomundiodv.it/wp-content/uploads/2024/05/5x1000_MonumentiAperti.pdf">fac simile</a>.</p><p> </p><p>Con il termine cinque per mille viene definito il meccanismo in virtù del quale il cittadino-contribuente può vincolare il 5 per mille della propria IRPEF al sostegno di enti che svolgono attività socialmente rilevanti (non profit, ricerca scientifica e sanitaria). Destinare il tuo 5 per mille a Imago Mundi è facile: i modelli per la dichiarazione dei redditi CUD, 730 e UNICO contengono uno spazio dedicato in cui puoi firmare ed indicare, nella sezione relativa al finanziamento dei soggetti, il numero di codice fiscale <strong>02175490925</strong> di Imago Mundi.</p><p></p>                    </div>
		                    </div>
        </div>
				</div>
				</div>
					</div>
				</div>
				</div>

<p>[fusion_builder_container hundred_percent=&#8221;yes&#8221; overflow=&#8221;visible&#8221;][fusion_builder_row][fusion_builder_column type=&#8221;1_1&#8243; background_position=&#8221;left top&#8221; background_color=&#8221;&#8221; border_size=&#8221;&#8221; border_color=&#8221;&#8221; border_style=&#8221;solid&#8221; spacing=&#8221;yes&#8221; background_image=&#8221;&#8221; background_repeat=&#8221;no-repeat&#8221; padding=&#8221;&#8221; margin_top=&#8221;0px&#8221; margin_bottom=&#8221;0px&#8221; id=&#8221;&#8221; animation_type=&#8221;&#8221; animation_speed=&#8221;0.3&#8243; animation_direction=&#8221;left&#8221; hide_on_mobile=&#8221;no&#8221; center_content=&#8221;no&#8221; min_height=&#8221;none&#8221;][fusion_text]Monumenti Aperti è una manifestazione nata nel 1997 grazie [&hellip;]</p>
